-- http://www.phpmyadmin.net
--




--
-- Database: `origamit_mcet`
--

-- --------------------------------------------------------

--
-- Table structure for table `adds`
--

CREATE TABLE IF NOT EXISTS `adds` (
  `id` int(10) unsigned NOT NULL AUTO_INCREMENT,
  `group` varchar(80) CHARACTER SET latin1 COLLATE latin1_bin NOT NULL DEFAULT '',
  `date` datetime NOT NULL DEFAULT '0000-00-00 00:00:00',
  `adds` varchar(4160) CHARACTER SET latin1 COLLATE latin1_bin NOT NULL DEFAULT '',
  `present` tinyint(1) unsigned NOT NULL DEFAULT '0',
  PRIMARY KEY (`id`)
) ENGINE=InnoDB DEFAULT CHARSET=latin1 AUTO_INCREMENT=1 ;

-- --------------------------------------------------------

--
-- Table structure for table `bus`
--

CREATE TABLE IF NOT EXISTS `bus` (
  `BusNumber` mediumint(9) NOT NULL DEFAULT '0',
  `ContactNumber` varchar(12) NOT NULL DEFAULT '',
  `RegistrationNumber` varchar(12) NOT NULL DEFAULT '',
  `RouteNumber` varchar(3) NOT NULL DEFAULT '0',
  `RouteName` varchar(100) NOT NULL DEFAULT '',
  PRIMARY KEY (`BusNumber`)
) ENGINE=InnoDB DEFAULT CHARSET=latin1;

--
-- Dumping data for table `bus`
--

INSERT INTO `bus` (`BusNumber`, `ContactNumber`, `RegistrationNumber`, `RouteNumber`, `RouteName`) VALUES
(1, 'undefined', 'undefined', 'und', 'A'),
(2, 'undefined', 'undefined', 'und', 'B'),
(3, 'undefined', 'undefined', 'und', 'C'),
(4, 'undefined', 'undefined', 'und', 'D'),
(5, 'undefined', 'undefined', 'und', 'E'),
(6, 'undefined', 'undefined', 'und', 'F'),
(7, 'undefined', 'undefined', 'und', 'G'),
(8, 'undefined', 'undefined', 'und', 'H'),
(9, 'undefined', 'undefined', 'und', 'I'),
(10, 'undefined', 'undefined', 'und', 'J'),
(11, 'undefined', 'undefined', 'und', 'K'),
(12, 'undefined', 'undefined', 'und', 'L'),
(13, 'undefined', 'undefined', 'und', 'M'),
(14, 'undefined', 'undefined', 'und', 'N'),
(15, 'undefined', 'undefined', 'und', 'O'),
(16, 'undefined', 'undefined', '16', 'undefined'),
(17, 'undefined', 'undefined', '17', 'undefined'),
(18, 'undefined', 'undefined', '18', 'undefined'),
(19, 'undefined', 'undefined', '19', 'undefined'),
(20, 'undefined', 'undefined', 'und', 'undefined'),
(99, 'undefined', 'undefined', 'und', 'nul');

-- --------------------------------------------------------

--
-- Table structure for table `busandstop`
--

CREATE TABLE IF NOT EXISTS `busandstop` (
  `BusNumber` varchar(3) NOT NULL DEFAULT '0',
  `StopNumber` varchar(3) NOT NULL DEFAULT '',
  PRIMARY KEY (`BusNumber`)
) ENGINE=InnoDB DEFAULT CHARSET=latin1 COMMENT='InnoDB free: 7168 kB';

-- --------------------------------------------------------

--
-- Table structure for table `news`
--

CREATE TABLE IF NOT EXISTS `news` (
  `longMessage` varchar(500) NOT NULL DEFAULT ' ',
  `Message1` varchar(100) NOT NULL DEFAULT ' ',
  `Message2` varchar(100) NOT NULL DEFAULT ' ',
  `flag` tinyint(1) NOT NULL
) ENGINE=MyISAM DEFAULT CHARSET=latin1;

--
-- Dumping data for table `news`
--

INSERT INTO `news` (`longMessage`, `Message1`, `Message2`, `flag`) VALUES
('17 on 5.P.M.', '', '', 1);

-- --------------------------------------------------------

--
-- Table structure for table `route`
--

CREATE TABLE IF NOT EXISTS `route` (
  `RouteNumber` varchar(3) NOT NULL DEFAULT '0',
  `RouteName` varchar(500) NOT NULL DEFAULT '',
  PRIMARY KEY (`RouteName`)
) ENGINE=InnoDB DEFAULT CHARSET=latin1;

-- --------------------------------------------------------

--
-- Table structure for table `staff`
--

CREATE TABLE IF NOT EXISTS `staff` (
  `StaffId` int(10) unsigned NOT NULL AUTO_INCREMENT,
  `EmployeeId` varchar(10) NOT NULL DEFAULT '',
  `Name` varchar(45) NOT NULL DEFAULT '',
  `Designation` varchar(45) NOT NULL DEFAULT '',
  `Department` varchar(45) NOT NULL DEFAULT '',
  `StopNumber` varchar(3) NOT NULL DEFAULT '0',
  `TeleNo` varchar(12) DEFAULT NULL,
  `Gender` varchar(6) CHARACTER SET latin1 COLLATE latin1_bin NOT NULL DEFAULT '',
  `BusNumber` varchar(3) NOT NULL DEFAULT '0',
  `StopName` varchar(100) NOT NULL DEFAULT '',
  `Status` tinyint(1) NOT NULL DEFAULT '0',
  PRIMARY KEY (`StaffId`)
) ENGINE=InnoDB  DEFAULT CHARSET=latin1 AUTO_INCREMENT=215 ;

--
-- Dumping data for table `staff`
--

INSERT INTO `staff` (`StaffId`, `EmployeeId`, `Name`, `Designation`, `Department`, `StopNumber`, `TeleNo`, `Gender`, `BusNumber`, `StopName`, `Status`) VALUES
(2, '2', 'Balachandran G', '', 'EC', '0', '9497849205', 'Male', '8', 'MOONNUMUKKU(MOOLAKKONAM)', 1),
(6, '8', 'Jitha Thankachi B J', '', 'MCA', '0', '9495726912', 'Female', '4', 'NCC ROAD JUNCTION', 1),
(7, '9', 'Kunjunni Nair P', '', 'ME', '0', '9895253870', 'Male', '12', 'POOJAPPURA', 1),
(8, '13', 'Rajendran T', '', 'ME', '0', '9446846157', 'Male', '12', 'NETTAYAM', 1),
(9, '14', 'Rengitha G Nair', '', 'EC', '0', '9895374901', 'Female', '12', 'PTP NAGAR', 1),
(10, '15', 'Reji P I', '', 'IT', '0', '9995361043', 'Female', '9', 'PALLICHAL', 1),
(13, '19', 'Sheela H', '', 'EEE', '0', '8281648684', 'Female', '11', 'ELIPPODE', 1),
(15, '21', 'Sreeja K', '', 'MCA', '0', 'undefined', 'Female', '3', 'VELLAYAMBALAM (Museum Via)', 1),
(16, '22', 'Sumarani G O', '', 'BT', '0', '9446613457', 'Female', '19', 'CHEKKALAMUKKU', 1),
(17, '23', 'Surendran K', '', 'Other', '0', '9744114457', 'Male', '18', 'PETTAH', 1),
(18, '25', 'Rajesh Prabha N', '', 'ME', '0', '9400183689', 'Male', '18', 'CHAKAI', 1),
(19, '26', 'Surendran Nair N', '', 'Other', '0', 'undefined', 'Male', '19', 'CHAVADIMUKKU', 1),
(20, '27', 'Shalini L', '', 'CS', '0', '9747544522', 'Female', '11', 'ROTARY', 1),
(21, '28', 'Arun P V', '', 'ME', '0', '9633062613', 'Male', '7', 'MANNAMOOLA', 1),
(23, '34', 'Ramamoorthy  S', '', 'Other', '0', 'undefined', 'Male', '3', 'PIPINMOODU', 1),
(24, '35', 'Vinitha K K', '', 'Other', '0', '9895602161', 'Female', '19', 'CHEKKALAMUKKU', 1),
(25, '38', 'V Radhakrishnan', '', 'Other', '0', 'undefined', 'Male', '6', 'PRASANTH NAGAR', 1),
(26, '39', 'Manju S Jacob', '', 'Other', '0', '9446967328', 'Female', '10', 'MARAPPALAM', 1),
(28, '46', 'Shiji  Jameson', '', 'BT', '0', '9446111892', 'Female', '11', 'CHITRA NAGAR', 1),
(29, '49', 'soumya Kumari L K', '', 'CS', '0', '8089725723', 'Female', '12', 'NETTAYAM', 1),
(30, '52', 'Arathy Gandhi', '', 'IT', '0', '9645373539', 'Female', '15', 'PATTOOR', 1),
(33, '57', 'Gayathri Nair P', '', 'IT', '0', '9995236513', 'Female', '19', 'KANYAKULANGARA', 1),
(35, '63', 'Prameeda Mohan', '', 'EEE', '0', '9446239266', 'Female', '7', 'VAZHUTHACAUD', 1),
(36, '65', 'Priya Lenin', '', 'EEE', '0', '9567058626', 'Female', '17', 'KUMARAPURAM', 1),
(37, '68', 'Prabhsimran Singh', '', 'EEE', '0', '9995135608', 'Male', '11', 'VALIYAVILA', 1),
(42, '80', 'Sandhya S', '', 'EC', '0', '9895320261', 'Female', '4', 'KARIYAM', 1),
(45, '87', 'Sivakumar', '', 'ME', '0', 'undefined', 'Male', '5', 'MANACAUD', 1),
(47, '91', 'Joseph Baby', '', 'Other', '0', 'undefined', 'Male', '6', 'VAYALIKADA', 1),
(48, '92', 'Sreelekha L', '', 'Other', '0', '9847576197', 'Female', '13', 'PAZHAKUTTI', 1),
(51, '95', 'Lekshmi Sivan', '', 'CS', '0', '9446810592', 'Female', '5', 'KAMALESWARAM', 1),
(52, '96', 'Sajitha P S', '', 'ME', '0', '9496819132', 'Female', '6', 'ULLOOR', 1),
(54, '105', 'Amritha Mary A S', '', 'EC', '0', '9496371050', 'Female', '19', 'CHENGOTTUKONAM', 1),
(55, '111', 'Shalini A Nair', '', 'BT', '0', '9447704714', 'Female', '11', 'ROTARY', 1),
(56, '113', 'Gopalakrishnan Nair', '', 'ME', '0', '9446102624', 'Male', '9', 'VENGANOOR', 1),
(57, '118', 'Saranya Natarajan', '', 'EEE', '0', '8547988714', 'Female', '9', 'PAPPANAMKODE', 1),
(60, '285', 'Albin Raj T W', '', 'EC', '0', '9496258538', 'Male', '4', 'MANNANTHALA', 1),
(61, '153', 'Rashmi S Nair', '', 'CS', '0', 'undefined', 'Female', '5', 'MANACAUD', 1),
(62, '160', 'Annie R Das', '', 'CS', '0', '9645082061', 'Female', '10', 'PMG', 1),
(64, '164', 'Anu Gopinath', '', 'CS', '0', '8086306485', 'Female', '9', 'KARAKKAMANDAPAM', 1),
(65, '165', 'Lekshmi S V', '', 'CS', '0', '9605833859', 'Female', '12', 'NETTAYAM', 1),
(68, '171', 'Lekshmi B N', '', 'Other', '0', '9447140810', 'Female', '13', 'PAZHAKUTTI', 1),
(69, '174', 'Sharmila Devi', '', 'Other', '0', '9447929230', 'Female', '14', 'VATTIYOORKAVU', 1),
(70, '181', 'Beena C S', '', 'Other', '0', '9446082590', 'Female', '19', 'CHATHENPADU', 1),
(72, '186', 'N Vijayakumar', '', 'ME', '0', 'undefined', 'Male', '6', 'PARUTHIPARA', 1),
(73, '188', 'Nishada S G', '', 'CS', '0', '9895458835', 'Female', '10', 'TOLL JN', 1),
(74, '189', 'Thamizharasi', '', 'CS', '0', 'undefined', 'Female', '9', 'KARAKKAMANDAPAM', 1),
(75, '191', 'Manju M Menon', '', 'IT', '0', '9495974920', 'Female', '12', 'NETTAYAM', 1),
(77, '195', 'Nisha S', '', 'Other', '0', '9895260547', 'Female', '19', 'VSSC JUNCTION', 1),
(78, '196', 'Jeeja G S', '', 'MCA', '0', '9947363368', 'Female', '2', 'KUTTICHAL', 1),
(80, '198', 'Jayanthi T', '', 'MCA', '0', '9446429565', 'Female', '15', 'VANCHIYOOR COURT', 1),
(82, '200', 'Parvathy J', '', 'CS', '0', '9048742254', 'Female', '2', 'NEDUMANGAUD BUSSTAND', 1),
(84, '203', 'George Peter', '', 'CS', '0', 'undefined', 'Male', '8', 'KELTRON JUNCTION', 1),
(85, '204', 'Rajasree S P', '', 'EEE', '0', '9387886995', 'Female', '2', 'NEDUMANGAUD BUSSTAND', 1),
(86, '205', 'Anjana Kumari V', '', 'EEE', '0', '9446485424', 'Female', '2', 'NEDUMANGAUD BUSSTAND', 1),
(87, '206', 'Rasheed M', '', 'EC', '0', '9496395873', 'Male', '12', 'KARAMANA', 1),
(88, '207', 'Jayakumar G', '', 'EC', '0', '9447533192', 'Male', '7', 'MARUTHAMKUZHY', 1),
(89, '208', 'Roopa Sunil', '', 'EC', '0', '9895491198', 'Female', '15', 'AMBALAMUKKU', 1),
(92, '214', 'Tintu V R', '', 'EEE', '0', '9048730105', 'Female', '18', 'PETTAH', 1),
(93, '215', 'Lakshmi M Nair', '', 'EEE', '0', '9747001322', 'Female', '6', 'CHERUVAKKAL', 1),
(95, '220', 'Caroline Mary', '', 'CS', '0', 'undefined', 'Female', '12', 'KARAMANA', 1),
(97, '223', 'Mahesh M', '', 'EEE', '0', '9544483250', 'Male', '9', 'JAGATHY', 1),
(98, '224', 'Neethu Krishnan', '', 'Other', '0', '9496223476', 'Female', '9', 'PAPPANAMKODE', 1),
(99, '226', 'Resmi S R', '', 'EC', '0', '9947391450', 'Female', '18', 'ENCHAKKAL', 1),
(102, '235', 'Preethi P', '', 'EEE', '0', '9895713199', 'Female', '17', 'PERIYAMCODE', 1),
(103, '236', 'Akhil I R', '', 'EEE', '0', '9446154235', 'Male', '18', 'THIRUVALLAM PALAM', 1),
(104, '250', 'Rajani T', '', 'Other', '0', '9847301439', 'Female', '4', 'NCC ROAD JUNCTION', 1),
(109, '255', 'Lekshmi Nair K B', '', 'EEE', '0', '9400183535', 'Female', '11', 'NEDUMANGAUD LIC', 1),
(110, '256', 'Anju S Mohan', '', 'EC', '0', 'undefined', 'Female', '2', 'BALARAMAPURAM', 1),
(113, '259', 'Krishna Kumar', '', 'Other', '0', 'undefined', 'Male', '14', 'VATTIYOORKAVU', 1),
(114, '260', 'Sheeba Rani V S', '', 'Other', '0', '8547079798', 'Female', '12', 'NETTAYAM', 1),
(116, '262', 'Lekshmi V', '', 'EC', '0', '9539869988', 'Female', '1', 'MOONNUMUKKU (Attingal)', 1),
(117, '263', 'Roopa P', '', 'BT', '0', '9447496986', 'Female', '11', 'ARAPPURA', 1),
(123, '269', 'Kavitha P Nair', '', 'Other', '0', '9447857888', 'Female', '9', 'JAGATHY', 1),
(124, '294', 'Sreelekshmi C S', '', 'Other', '0', '9388064535', 'Female', '15', 'KAITHAMUKKU', 1),
(125, '271', 'Nisha L K Nair', '', 'Other', '0', '9605786710', 'Female', '8', 'PONGUMOODU (NTA)', 1),
(126, '272', 'Daniel K C', '', 'ME', '0', '9495521231', 'Male', '8', 'KELTRON JUNCTION', 1),
(127, '273', 'Raveendran R', '', 'EEE', '0', '9495730634', 'Male', '18', 'CHAKAI', 1),
(129, '275', 'Heera  A S', '', 'BT', '0', '9526488142', 'Female', '4', 'EAST MUKKOLA', 1),
(130, '276', 'Cletus K S', '', 'ME', '0', 'undefined', 'Male', '15', 'GENERAL HOSPITAL', 1),
(131, '277', 'Asha Rani G S', '', 'EEE', '0', '9496815948', 'Female', '17', 'KOVILNADA', 1),
(132, '278', 'Neethu U', '', 'EEE', '0', 'undefined', 'Female', '19', 'CHAVADIMUKKU', 1),
(133, '279', 'Mobi M Das', '', 'Other', '0', '9497454788', 'Female', '11', 'THIRUMALA', 1),
(134, '280', 'Poornima Indusekhar', '', 'EC', '0', '9048878508', 'Female', '10', 'KOWDIAR', 1),
(135, '281', 'Manju G Suresh', '', 'EC', '0', 'undefined', 'Female', '2', 'NEYYATTINKARA', 1),
(140, '291', 'Akhila C Nair', '', 'Other', '0', '9496161565', 'Female', '4', 'THONNAKKAL', 1),
(141, '292', 'Deepak Sen', '', 'EEE', '0', '8893443922', 'Male', '2', 'NEYYATTINKARA', 1),
(142, '295', 'Lekshmi S', '', 'Other', '0', '8281594982', 'Female', '1', 'MOONNUMUKKU (Attingal)', 1),
(146, '297', 'Vineetha M', '', 'ME', '0', '9349981960', 'Female', '3', 'PEROORKADA', 1),
(149, '298', 'Aswathy Madhu', '', 'EC', '0', '9495337260', 'Female', '5', 'THYCAUD', 1),
(150, '299', 'Divya H', '', 'EC', '0', '8089695250', 'Female', '6', 'PONGUMOODU', 1),
(151, '300', 'Prathibha S Nair', '', 'CS', '0', '8547074309', 'Female', '7', 'MANNAMOOLA', 1),
(152, '301', 'Sukanya R V', '', 'Other', '0', '8129716234', 'Female', '11', 'ARAPPURA', 1),
(155, '303', 'Deepak C Mohan', '', 'ME', '0', '9895952987', 'Male', '1', 'MOONNUMUKKU (Attingal)', 1),
(156, '303', 'Mini A S', '', 'CS', '0', '', 'Female', '1', 'AVANAVANCHERI', 1),
(157, '97', 'Ramya J S', '', 'IT', '0', '9497268303', 'Female', '11', 'THIRUMALA', 1),
(158, '304', 'Narasimhan T', '', 'IT', '0', '9497272411', 'Male', '10', 'ATTAKULANGARA', 1),
(159, '305', 'Hridya', '', 'CS', '0', '9400402524', 'Female', '9', 'PALLICHAL', 1),
(160, '306', 'Harsha H Nair', '', 'CS', '0', '9567397444', 'Female', '5', 'MANACAUD', 1),
(161, '307', 'Vidya C A', '', 'CS', '0', '8086004776', 'Female', '12', 'KARAMANA', 1),
(162, '308', 'Hazeena Yoosaf', '', 'CS', '0', '9633243391', 'Female', '15', 'AMBALAMUKKU', 1),
(164, '310', 'Jayapradha T U', '', 'EC', '0', '9747332899', 'Female', '13', 'VEMBAYAM', 1),
(165, '311', 'Sujith S', '', 'Other', '0', '9747062658', 'Male', '19', 'ENGINEERING COLLEGE', 1),
(166, '312', 'P Ravindran', '', 'Other', '0', '9446604568', 'Male', '7', 'MARUTHAMKUZHY', 1),
(167, '313', 'Bhasi A', '', 'Other', '0', '9288163993', 'Male', '4', 'PANGAPPARA HEALTH CENTRE', 1),
(168, '314', 'George E', '', 'Other', '0', '9048459018', 'Male', '7', 'kANJIRAMPARA FLAT', 1),
(169, '315', 'Nisha P V', '', 'EC', '0', '9495074430', 'Female', '11', 'THIRUMALA', 1),
(171, '316', 'Deepa D', '', 'EC', '0', '9645185385', 'Female', '18', 'PETTAH', 1),
(172, '317', 'Anu K V', '', 'Other', '0', '9846528214', 'Female', '4', 'MANNANTHALA', 1),
(173, '318', 'Lakshmi S', '', 'EEE', '0', '8714338419', 'Female', '19', 'CHEMPAZHANTHI', 1),
(174, '319', 'Punnia Prasad', '', 'BT', '0', '', 'Female', '15', 'KAITHAMUKKU', 1),
(176, '321', 'K Sahadevan Nair', '', 'Other', '0', 'undefined', 'Male', '14', 'VATTIYOORKAVU', 1),
(178, '323', 'Ganga S', '', 'CS', '0', '8547125936', 'Female', '17', 'KANNAMMOOLA', 1),
(179, '325', 'Dhanya R', '', 'CS', '0', '9745090628', 'Female', '1', 'MOONNUMUKKU (Attingal)', 1),
(180, '145', 'Aparna Madhu', '', 'Other', '0', '9446434679', 'Female', '11', 'KACHANI', 1),
(181, '146', 'Saritha S R', '', 'Other', '0', '9446144555', 'Female', '10', 'PLAMOODU', 1),
(182, '328', 'Dr. A P Vijayaparkavi', '', 'Other', '0', '9645055536', 'Female', '15', 'S P FORT HOSPITAL', 1),
(183, '327', 'Sumesh M G', '', 'ME', '0', '8714348992', 'Male', '17', 'KANNAMMOOLA', 1),
(185, '330', 'Gopika Mohan', '', 'Other', '0', '8281254530', 'Female', '19', 'CHAVADIMUKKU', 1),
(186, '241', 'veena M', '', 'Other', '0', '9995850363', 'Female', '4', 'NCC ROAD JUNCTION', 1),
(187, '331', 'Nissa Surling S N', '', 'EC', '0', '9656539539', 'Female', '11', 'ARAPPURA', 1),
(190, '334', 'V. Venugopal Nair', '', 'Other', '0', '9446310665', 'Male', '19', 'CHENGOTTUKONAM', 1),
(191, '335', 'Aswathy P', '', 'EC', '0', '9746710180', 'Female', '11', 'THIRUMALA', 1),
(192, '336', 'Greeshma Mohan S', '', 'Other', '0', '9446394341', 'Female', '4', 'VETTUROAD', 1),
(193, '337', 'Priyadarshini K', '', 'Other', '0', '9497848925', 'Female', '3', 'GOUREESAPATTOM', 1),
(195, '282', 'Shally K', '', 'EC', '0', '', 'Female', '11', 'ROTARY', 1),
(196, '339', 'Sangeetha Gopan S', '', 'EC', '0', '8281788566', 'Female', '18', 'MUTTATHARA', 1),
(197, '340', 'Parvathi K P', '', 'EC', '0', '9895067220', 'Female', '10', 'VAZHAYILA PALAM', 1),
(198, '341', 'Achu Govind K R', '', 'EC', '0', '9446324930', 'Male', '11', 'THIRUMALA', 1),
(200, '343', 'Aswathy R S', '', 'CS', '0', '9995762351', 'Female', '10', 'PMG', 1),
(201, '344', 'Asha T S', '', 'EC', '0', '9447578540', 'Female', '3', 'POTTAKUZHY', 1),
(202, '345', 'Apsara A', '', 'CS', '0', '9745632247', 'Female', '13', 'KILIMANOOR JN', 1),
(203, '346', 'Sreegowri G R', '', 'Other', '0', '9400565128', 'Female', '15', 'KAITHAMUKKU', 1),
(204, '347', 'Fathima Hesna M S', '', 'Other', '0', '9995231251', 'Female', '17', 'NALANCHIRA', 1),
(206, '350', 'Anuradha K', '', 'Other', '0', '9495152344', 'Female', '6', 'PONGUMOODU', 1),
(207, '351', 'Chinju R Nair', '', 'MCA', '0', '9995968333', 'Female', '18', 'ENCHAKKAL', 1),
(208, '352', 'Lakshmi P', '', 'EC', '0', '9496310524', 'Female', '17', 'ALL SAINTS', 1),
(210, '354', 'Jyothirmayi', '', 'EEE', '0', '9995346981', 'Female', '19', 'KATTAYIKKONAM', 1),
(211, '355', 'Harikumar P', '', 'Other', '0', '9497015034', 'Male', '12', 'KARAMANA', 1),
(212, '356', 'Vijayan S', '', 'EEE', '0', '', 'Male', '1', 'Alamcode', 1),
(213, '357', 'Ajay Raag L', '', 'ME', '0', '9895141723', 'Male', '2', 'NEYYATTINKARA', 1),
(214, '358', 'Muraleedharan Nair', '', 'ME', '0', '8281241493', 'Male', '8', 'MALAYINKEEZHU', 1);

-- --------------------------------------------------------

--
-- Table structure for table `stop`
--

CREATE TABLE IF NOT EXISTS `stop` (
  `StopNumber` varchar(3) NOT NULL DEFAULT '0',
  `StopName` varchar(100) NOT NULL DEFAULT '',
  `BusNumber` varchar(3) NOT NULL DEFAULT '',
  `Status` int(11) NOT NULL DEFAULT '2' COMMENT '2=Show in list;1- Dont show in list',
  PRIMARY KEY (`StopName`),
  KEY `BusNo` (`BusNumber`)
) ENGINE=InnoDB DEFAULT CHARSET=latin1 ROW_FORMAT=COMPACT COMMENT='InnoDB free: 7168 kB; InnoDB free: 7168 kB; (`BusNumber`) RE';

--
-- Dumping data for table `stop`
--

INSERT INTO `stop` (`StopNumber`, `StopName`, `BusNumber`, `Status`) VALUES
('1', 'AHLADAPURAM', '19', 1),
('136', 'AIRFORCE STATION`', '16', 2),
('268', 'AJ COLLEGE', '4', 2),
('228', 'Alamcode', '1', 2),
('230', 'ALL SAINTS', '17', 2),
('2', 'AMBALAMUKKU', '15', 1),
('3', 'AMBALATHARA', '5', 1),
('217', 'AMBLAM JN', '17', 2),
('147', 'ANINAKUZHI', '16', 1),
('257', 'ANTHIYOORKONAM', '8', 2),
('145', 'ARAMKALLU', '9', 1),
('4', 'ARAPPURA', '11', 1),
('185', 'ARUVIKKARA', '20', 2),
('5', 'ARYANAD', '2', 1),
('6', 'ARYASALA (Via Mettukada)', '16', 1),
('7', 'ASHA NAGAR', '5', 1),
('8', 'ATTAKULANGARA', '10', 1),
('250', 'Attingal Bus stand', '1', 2),
('170', 'ATTUKAL', '16', 1),
('9', 'AVANAVANCHERI', '1', 1),
('189', 'AYIROOR', '13', 2),
('140', 'AYIROORPARA', '16', 2),
('10', 'AYURVEDA COLLEGE', '10', 1),
('11', 'AZHICODE', '15', 1),
('12', 'BAKERY JN', '7', 1),
('13', 'BALARAMAPURAM', '2', 1),
('129', 'BEEMAPALLI', '17', 2),
('135', 'BHARATHANNOOR', '13', 1),
('14', 'CHAKAI', '18', 1),
('206', 'CHAPPATH', '18', 2),
('16', 'CHARUMMOODU', '16', 1),
('16', 'CHATHENPADU', '19', 1),
('17', 'CHAVADIMUKKU', '19', 1),
('187', 'CHAVADINADA', '9', 2),
('18', 'CHEKKALAMUKKU', '19', 1),
('281', 'CHEMBAKAMANGALAM', '4', 2),
('19', 'CHEMBOOR', '1', 1),
('20', 'CHEMPAZHANTHI', '19', 1),
('21', 'CHENGOTTUKONAM', '19', 1),
('160', 'CHENNANPARA', '16', 1),
('147', 'CHENTHIPOORU', '17', 2),
('22', 'CHERUVAKKAL', '6', 1),
('120', 'CHETTACHAL', '16', 2),
('23', 'CHITRA NAGAR', '11', 1),
('287', 'CHITTAZHA', '17', 2),
('207', 'CHOVVARA', '18', 2),
('171', 'CHULLIMANOOR', '16', 1),
('24', 'COTTON HILL', '7', 1),
('25', 'EAST FORT', '10', 1),
('26', 'EAST MUKKOLA', '4', 1),
('27', 'EDAPAZHINJI', '7', 1),
('169', 'ELAVATTOM', '99', 1),
('28', 'ELIPPODE', '11', 1),
('29', 'ENCHAKKAL', '18', 1),
('30', 'ENGINEERING COLLEGE', '19', 1),
('31', 'ENIKKARA', '10', 1),
('159', 'ERUTHALAMOOLA', '16', 1),
('32', 'GENERAL HOSPITAL', '15', 1),
('145', 'GOKULAM MCH', '13', 1),
('33', 'GOUREESAPATTOM', '3', 1),
('266', 'HOSPITAL JN (NTA)', '2', 2),
('152', 'HOUSING BOARD', '16', 2),
('164', 'IQBAL COLLEGE', '16', 1),
('34', 'IRINJIYAM', '19', 1),
('280', 'IRUMBA (KACHANI VIA)', '8', 2),
('156', 'ISRO JN', '16', 1),
('35', 'JAGATHY', '9', 1),
('36', 'KACHANI', '11', 1),
('229', 'Kachery Jun', '16', 2),
('37', 'KAITHAMUKKU', '15', 1),
('38', 'KAL', '16', 1),
('39', 'KALLAMPALLY', '6', 1),
('137', 'KALLARA', '13', 1),
('40', 'KALLATTUKUMMU', '5', 1),
('41', 'KAMALESWARAM', '5', 1),
('42', 'KANIYAPURAM', '4', 1),
('149', 'KANJIRAMKULAM', '2', 1),
('269', 'kANJIRAMPARA FLAT', '7', 2),
('43', 'KANJIRAMPARA VIMALA SCHOOL', '16', 1),
('44', 'KANNAMMOOLA', '17', 1),
('45', 'KANNAMMOOLA LPS', '17', 1),
('46', 'KANYAKULANGARA', '19', 1),
('47', 'KARAKKAMANDAPAM', '9', 1),
('48', 'KARAKULAM PALAM', '16', 1),
('49', 'KARAMANA', '12', 1),
('140', 'KARETE', '13', 1),
('201', 'KARINKULAM', '18', 2),
('259', 'KARIPPOOR', '8', 2),
('137', 'KARIYAM', '4', 2),
('50', 'KARYAVATTOM', '4', 1),
('51', 'KATTAKADA', '2', 1),
('52', 'KATTAYIKKONAM', '19', 1),
('53', 'KAZHAKUTTOM', '4', 1),
('144', 'KEEZHAYIKONAM', '16', 1),
('54', 'KELTRON JUNCTION', '8', 1),
('55', 'KESAVADASAPURAM', '6', 1),
('15', 'KILIMANOOR', '99', 1),
('254', 'KILIMANOOR JN', '13', 1),
('253', 'KILIMANOOR KSRTC STAND', '13', 1),
('256', 'KILLI', '8', 2),
('56', 'KILLIPALAM', '5', 1),
('135', 'KIMS HOSPITAL', '16', 2),
('162', 'KOPPAM', '13', 1),
('57', 'KORAANI', '4', 1),
('212', 'KOVALAM', '18', 2),
('58', 'KOVILNADA', '17', 1),
('59', 'KOWDIAR', '10', 1),
('60', 'KUDAPANAKUNNU', '4', 1),
('274', 'KULAPPADA', '2', 2),
('61', 'KUMARAPURAM', '17', 1),
('263', 'KUNDAMANKADAVU', '8', 2),
('62', 'KUNJALUMOODU', '9', 1),
('63', 'KURAVANKONAM', '10', 1),
('64', 'KUTTICHAL', '2', 1),
('138', 'KUTTIMMODU', '1', 1),
('239', 'KUTTIMOODU (KRT)', '13', 2),
('181', 'KUTTIMOODU (VIA)', '99', 1),
('182', 'KUTTIMOODU (VJR)', '16', 1),
('142', 'KUTTIYANI', '16', 2),
('65', 'LATEX JN', '6', 1),
('66', 'LAYOLA', '6', 1),
('258', 'MALAYINKEEZHU', '8', 2),
('67', 'MAMAM', '4', 1),
('68', 'MANACAUD', '5', 1),
('69', 'MANGALAPURAM', '4', 1),
('70', 'MANNAMOOLA', '7', 1),
('71', 'MANNANTHALA', '4', 1),
('192', 'MANNARAKONAM', '14', 2),
('157', 'MANOORKONAM', '16', 1),
('72', 'MANVILA', '19', 1),
('73', 'MARAPPALAM', '10', 1),
('205', 'MARAPPALAM (POOVAR)', '18', 2),
('74', 'MARUTHAMKUZHY', '7', 1),
('216', 'MARUTHOOR', '17', 2),
('121', 'MARUTHUMMOODU', '16', 2),
('75', 'MEDICAL COLLEGE', '17', 1),
('76', 'MELATTUMELA', '7', 1),
('190', 'MELETHEKKADA', '16', 2),
('236', 'METTUKKADA', '5', 2),
('77', 'MLA HOSTEL', '15', 1),
('78', 'MOONNUMUKKU', '99', 1),
('172', 'MOONNUMUKKU (Attingal)', '1', 1),
('79', 'MOONNUMUKKU (NTA)', '16', 1),
('255', 'MOONNUMUKKU(MOOLAKKONAM)', '8', 2),
('272', 'Moozhy', '1', 2),
('282', 'MUKKILKADA', '4', 2),
('220', 'MUKKOLA', '11', 2),
('208', 'MUKKOLA (POOVAR)', '18', 2),
('276', 'MUKKUNNOOR', '1', 2),
('267', 'MULLOOR', '18', 2),
('187', 'MUNDELA', '20', 2),
('80', 'MUSEUM', '15', 1),
('81', 'MUTTADA', '6', 1),
('82', 'MUTTATHARA', '18', 1),
('83', 'NALANCHIRA', '17', 1),
('167', 'NANNIYODE', '16', 1),
('84', 'NANTHENCODE', '15', 1),
('154', 'NCC ROAD JUNCTION', '4', 1),
('240', 'NDD - MUKKOLA', '17', 2),
('188', 'NDD MARKET', '20', 2),
('150', 'NEDUMANGAD COLLEGE JN', '16', 2),
('184', 'Nedumangad LIC', '16', 1),
('85', 'NEDUMANGAUD BUSSTAND', '2', 1),
('86', 'NEDUMANGAUD LIC', '11', 1),
('87', 'NEERAMANKARA', '9', 1),
('148', 'NELLIMOODU', '2', 1),
('186', 'NELLIVILA', '16', 2),
('88', 'NEMOM', '9', 1),
('89', 'NETTAYAM', '12', 1),
('90', 'NETTAYAM MUKKOLA', '99', 1),
('174', 'NETTAYAM MUKKOLA (Via)', '16', 1),
('91', 'NETTRACHIRA', '20', 1),
('278', 'NEW KARAKKAMANDAPAM', '9', 2),
('92', 'NEYYATTINKARA', '2', 1),
('139', 'NJANDOORKONAM', '16', 2),
('130', 'OLD AIRPORT', '17', 2),
('93', 'OOLAMPARA', '3', 1),
('254', 'OOROOTTAMBALAM', '8', 2),
('214', 'PACHALOOR', '18', 2),
('95', 'PALAYAM', '10', 1),
('96', 'PALLICHAL', '9', 1),
('97', 'PALLIMUKKU', '18', 1),
('262', 'PALLIMUKKU - PEYAD', '8', 2),
('98', 'PALLIPURAM', '4', 1),
('143', 'PALLIVILA', '17', 2),
('204', 'PALLUVILA', '16', 2),
('166', 'PALODE', '16', 1),
('279', 'PALOTTUVILA', '8', 2),
('155', 'PANANVILA', '17', 1),
('99', 'PANAVILA', '99', 1),
('271', 'PANAVILA JN', '7', 2),
('179', 'PANAVOOR', '1', 1),
('238', 'PANGAPPARA HEALTH CENTRE', '4', 2),
('136', 'PANGODE', '16', 1),
('141', 'PANTHALAKODE', '16', 2),
('100', 'PAPPANAMKODE', '9', 1),
('149', 'PARIYARAM', '17', 2),
('286', 'PARUTHIKUZHY', '18', 2),
('101', 'PARUTHIPARA', '6', 1),
('102', 'PATTOM', '3', 1),
('103', 'PATTOOR', '15', 1),
('104', 'PAZHAKUTTI', '13', 1),
('150', 'PAZHAYAKADA', '2', 1),
('165', 'PERINGAMALA', '16', 1),
('188', 'PERINGAMALA (PALLICHAL)', '9', 2),
('237', 'PERIYAMCODE', '17', 2),
('105', 'PEROORKADA', '3', 1),
('277', 'PERUMALA', '1', 2),
('106', 'PERUMPAZHUTHOOR', '2', 1),
('107', 'PETTAH', '18', 1),
('261', 'PEYAD', '8', 2),
('108', 'PIPINMOODU', '3', 1),
('109', 'PIRAPPANCODE', '13', 1),
('194', 'PIRAYINMOODU', '2', 2),
('110', 'PLAMOODU', '10', 1),
('152', 'PLAVILA', '2', 1),
('111', 'PMG', '10', 1),
('112', 'PONGUMOODU', '6', 1),
('113', 'PONGUMOODU (NTA)', '8', 1),
('114', 'POOJAPPURA', '12', 1),
('264', 'Poonkulam', '9', 2),
('0', 'Poovachal', '2', 1),
('200', 'POOVAR', '16', 2),
('193', 'Porunthamon', '13', 2),
('115', 'POTHENCODE', '19', 1),
('116', 'POTTAKUZHY', '3', 1),
('138', 'POWDIKONAM', '16', 2),
('117', 'PRASANTH NAGAR', '6', 1),
('118', 'PRAVACHAMBALAM', '9', 1),
('94', 'PTP NAGAR', '12', 1),
('119', 'PULAYANAR COTTA', '6', 1),
('148', 'PULIMATH', '16', 1),
('120', 'PULIMOODU', '10', 1),
('195', 'Pullampara Palam Jn', '1', 2),
('189', 'PUNNAMOODU', '9', 2),
('180', 'PUTHENPALAM', '3', 1),
('203', 'PUTHIYATHURA', '16', 2),
('121', 'ROTARY', '11', 1),
('122', 'S P FORT HOSPITAL', '15', 1),
('123', 'SASTHAMANGALAM', '3', 1),
('145', 'SEEMAMULA JN', '17', 2),
('131', 'SHANGUMUGHAM', '17', 2),
('283', 'SOCEITY JUNCTION', '4', 2),
('124', 'SREEKARYAM', '4', 1),
('125', 'STATUE', '10', 1),
('134', 'T V CENTRE', '16', 1),
('260', 'THACHOTTUKAVU', '8', 2),
('126', 'THAMPANOOR', '7', 1),
('168', 'THANNIMOODU', '2', 1),
('253', 'THAZHECHITTAZHA', '17', 2),
('211', 'THEATER JN', '16', 2),
('127', 'THEKKADA', '13', 1),
('128', 'THEKKUMMOODU', '3', 1),
('177', 'THEMBAMMOODU', '1', 1),
('163', 'THENNOOR', '16', 1),
('209', 'THENNORKONAM', '18', 2),
('199', 'THENOOR', '16', 2),
('129', 'THIRUMALA', '11', 1),
('130', 'THIRUVALLAM PALAM', '18', 1),
('158', 'THOLICODE', '16', 1),
('131', 'THONNAKKAL', '4', 1),
('131', 'THOONGAMPARA', '8', 1),
('270', 'THOZHUVANCODE', '7', 2),
('273', 'THYCAD(PIRAPPANCODE)', '13', 2),
('132', 'THYCAUD', '5', 1),
('275', 'TOLL - MUKKU', '1', 2),
('133', 'TOLL JN', '10', 1),
('135', 'UDAYAGIRI', '19', 1),
('136', 'ULLOOR', '6', 1),
('137', 'UZHAMANAKKAL', '2', 1),
('149', 'VALAKKADU', '16', 1),
('221', 'VALIYATHURA', '17', 2),
('138', 'VALIYAVILA', '11', 1),
('141', 'VAMANAPURAM', '13', 1),
('139', 'VANCHIYOOR COURT', '15', 1),
('144', 'VATTAPPARA', '17', 2),
('140', 'VATTIYOORKAVU', '14', 1),
('141', 'VAYALIKADA', '6', 1),
('285', 'VAZHAMUTTOM', '18', 2),
('142', 'VAZHAYILA PALAM', '10', 1),
('143', 'VAZHAYILA PALLI', '3', 1),
('144', 'VAZHIMUKKU', '2', 1),
('145', 'VAZHUTHACAUD', '7', 1),
('153', 'VEDIVACHANKOVIL', '99', 1),
('178', 'VELLAMCHIRA', '16', 1),
('186', 'VELLANADU', '20', 2),
('213', 'VELLAR', '16', 2),
('146', 'VELLAYAMBALAM', '99', 1),
('173', 'VELLAYAMBALAM (Museum Via)', '3', 1),
('147', 'VELLAYANI', '9', 1),
('148', 'VEMBAYAM', '13', 1),
('185', 'VENGANOOR', '9', 2),
('149', 'VENJARAMOODU', '13', 1),
('183', 'VENJARAMOODU (VIA)', '16', 1),
('150', 'VENJAVODU', '19', 1),
('151', 'VENKAVILA', '99', 1),
('148', 'VENKODE', '17', 2),
('134', 'VENPALAVATOM', '16', 2),
('152', 'VETTAMUKKU', '12', 1),
('153', 'VETTUROAD', '4', 1),
('133', 'VIA CHAKKA BYPASS', '16', 2),
('123', 'VITHURA KALINGU JN', '16', 2),
('161', 'VITHURA KALINGU JUN', '16', 1),
('210', 'VIZHINJAM', '18', 2),
('154', 'VSSC JUNCTION', '19', 1),
('284', 'WEST FORT', '15', 2);

-- --------------------------------------------------------

--
-- Table structure for table `stop_backup`
--

CREATE TABLE IF NOT EXISTS `stop_backup` (
  `StopNumber` varchar(3) NOT NULL DEFAULT '0',
  `StopName` varchar(100) NOT NULL DEFAULT '',
  `BusNumber` varchar(3) NOT NULL DEFAULT '',
  PRIMARY KEY (`StopName`),
  KEY `BusNo` (`BusNumber`)
) ENGINE=InnoDB DEFAULT CHARSET=latin1 ROW_FORMAT=COMPACT COMMENT='InnoDB free: 7168 kB; InnoDB free: 7168 kB; (`BusNumber`) RE';

--
-- Dumping data for table `stop_backup`
--

INSERT INTO `stop_backup` (`StopNumber`, `StopName`, `BusNumber`) VALUES
('9', 'AMBALAMUKKU', '8'),
('11', 'AMBALANAGAR', '6'),
('2', 'AMBALATHARA', '7'),
('5', 'ARAPPURA', '9'),
('8', 'ARYASALA', '7'),
('6', 'ATTAKULANGARA', '7'),
('2', 'AYURVEDA COLLEGE', '6'),
('3', 'BAKERY JN', '1'),
('1', 'BALARAMAPURAM', '4'),
('1', 'CHAKAI', '8'),
('8', 'CHAKKALAMUKKU', '10'),
('6', 'CHAVADIMUKKU', '3'),
('10', 'CHEMBAZHANTHY', '10'),
('5', 'CHERUVAKKAL', '10'),
('6', 'CHITHRA NAGAR', '9'),
('5', 'COTTONHILL', '1'),
('1', 'EAST FORT', '6'),
('6', 'EDAPAZHINJI', '5'),
('4', 'ELIPPODU', '9'),
('1', 'ENGINEERING COLLEGE', '3'),
('9', 'ENIKKARA', '7'),
('1', 'ENJAKKAL ISLAND', '11'),
('6', 'GENERAL HOSPITAL', '11'),
('3', 'GOWREESAPATTOM', '2'),
('5', 'JAGATHY', '5'),
('8', 'KACHANI', '9'),
('3', 'KAITHAMUKKU', '11'),
('7', 'KALLAMPALLY', '3'),
('3', 'KALLATTUMUKU', '7'),
('4', 'KAMALESWARAM', '7'),
('7', 'KANJIRAMPARA SCHOOL', '1'),
('4', 'KANNAMMOLA', '8'),
('5', 'KANNAMMOLA.L.P.S', '8'),
('13', 'KANYAKULANGARA', '10'),
('8', 'KARAMANA', '4'),
('5', 'KARAYKKAMANDAPAM', '4'),
('5', 'KARYAVATTOM', '3'),
('11', 'KATTAYIKONAM', '10'),
('4', 'KAZHAKUTTOM', '3'),
('10', 'KELTRON JN', '7'),
('8', 'KESAVADASAPURAM', '2'),
('7', 'KILLIPALAM', '7'),
('9', 'KOWDIAR', '5'),
('14', 'KUDAPPANAKKUNNU', '2'),
('6', 'KUMARAPURAM', '2'),
('3', 'KUNJALUMOODU', '5'),
('10', 'KURAVANKONAM', '6'),
('4', 'LATEX JN', '10'),
('6', 'LOYALA', '10'),
('5', 'MANACADU', '7'),
('10', 'MANNAMOOLA', '1'),
('0', 'MANNANTHALA', '2'),
('2', 'MANVILA', '3'),
('9', 'MARAPPALAM', '6'),
('6', 'MARUTHAMKUZHI', '1'),
('7', 'MEDICAL COLLEGE', '2'),
('9', 'MELATTUMELA', '1'),
('1', 'METTUKADA', '5'),
('7', 'MLA HOSTEL', '11'),
('2', 'MODEL SCHOOL', '1'),
('13', 'MUKKOLA', '2'),
('5', 'MURINJAPALAM', '2'),
('8', 'MUSEUM', '11'),
('7', 'MUTTADA', '8'),
('0', 'MUTTATHARA', '8'),
('11', 'NALANCHIRA', '2'),
('9', 'NANTHANCODE', '11'),
('11', 'NEDUMANGADU  LIC', '5'),
('0', 'NEMOM', '4'),
('7', 'NETTAYAM', '9'),
('7', 'NIRAMANKARA', '4'),
('10', 'OOLAMPARA', '4'),
('1', 'P.M.G', '2'),
('5', 'PALAYAM', '6'),
('2', 'PALLICHAL', '4'),
('3', 'PALLIMUKKU', '8'),
('10', 'PANANVILA', '2'),
('6', 'PAPPANAMKODU', '4'),
('9', 'PARUTHIPPARA', '2'),
('8', 'PATTOM', '6'),
('6', 'PATTOM ( VIA)', '8'),
('5', 'PATTOOR', '11'),
('17', 'PAZHAKUTTY', '10'),
('15', 'PEROORKADA', '2'),
('2', 'PETTAH', '8'),
('9', 'PIPPIN MOODU', '4'),
('7', 'PLAMOODU', '6'),
('6', 'PMG', '6'),
('8', 'PONGUMMOODU', '3'),
('4', 'POOJAPPURA', '5'),
('12', 'POTHENCODE', '10'),
('4', 'POTTAKUZHY', '2'),
('2', 'PRASANTH NAGAR', '10'),
('3', 'PRAVACHAMBALAM', '4'),
('3', 'PULAYANARCOTTA', '10'),
('3', 'PULIMOODU', '6'),
('1', 'ROTARY', '9'),
('7', 'SASTHAMANGALAM', '5'),
('2', 'SP FORT HOSPITAL', '11'),
('7', 'SREEKARIYAM', '10'),
('4', 'STATUE', '6'),
('1', 'THAMPANOOR', '1'),
('15', 'THEKKADA', '10'),
('2', 'THEKKUMOOD', '2'),
('2', 'THIRUMALA', '9'),
('1', 'THIRUVALLOM', '7'),
('2', 'THYCAUD KARAMANA   (via)', '5'),
('10', 'TOLL  JN', '5'),
('9', 'UDAYAGIRI', '10'),
('1', 'ULLOOR', '10'),
('3', 'VALIYAVILA', '9'),
('4', 'VANCHIYOOR COURT', '11'),
('8', 'VATTIYOORKAVU (PS)', '1'),
('8', 'VAYALIKADA', '8'),
('11', 'VAZHAYILLA BRIDGE', '11'),
('10', 'VAZHAYILLA PALLI', '11'),
('4', 'VAZHUTHACAUD', '1'),
('8', 'VELLAYAMBALAM', '5'),
('4', 'VELLAYANI', '4'),
('14', 'VEMBAYAM', '10'),
('16', 'VENKAVILA', '10'),
('3', 'VSSC JUNCTION', '3');

-- --------------------------------------------------------

--
-- Table structure for table `student`
--

CREATE TABLE IF NOT EXISTS `student` (
  `StudentId` int(10) unsigned NOT NULL AUTO_INCREMENT,
  `Name` varchar(45) NOT NULL DEFAULT '',
  `AdmissionNo` varchar(10) NOT NULL DEFAULT '',
  `Gender` varchar(6) NOT NULL DEFAULT '',
  `StopNumber` varchar(3) NOT NULL DEFAULT '0',
  `TeleNo` varchar(20) NOT NULL DEFAULT 'Not Available',
  `Batch` varchar(8) NOT NULL DEFAULT '',
  `Semester` varchar(5) NOT NULL DEFAULT '',
  `BusNumber` varchar(3) CHARACTER SET latin1 COLLATE latin1_bin NOT NULL DEFAULT '0',
  `StopName` varchar(100) NOT NULL DEFAULT '',
  `Status` tinyint(1) NOT NULL DEFAULT '1',
  `Update_status` varchar(10) NOT NULL DEFAULT '0',
  PRIMARY KEY (`StudentId`)
) ENGINE=InnoDB  DEFAULT CHARSET=latin1 AUTO_INCREMENT=1705 ;

--
-- Dumping data for table `student`
--

INSERT INTO `student` (`StudentId`, `Name`, `AdmissionNo`, `Gender`, `StopNumber`, `TeleNo`, `Batch`, `Semester`, `BusNumber`, `StopName`, `Status`, `Update_status`) VALUES
(571, 'Aditi S Nettoor', '4314', 'Female', '0', '9022213860', 'B-Tech', 'S5', '4', 'KUDAPANAKUNNU', 1, '0'),
(572, 'Gopika kaimal', '4315', 'Female', '0', '9744558119', 'B-Tech', 'S5', '11', 'ROTARY', 1, '0'),
(573, 'sachin S', '4312', 'Male', '0', '8089120054', 'B-Tech', 'S5', '5', 'KALLATTUKUMMU', 1, '0'),
(575, 'Anisha A S', '4305', 'Female', '0', '9387734747', 'B-Tech', 'S5', '9', 'ARAMKALLU', 1, '0'),
(576, 'Archana Nair P S', '4307', 'Female', '0', '9847350245', 'B-Tech', 'S5', '18', 'PETTAH', 1, '0'),
(577, 'Nikhil H S', '4308', 'Male', '0', '7736442263', 'B-Tech', 'S5', '15', 'MUSEUM', 1, '0'),
(578, 'Easwar K', '4306', 'Male', '0', '9496024055', 'B-Tech', 'S5', '18', 'ENCHAKKAL', 1, '0'),
(581, 'Govind P', '4302', 'Male', '0', '9447553293', 'B-Tech', 'S5', '7', 'MANNAMOOLA', 1, '0'),
(582, 'Gayathri S', '4291', 'Female', '0', '9847188364', 'B-Tech', 'S5', '5', 'MANACAUD', 1, '0'),
(585, 'Arun K', '4295', 'Male', '0', '9447697895', 'B-Tech', 'S5', '12', 'KARAMANA', 1, '0'),
(586, 'R Parvathi', '4286', 'Female', '0', '9495247738', 'B-Tech', 'S5', '15', 'S P FORT HOSPITAL', 1, '0'),
(588, 'Akhil A M', '4292', 'Male', '0', '9447360832', 'B-Tech', 'S5', '4', 'MANNANTHALA', 1, '0'),
(590, 'Vyshna P T', '4299', 'Female', '0', '9497691733', 'B-Tech', 'S5', '17', 'KANNAMMOOLA', 1, '0'),
(595, 'Malini R Nair', '4283', 'Female', '0', '9447266600', 'B-Tech', 'S5', '3', 'VELLAYAMBALAM (Museum Via)', 1, '0'),
(598, 'Govind Gopal', '4277', 'Male', '0', '9446067136', 'B-Tech', 'S5', '3', 'POTTAKUZHY', 1, '0'),
(600, 'Kiran k Sudhir', '4275', 'Male', '0', '9895092053', 'B-Tech', 'S5', '19', 'CHEKKALAMUKKU', 1, '0'),
(601, 'Nithin Salim', '4276', 'Male', '0', '9037985276', 'B-Tech', 'S5', '3', 'PEROORKADA', 1, '0'),
(602, 'swathy S Nair', '4319', 'Female', '0', '8086194803', 'B-Tech', 'S5', '7', 'EDAPAZHINJI', 1, '0'),
(607, 'Arjun V', '4324', 'Male', '0', '9747782481', 'B-Tech', 'S5', '15', 'NANTHENCODE', 1, '0'),
(608, 'Nebin Nazeer', '4326', 'Male', '0', '9745695802', 'B-Tech', 'S5', '2', 'Poovachal', 1, '0'),
(610, 'Abhilash S', '4272', 'Male', '0', '9633207257', 'B-Tech', 'S5', '12', 'POOJAPPURA', 1, '0'),
(611, 'J S Sreelakshmi', '4273', 'Female', '0', '9446430819', 'B-Tech', 'S5', '15', 'VANCHIYOOR COURT', 1, '0'),
(612, 'S Gopi Krishnan', '4207', 'Male', '0', '9048735238', 'B-Tech', 'S5', '9', 'PAPPANAMKODE', 1, '0'),
(613, 'Rahul R', '4211', 'Male', '0', '9847241433', 'B-Tech', 'S5', '4', 'VETTUROAD', 1, '0'),
(614, 'Gokul R', '4212', 'Male', '0', '9847241772', 'B-Tech', 'S5', '4', 'VETTUROAD', 1, '0'),
(616, 'Gayathri Sreekumar', '4202', 'Female', '0', '9447174263', 'B-Tech', 'S5', '3', 'PIPINMOODU', 1, '0'),
(618, 'Gokul G', '4194', 'Male', '0', '8547473233', 'B-Tech', 'S5', '5', 'MANACAUD', 1, '0'),
(619, 'Anu Anand M S', '4193', 'Female', '0', '9495197427', 'B-Tech', 'S5', '8', 'PONGUMOODU (NTA)', 1, '0'),
(621, 'Prince J', '4197', 'Male', '0', '9400850985', 'B-Tech', 'S5', '1', 'MOONNUMUKKU (Attingal)', 1, '0'),
(623, 'Anandhu S', '4191', 'Male', '0', '9562469318', 'B-Tech', 'S5', '19', 'VSSC JUNCTION', 1, '0'),
(626, 'Rajeev S S', '4181', 'Male', '0', '9495042740', 'B-Tech', 'S5', '11', 'ROTARY', 1, '0'),
(629, 'Balu Mohan S', '4183', 'Male', '0', '9288956400', 'B-Tech', 'S5', '7', 'MELATTUMELA', 1, '0'),
(632, 'Shredha A Thampy', '4179', 'Female', '0', '9895382738', 'B-Tech', 'S5', '18', 'ENCHAKKAL', 1, '0'),
(634, 'Anupama P S', '4174', 'Female', '0', '9946747921', 'B-Tech', 'S5', '14', 'VATTIYOORKAVU', 1, '0'),
(635, 'Kiran Gokul A', '4167', 'Male', '0', '9847517376', 'B-Tech', 'S5', '2', 'NEYYATTINKARA', 1, '0'),
(637, 'Alameen S', '4163', 'Male', '0', '9447587854', 'B-Tech', 'S5', '12', 'KARAMANA', 1, '0'),
(638, 'Ijas Ahammed', '4159', 'Male', '0', '8089299186', 'B-Tech', 'S5', '1', 'MOONNUMUKKU (Attingal)', 1, '0'),
(640, 'Adarsh V S', '4100', 'Male', '0', '8590862650', 'B-Tech', 'S5', '2', 'PAZHAYAKADA', 1, '0'),
(641, 'Lekshmi P Nair', '4046', 'Female', '0', '9995013432', 'B-Tech', 'S5', '15', 'KAITHAMUKKU', 1, '0'),
(642, 'Pushya D J', '4078', 'Female', '0', '9400649464', 'B-Tech', 'S5', '12', 'KARAMANA', 1, '0'),
(644, 'Aditya padnabhan', '4076', 'Male', '0', '8129315831', 'B-Tech', 'S5', '15', 'KAITHAMUKKU', 1, '0'),
(645, 'Mridula J L', '4072', 'Female', '0', '9447018465', 'B-Tech', 'S5', '2', 'KANJIRAMKULAM', 1, '0'),
(646, 'Athul Sanjeev', '4069', 'Male', '0', '9496994228', 'B-Tech', 'S5', '12', 'POOJAPPURA', 1, '0'),
(648, 'Nirmal Krishnan A K', '4043', 'Male', '0', '8592942281', 'B-Tech', 'S5', '9', 'Poonkulam', 1, '0'),
(649, 'Meera C S', '4041', 'Female', '0', '9447156105', 'B-Tech', 'S5', '5', 'MANACAUD', 1, '0'),
(653, 'Krishna kumar A S', '4036', 'Male', '0', '9495833588', 'B-Tech', 'S5', '11', 'VALIYAVILA', 1, '0'),
(654, 'Seethu G S', '4035', 'Female', '0', '9447244096', 'B-Tech', 'S5', '6', 'MUTTADA', 1, '0'),
(655, 'Rakhi Radhakrishnan', '4033', 'Female', '0', '940488966', 'B-Tech', 'S5', '7', 'MANNAMOOLA', 1, '0'),
(656, 'Arya T N', '4032', 'Female', '0', '9495151494', 'B-Tech', 'S5', '2', 'PERUMPAZHUTHOOR', 1, '0'),
(657, 'Sajan S L', '4030', 'Male', '0', '9995702771', 'B-Tech', 'S5', '4', 'KAZHAKUTTOM', 1, '0'),
(661, 'Vivek H', '4021', 'Male', '0', '8089417009', 'B-Tech', 'S5', '5', 'AMBALATHARA', 1, '0'),
(665, 'Anand A', '4330', 'Male', '0', '8129818949', 'B-Tech', 'S5', '3', 'SASTHAMANGALAM', 1, '0'),
(666, 'Unnimaya K R', '4025', 'Female', '0', '9446590995', 'B-Tech', 'S5', '4', 'KUDAPANAKUNNU', 1, '0'),
(668, 'Akshaya Pradeep S', '4020', 'Female', '0', '9746924398', 'B-Tech', 'S5', '3', 'GOUREESAPATTOM', 1, '0'),
(671, 'Anjana Krishna J S', '4015', 'Female', '0', '9400662808', 'B-Tech', 'S5', '10', 'ENIKKARA', 1, '0'),
(672, 'Ganesshh T L', '4012', 'Male', '0', '9495408040', 'B-Tech', 'S5', '18', 'ENCHAKKAL', 1, '0'),
(678, 'Gokul P', '4007', 'Male', '0', '9048402339', 'B-Tech', 'S5', '18', 'PETTAH', 1, '0'),
(679, 'Tebby Mary Joseph', '4003', 'Female', '0', '8891330552', 'B-Tech', 'S5', '6', 'VAYALIKADA', 1, '0'),
(680, 'Ajith G Nair', '4002', 'Male', '0', '9895284925', 'B-Tech', 'S5', '11', 'THIRUMALA', 1, '0'),
(682, 'Sukhin s L', '3999', 'Male', '0', '9446090793', 'B-Tech', 'S5', '2', 'NELLIMOODU', 1, '0'),
(684, 'Aiswarya R', '4230', 'Female', '0', '9037463392', 'B-Tech', 'S5', '12', 'KARAMANA', 1, '0'),
(686, 'Aparna H', '4370', 'Female', '0', '9400713038', 'B-Tech', 'S5', '7', 'EDAPAZHINJI', 1, '0'),
(687, 'A Arun Krishna', '4332', 'Male', '0', '9495830235', 'B-Tech', 'S5', '19', 'CHAVADIMUKKU', 1, '0'),
(689, 'Raveena Sudhakaran', '4368', 'Female', '0', '9895525439', 'B-Tech', 'S5', '5', 'METTUKKADA', 1, '0'),
(690, 'Gopika V S', '4358', 'Female', '0', '9446102777', 'B-Tech', 'S5', '17', 'KANNAMMOOLA', 1, '0'),
(691, 'Sai Krishna Jayakumar', '4367', 'Male', '0', '9496221221', 'B-Tech', 'S5', '1', 'Attingal Bus stand', 1, '0'),
(692, 'Aswin Gokul J', '4359', 'Male', '0', '9544700446', 'B-Tech', 'S5', '15', 'PATTOOR', 1, '0'),
(694, 'Anju Priyanka P R', '4365', 'Female', '0', '9544460312', 'B-Tech', 'S5', '10', 'TOLL JN', 1, '0'),
(696, 'Lekshmi B Ajeev', '4363', 'Female', '0', '9745005755', 'B-Tech', 'S5', '14', 'VATTIYOORKAVU', 1, '0'),
(697, 'Rishy N santhosh', '4351', 'Male', '0', '9567370050', 'B-Tech', 'S5', '10', 'KOWDIAR', 1, '0'),
(698, 'Vishnu Balakrishnan', '4350', 'Male', '0', '944851313', 'B-Tech', 'S5', '4', 'MANNANTHALA', 1, '0'),
(700, 'Shilpa Chandran L', '4340', 'Female', '0', '9447740855', 'B-Tech', 'S5', '9', 'KUNJALUMOODU', 1, '0'),
(701, 'Sreehari S S', '4338', 'Male', '0', '9447148836', 'B-Tech', 'S5', '9', 'Poonkulam', 1, '0'),
(702, 'Visakh S S', '4335', 'Male', '0', '8547253453', 'B-Tech', 'S5', '15', 'KAITHAMUKKU', 1, '0'),
(703, 'Sruthi Kannan', '4334', 'Female', '0', '9446101021', 'B-Tech', 'S5', '11', 'ROTARY', 1, '0'),
(704, 'G Anand', '4337', 'Male', '0', '9400535266', 'B-Tech', 'S5', '10', 'PLAMOODU', 1, '0'),
(705, 'Neeraj R', '4336', 'Male', '0', '9497268689', 'B-Tech', 'S5', '7', 'EDAPAZHINJI', 1, '0'),
(707, 'Keerthik J', '4342', 'Male', '0', '9447051791', 'B-Tech', 'S5', '6', 'VAYALIKADA', 1, '0'),
(712, 'Abin Sharaf', '4339', 'Male', '0', '9249765500', 'B-Tech', 'S5', '13', 'KILIMANOOR JN', 1, '0'),
(715, 'Arya A', '4092', 'Female', '0', '9446667295', 'B-Tech', 'S5', '19', 'CHEMPAZHANTHI', 1, '0'),
(718, 'Ajas Muhammed', '4221', 'Male', '0', '9656092956', 'B-Tech', 'S5', '1', 'KUTTIMMODU', 1, '0'),
(719, 'Anusree Thampy', '4231', 'Female', '0', '9446171128', 'B-Tech', 'S5', '2', 'NEYYATTINKARA', 1, '0'),
(720, 'Aswani A V', '4243', 'Female', '0', '9747544234', 'B-Tech', 'S5', '4', 'THONNAKKAL', 1, '0'),
(721, 'Anjali G Nair', '4329', 'Female', '0', '9497496737', 'B-Tech', 'S5', '8', 'KELTRON JUNCTION', 1, '0'),
(722, 'Athira A S', '4134', 'Female', '0', '9447583588', 'B-Tech', 'S5', '9', 'VELLAYANI', 1, '0'),
(724, 'Anjitha P V', '4048', 'Female', '0', '9495521429', 'B-Tech', 'S5', '15', 'AMBALAMUKKU', 1, '0'),
(725, 'Athira S V', '4059', 'Female', '0', '9633353137', 'B-Tech', 'S5', '2', 'PAZHAYAKADA', 1, '0'),
(727, 'Athira Sudhakaran', '4120', 'Female', '0', '9895724944', 'B-Tech', 'S5', '1', 'AVANAVANCHERI', 1, '0'),
(728, 'Aparna Menon', '4118', 'Female', '0', '9446497848', 'B-Tech', 'S5', '3', 'VAZHAYILA PALLI', 1, '0'),
(729, 'Aswin Prakash', '4338', 'Male', '0', '9447430860', 'B-Tech', 'S5', '1', 'Alamcode', 1, '0'),
(730, 'Arun S Dileep', '4115', 'Male', '0', '9446447736', 'B-Tech', 'S5', '14', 'VATTIYOORKAVU', 1, '0'),
(732, 'Athira Sudhakaran', '4250', 'Female', '0', '8547334614', 'B-Tech', 'S5', '10', 'STATUE', 1, '0'),
(733, 'Aparna Bhadran', '4255', 'Female', '0', '9633232645', 'B-Tech', 'S5', '1', 'CHEMBOOR', 1, '0'),
(734, 'Divyasree M V', '4146', 'Female', '0', '9496208217', 'B-Tech', 'S5', '6', 'PRASANTH NAGAR', 1, '0'),
(735, 'Darsana Nair R S', '4252', 'Female', '0', '9446751009', 'B-Tech', 'S5', '18', 'MUTTATHARA', 1, '0'),
(738, 'Ganga Raju A', '4262', 'Female', '0', '9447761744', 'B-Tech', 'S5', '15', 'VANCHIYOOR COURT', 1, '0'),
(740, 'A R KrishnaIndhu', '4096', 'Female', '0', '9446445474', 'B-Tech', 'S5', '14', 'VATTIYOORKAVU', 1, '0'),
(741, 'Keerthana Vasu', '4089', 'Female', '0', '9447121393', 'B-Tech', 'S5', '10', 'PLAMOODU', 1, '0'),
(743, 'Krishnendu M', '4261', 'Female', '0', '9495481993', 'B-Tech', 'S5', '8', 'THOONGAMPARA', 1, '0'),
(744, 'Liya Suresh', '4155', 'Female', '0', '9020712900', 'B-Tech', 'S5', '15', 'S P FORT HOSPITAL', 1, '0'),
(745, 'Maneesh M', '4164', 'Male', '0', '9387803302', 'B-Tech', 'S5', '5', 'THYCAUD', 1, '0'),
(747, 'Meenu Mohan', '4248', 'Female', '0', '9400542848', 'B-Tech', 'S5', '17', 'KANNAMMOOLA', 1, '0'),
(748, 'Malavika Vinod', '4110', 'Female', '0', '9387236435', 'B-Tech', 'S5', '9', 'PAPPANAMKODE', 1, '0'),
(749, 'Nuzrath S', '4062', 'Female', '0', '9037526263', 'B-Tech', 'S5', '8', 'KILLI', 1, '0'),
(751, 'Nandagopan G', '4122', 'Male', '0', '9495155658', 'B-Tech', 'S5', '11', 'ROTARY', 1, '0'),
(753, 'Nandagopan G', '4321', 'Male', '0', '9895143810', 'B-Tech', 'S5', '1', 'Attingal Bus stand', 1, '0'),
(755, 'Niranjana Mohan', '4125', 'Female', '0', '9446008185', 'B-Tech', 'S5', '6', 'KALLAMPALLY', 1, '0'),
(756, 'Naveen P S', '4342', 'Male', '0', '9495381391', 'B-Tech', 'S5', '14', 'VATTIYOORKAVU', 1, '0'),
(758, 'Rethu Vilas G', '4327', 'Female', '0', '9656990139', 'B-Tech', 'S5', '12', 'NETTAYAM', 1, '0'),
(759, 'Renjana Gopan B', '4251', 'Female', '0', '9446052320', 'B-Tech', 'S5', '11', 'KACHANI', 1, '0'),
(760, 'Saran R S', '4085', 'Male', '0', '9495730671', 'B-Tech', 'S5', '17', 'MARUTHOOR', 1, '0'),
(762, 'Shakira S', '4263', 'Female', '0', '8086060055', 'B-Tech', 'S5', '13', 'THEKKADA', 1, '0'),
(763, 'Sreeraj S', '4265', 'Male', '0', '9497012866', 'B-Tech', 'S5', '15', 'AMBALAMUKKU', 1, '0'),
(764, 'Sangeetha A Santhosh', '4067', 'Female', '0', '9744542825', 'B-Tech', 'S5', '7', 'VAZHUTHACAUD', 1, '0'),
(766, 'Vrinda M V', '4116', 'Female', '0', '8281240887', 'B-Tech', 'S5', '18', 'PETTAH', 1, '0'),
(769, 'Devi U J', '4388', 'Female', '0', '8289912046', 'B-Tech', 'S5', '6', 'PONGUMOODU', 1, '0'),
(773, 'Vaseema Thasneem A B', '4372', 'Female', '0', '9846715786', 'B-Tech', 'S3', '6', 'KESAVADASAPURAM', 1, '0'),
(774, 'Seethu A N', '4395', 'Female', '0', '8089375591', 'B-Tech', 'S5', '5', 'KILLIPALAM', 1, '0'),
(776, 'Sandhya R', '4383', 'Female', '0', '8089256775', 'B-Tech', 'S5', '10', 'ATTAKULANGARA', 1, '0'),
(777, 'Vaishnavi LS', '4390', 'Female', '0', '9400713731', 'B-Tech', 'S5', '19', 'CHENGOTTUKONAM', 1, '0'),
(778, 'Anjana R Krishnan', '4380', 'Female', '0', '9847126285', 'B-Tech', 'S5', '15', 'S P FORT HOSPITAL', 1, '0'),
(779, 'Surya V', '4378', 'Male', '0', '9446038387', 'B-Tech', 'S5', '12', 'POOJAPPURA', 1, '0'),
(780, 'Keerthi B S', '4396', 'Female', '0', '9497412478', 'B-Tech', 'S5', '4', 'MANNANTHALA', 1, '0'),
(781, 'Avani Jayan R', '4400', 'Female', '0', '9961455040', 'B-Tech', 'S5', '19', 'CHEKKALAMUKKU', 1, '0'),
(782, 'Kayva S S', '4397', 'Female', '0', '9447425076', 'B-Tech', 'S5', '2', 'PERUMPAZHUTHOOR', 1, '0'),
(783, 'Ashtami M R', '4217', 'Female', '0', '9447102473', 'B-Tech', 'S5', '6', 'VAYALIKADA', 1, '0'),
(784, 'Lakshmi N Pillai', '4399', 'Female', '0', '9745222815', 'B-Tech', 'S5', '13', 'PAZHAKUTTI', 1, '0'),
(787, 'Mathew Evans Joseph', '4126', 'Male', '0', '9447284278', 'B-Tech', 'S5', '15', 'NANTHENCODE', 1, '0'),
(789, 'Suraj V S', '4444', 'Male', '0', '9447887675', 'B-Tech', 'S5', '4', 'MANNANTHALA', 1, '0'),
(792, 'Ajmal Khan M', '4437', 'Male', '0', '9526333731', 'B-Tech', 'S5', '8', 'PONGUMOODU (NTA)', 1, '0'),
(795, 'Aswin V Kaladharan', '4442', 'Male', '0', '9605891853', 'B-Tech', 'S5', '3', 'PATTOM', 1, '0'),
(797, 'Kiran R L', '4439', 'Male', '0', '8714512466', 'B-Tech', 'S5', '12', 'POOJAPPURA', 1, '0'),
(798, 'Ajay S', '4428', 'Male', '0', '9497000363', 'B-Tech', 'S5', '15', 'AMBALAMUKKU', 1, '0'),
(799, 'Shamsudeen', '4144', 'Male', '0', '9995180696', 'B-Tech', 'S5', '2', 'VAZHIMUKKU', 1, '0'),
(800, 'Abhinand J L', '4425', 'Male', '0', '9495889499', 'B-Tech', 'S5', '4', 'KAZHAKUTTOM', 1, '0'),
(801, 'Vivek S', '4419', 'Male', '0', '9048212089', 'B-Tech', 'S5', '7', 'MANNAMOOLA', 1, '0'),
(803, 'Binu M Varkey', '4416', 'Male', '0', '9061970675', 'B-Tech', 'S5', '9', 'KARAKKAMANDAPAM', 1, '0'),
(804, 'Amith Chandran', '4415', 'Male', '0', '9400653877', 'B-Tech', 'S5', '11', 'THIRUMALA', 1, '0'),
(805, 'Anjitha S Suresh', '4407', 'Female', '0', '9895883313', 'B-Tech', 'S5', '18', 'PACHALOOR', 1, '0'),
(807, 'Praveen M', '4426', 'Male', '0', '9946189427', 'B-Tech', 'S5', '5', 'AMBALATHARA', 1, '0'),
(810, 'Akshay M Menon', '4466', 'Male', '0', '7736547034', 'B-Tech', 'S5', '12', 'POOJAPPURA', 1, '0'),
(811, 'Haroon Al Kamil A V', '4232', 'Male', '0', '9446558988', 'B-Tech', 'S5', '19', 'CHEMPAZHANTHI', 1, '0'),
(812, 'Padma S S', '4452', 'Female', '0', '9447344418', 'B-Tech', 'S5', '5', 'KILLIPALAM', 1, '0'),
(814, 'Maanasi C B', '4449', 'Female', '0', '9605559659', 'B-Tech', 'S5', '7', 'MELATTUMELA', 1, '0'),
(815, 'R S Haripriya', '4454', 'Female', '0', '9446569292', 'B-Tech', 'S5', '7', 'MELATTUMELA', 1, '0'),
(818, 'Arun Kumar S S', '4464', 'Male', '0', '9495729098', 'B-Tech', 'S5', '3', 'VAZHAYILA PALLI', 1, '0'),
(820, 'Abhijith S', '4457', 'Male', '0', '9048662701', 'B-Tech', 'S5', '5', 'AMBALATHARA', 1, '0'),
(821, 'Deepesh Ambujan', '4462', 'Male', '0', '9947094805', 'B-Tech', 'S5', '1', 'Alamcode', 1, '0'),
(823, 'Anand U A', '4472', 'Male', '0', '9895516775', 'B-Tech', 'S5', '18', 'PETTAH', 1, '0'),
(826, 'Devika S Dethan', '4429', 'Female', '0', '9496151270', 'B-Tech', 'S5', '17', 'MEDICAL COLLEGE', 1, '0'),
(828, 'Manu Mohan', '4417', 'Male', '0', '9744266800', 'B-Tech', 'S5', '19', 'CHEMPAZHANTHI', 1, '0'),
(829, 'Hariharan A', '4344', 'Male', '0', '9496493336', 'B-Tech', 'S5', '10', 'ATTAKULANGARA', 1, '0'),
(830, 'P Anand Mohan', '4345', 'Male', '0', '9961461161', 'B-Tech', 'S5', '17', 'KANNAMMOOLA', 1, '0'),
(831, 'Sukrut Balu', '4341', 'Male', '0', '9400412835', 'B-Tech', 'S5', '10', 'PLAMOODU', 1, '0'),
(832, 'Gopi Krishna G', '4289', 'Male', '0', '9526113115', 'B-Tech', 'S5', '5', 'MANACAUD', 1, '0'),
(833, 'Devika Nair G S', '4253', 'Female', '0', '9447205818', 'B-Tech', 'S5', '5', 'AMBALATHARA', 1, '0'),
(834, 'Nasiya N', '4138', 'Female', '0', '9946688319', 'B-Tech', 'S5', '13', 'PIRAPPANCODE', 1, '0'),
(836, 'Lavanya R K', '4160', 'Female', '0', '9447864120', 'B-Tech', 'S5', '2', 'BALARAMAPURAM', 1, '0'),
(838, 'Aravind Krishna', '4102', 'Male', '0', '9037463392', 'B-Tech', 'S5', '2', 'NEYYATTINKARA', 1, '0'),
(841, 'Niranjana M R', '4186', 'Female', '0', '9946678506', 'B-Tech', 'S5', '7', 'EDAPAZHINJI', 1, '0'),
(858, 'Akshay Jayan', '4226', 'Male', '0', '9446849903', 'B-Tech', 'S5', '9', 'PALLICHAL', 1, '0'),
(859, 'Vineeth V', '4249', 'Male', '0', '9746396169', 'B-Tech', 'S5', '11', 'ROTARY', 1, '0'),
(861, 'Anu Asokan B', '4056', 'Female', '0', '9562186950', 'B-Tech', 'S5', '13', 'THEKKADA', 1, '0'),
(862, 'Vinu Prasad V', '4356', 'Male', '0', '8891033445', 'B-Tech', 'S5', '17', 'KANNAMMOOLA', 1, '0'),
(863, 'Akhil K Nair', '4077', 'Male', '0', '9847572567', 'B-Tech', 'S5', '13', 'GOKULAM MCH', 1, '0'),
(865, 'Bhavya S S', '4233', 'Female', '0', '9633930362', 'B-Tech', 'S5', '17', 'ALL SAINTS', 1, '0'),
(866, 'Gopika Krishnan J', '4103', 'Female', '0', '9366442052', 'B-Tech', 'S5', '5', 'MANACAUD', 1, '0'),
(867, 'Ardra Vijayan', '4098', 'Female', '0', '9961238041', 'B-Tech', 'S5', '19', 'POTHENCODE', 1, '0'),
(868, 'Anjali Rawther', '4374', 'Female', '0', '9846571003', 'B-Tech', 'S5', '10', 'PLAMOODU', 1, '0'),
(869, 'Arun Uday', '4373', 'Male', '0', '9048470563', 'B-Tech', 'S5', '2', 'PERUMPAZHUTHOOR', 1, '0'),
(871, 'Sreeraj S', '4101', 'Male', '0', '9745226941', 'B-Tech', 'S5', '13', 'KILIMANOOR JN', 1, '0'),
(872, 'Siddarth B', '4402', 'Male', '0', '9567668712', 'B-Tech', 'S5', '13', 'VAMANAPURAM', 1, '0'),
(873, 'Gowri Parvathy', '4505', 'Female', '0', '9447146624', 'B-Tech', 'S5', '6', 'KALLAMPALLY', 1, '0'),
(874, 'Gokul G Nair', '4423', 'Male', '0', '9744647840', 'B-Tech', 'S5', '8', 'PONGUMOODU (NTA)', 1, '0'),
(875, 'Parvathy S S', '4060', 'Female', '0', '9496268605', 'B-Tech', 'S5', '17', 'VATTAPPARA', 1, '0'),
(876, 'Sharath Sabu', '4082', 'Male', '0', '9567563533', 'B-Tech', 'S5', '15', 'GENERAL HOSPITAL', 1, '0'),
(877, 'Swathy Nair M S', '4079', 'Female', '0', '9895713410', 'B-Tech', 'S5', '4', 'KUDAPANAKUNNU', 1, '0'),
(878, 'Jaseem M', '4509', 'Male', '0', '9447111082', 'B-Tech', 'S5', '7', 'VAZHUTHACAUD', 1, '0'),
(880, 'Anuja Sankar', '4074', 'Female', '0', '9745873048', 'B-Tech', 'S5', '1', 'AVANAVANCHERI', 1, '0'),
(883, 'Hari Sankar S', '4511', 'Male', '0', '9895136672', 'B-Tech', 'S5', '5', 'KILLIPALAM', 1, '0'),
(885, 'Amrutha T L', '4521', 'Female', '0', '9446614098', 'B-Tech', 'S5', '13', 'AYIROOR', 1, '0'),
(924, 'Abhirami A', '4057', 'Female', '0', '9447342901', 'B-Tech', 'S5', '11', 'THIRUMALA', 1, '0'),
(925, 'Nadeem N S', '4445', 'Male', '0', '7736365270', 'B-Tech', 'S5', '12', 'KARAMANA', 1, '0'),
(930, 'Gireesh H', '4392', 'Male', '0', '9995893387', 'B-Tech', 'S5', '19', 'CHEMPAZHANTHI', 1, '0'),
(933, 'vishnu L H', '4214', 'Male', '0', '9495512478', 'B-Tech', 'S5', '2', 'PAZHAYAKADA', 1, '0'),
(934, 'Hari Krishnan A', '4145', 'Male', '0', '9567077673', 'B-Tech', 'S5', '10', 'TOLL JN', 1, '0'),
(935, 'Abhilash S T', '4430', 'Male', '0', '9995921165', 'B-Tech', 'S5', '5', 'KILLIPALAM', 1, '0'),
(944, 'Sachin Babu', '4001', 'Male', '0', '9895513965', 'B-Tech', 'S5', '1', 'Attingal Bus stand', 1, '0'),
(952, 'Anu S', '4530', 'Female', '0', '9744497961', 'MCA', 'S5', '17', 'KANNAMMOOLA', 1, '0'),
(953, 'Aparna M A', '4542', 'Female', '0', '984678806', 'MCA', 'S5', '18', 'PETTAH', 1, '0'),
(954, 'Rajeev A Lawrence', '4532', 'Male', '0', '9497282255', 'MCA', 'S5', '18', 'ENCHAKKAL', 1, '0'),
(955, 'Saranya J S', '4534', 'Female', '0', '9846832008', 'MCA', 'S5', '4', 'KUDAPANAKUNNU', 1, '0'),
(956, 'Sruthi S Nair', '4531', 'Female', '0', '9961881038', 'MCA', 'S5', '19', 'POTHENCODE', 1, '0'),
(957, 'Swathi S', '4543', 'Female', '0', '9633452146', 'MCA', 'S5', '11', 'VALIYAVILA', 1, '0'),
(958, 'Vidya M S', '4546', 'Female', '0', '9895126904', 'MCA', 'S5', '11', 'THIRUMALA', 1, '0'),
(959, 'Vani  V K', '4548', 'Female', '0', '9400762418', 'MCA', 'S5', '19', 'KATTAYIKKONAM', 1, '0'),
(960, 'Veena R Nair', '4545', 'Female', '0', '9400529631', 'MCA', 'S5', '3', 'SASTHAMANGALAM', 1, '0'),
(962, 'Aiswarya M P', '4539', 'Female', '0', '8547742919', 'MCA', 'S5', '7', 'THAMPANOOR', 1, '0'),
(963, 'Danny Varghese', '4529', 'Male', '0', '9447930949', 'MCA', 'S5', '10', 'PLAMOODU', 1, '0'),
(965, 'Chinnu M B', '4549', 'Female', '0', '9526178975', 'MCA', 'S5', '11', 'VALIYAVILA', 1, '0'),
(966, 'Kavya Raj V R', '4547', 'Female', '0', '9447656323', 'MCA', 'S5', '19', 'POTHENCODE', 1, '0'),
(968, 'Shabnam N S', '4540', 'Female', '0', '9544513431', 'MCA', 'S5', '4', 'MANNANTHALA', 1, '0'),
(979, 'Gopi Krishnan H', '4161', 'Male', '0', '9868050652', 'B-Tech', 'S5', '4', 'EAST MUKKOLA', 1, '0'),
(980, 'Shijin Albert', '4431', 'Male', '0', '9746005600', 'B-Tech', 'S5', '9', 'PALLICHAL', 1, '0'),
(981, 'Bipin', '4290', 'Male', '0', '9567474531', 'B-Tech', 'S5', '1', 'Attingal Bus stand', 1, '0'),
(982, 'Atheena A S', '4136', 'Female', '0', '9048178980', 'B-Tech', 'S5', '6', 'PARUTHIPARA', 1, '0'),
(994, 'Karthika S Nair', '4323', 'Female', '0', '8129895917', 'B-Tech', 'S5', '6', 'ULLOOR', 1, '0'),
(997, 'Amal Raj B O', '4556', 'Male', '0', '8714407590', 'B-Tech', 'S5', '7', 'kANJIRAMPARA FLAT', 1, '0'),
(998, 'Sreenu Prasannan', '4065', 'Female', '0', '9446103155', 'B-Tech', 'S5', '18', 'KARINKULAM', 1, '0'),
(1000, 'Deepak Lal G', '4565', 'Male', '0', '9633701104', 'B-Tech', 'S5', '7', 'MARUTHAMKUZHY', 1, '0'),
(1004, 'Abhiram K B', '4728', 'Male', '0', '9497930018', 'B-Tech', 'S3', '11', 'THIRUMALA', 1, '0'),
(1005, 'Ayswarya S R', '4730', 'Female', '0', '9895101196', 'B-Tech', 'S3', '5', 'MANACAUD', 1, '0'),
(1006, 'Amal D S', '4713', 'Male', '0', '9447661883', 'B-Tech', 'S3', '13', 'VENJARAMOODU', 1, '0'),
(1007, 'Arjun S J', '4703', 'Male', '0', '9497220011', 'B-Tech', 'S3', '10', 'ENIKKARA', 1, '0'),
(1008, 'Aditya Menon', '4702', 'Male', '0', '9447424348', 'B-Tech', 'S3', '3', 'PIPINMOODU', 1, '0'),
(1009, 'Arjun D L', '4716', 'Male', '0', '9037668056', 'B-Tech', 'S3', '4', 'KAZHAKUTTOM', 1, '0'),
(1010, 'Aswathy S Nair', '4697', 'Female', '0', '9447253304', 'B-Tech', 'S3', '5', 'MANACAUD', 1, '0'),
(1011, 'V Arjun', '4700', 'Male', '0', '9496661890', 'B-Tech', 'S3', '12', 'NETTAYAM', 1, '0'),
(1012, 'Aasish S', '4675', 'Male', '0', '9048453204', 'B-Tech', 'S3', '1', 'AVANAVANCHERI', 1, '0'),
(1013, 'Aparna P Nair', '4678', 'Female', '0', '9447863131', 'B-Tech', 'S3', '13', 'VENJARAMOODU', 1, '0'),
(1015, 'Abhishek M S', '4674', 'Male', '0', '9495550181', 'B-Tech', 'S3', '18', 'THIRUVALLAM PALAM', 1, '0'),
(1016, 'Akhil M Nair', '4666', 'Male', '0', '9446063171', 'B-Tech', 'S3', '11', 'ROTARY', 1, '0'),
(1017, 'Anandkumar S', '4604', 'Male', '0', '8606833830', 'B-Tech', 'S3', '7', 'MANNAMOOLA', 1, '0'),
(1018, 'Archana Gopan B', '4598', 'Female', '0', '9447697586', 'B-Tech', 'S3', '10', 'ENIKKARA', 1, '0'),
(1019, 'Aravind Perumal S', '4593', 'Male', '0', '9847210694', 'B-Tech', 'S3', '10', 'EAST FORT', 1, '0'),
(1020, 'Anjana Giri S', '4648', 'Female', '0', '8281657705', 'B-Tech', 'S3', '5', 'AMBALATHARA', 1, '0'),
(1021, 'Anjali C', '4660', 'Female', '0', '9496419459', 'B-Tech', 'S3', '15', 'KAITHAMUKKU', 1, '0'),
(1022, 'Aravind M', '4610', 'Male', '0', '8547625715', 'B-Tech', 'S3', '7', 'EDAPAZHINJI', 1, '0'),
(1023, 'Adithi P S', '4605', 'Female', '0', '9495087832', 'B-Tech', 'S3', '5', 'KAMALESWARAM', 1, '0'),
(1024, 'Abin Raj B R', '4583', 'Male', '0', '9400072116', 'B-Tech', 'S3', '9', 'ARAMKALLU', 1, '0'),
(1025, 'Abhijith Varma K S', '4617', 'Male', '0', '9446942200', 'B-Tech', 'S3', '3', 'POTTAKUZHY', 1, '0'),
(1026, 'Ajith S', '4584', 'Male', '0', '9495297304', 'B-Tech', 'S3', '14', 'VATTIYOORKAVU', 1, '0'),
(1027, 'Akshay Ravindran', '4622', 'Male', '0', '9447857750', 'B-Tech', 'S3', '1', 'Attingal Bus stand', 1, '0'),
(1028, 'Arjun A', '4618', 'Male', '0', '9447110025', 'B-Tech', 'S1S2', '15', 'S P FORT HOSPITAL', 1, '0'),
(1029, 'Anju A P', '4642', 'Female', '0', '9447015514', 'B-Tech', 'S3', '1', 'Attingal Bus stand', 1, '0'),
(1030, 'Akhil P Shyam', '4654', 'Male', '0', '9447862699', 'B-Tech', 'S3', '19', 'POTHENCODE', 1, '0'),
(1031, 'Ansal Khan', '4619', 'Male', '0', '9895498590', 'B-Tech', 'S3', '7', 'EDAPAZHINJI', 1, '0'),
(1032, 'Ashwin S', '4626', 'Male', '0', '9447210798', 'B-Tech', 'S3', '14', 'VATTIYOORKAVU', 1, '0'),
(1033, 'Abhishek R', '4609', 'Male', '0', '9947777938', 'B-Tech', 'S3', '7', 'EDAPAZHINJI', 1, '0'),
(1034, 'Arun S', '4585', 'Male', '0', '9495297304', 'B-Tech', 'S3', '14', 'VATTIYOORKAVU', 1, '0'),
(1035, 'Achuth kumar K', '4613', 'Male', '0', '9495303780', 'B-Tech', 'S3', '12', 'NETTAYAM', 1, '0'),
(1036, 'Ananthu R S', '4614', 'Male', '0', '9995074330', 'B-Tech', 'S3', '2', 'NEYYATTINKARA', 1, '0'),
(1037, 'Bivin V', '4629', 'Male', '0', '9747203430', 'B-Tech', 'S3', '6', 'PONGUMOODU', 1, '0'),
(1038, 'Bharath Sreedhar', '4637', 'Male', '0', '9895463600', 'B-Tech', 'S3', '4', 'KORAANI', 1, '0'),
(1039, 'Bismi Babu', '4681', 'Female', '0', '9995920992', 'B-Tech', 'S3', '13', 'Porunthamon', 1, '0'),
(1040, 'Biju Mohan J', '4672', 'Male', '0', '9946874001', 'B-Tech', 'S3', '9', 'JAGATHY', 1, '0'),
(1041, 'Deepa Jolly', '4684', 'Female', '0', '9746007816', 'B-Tech', 'S3', '19', 'VSSC JUNCTION', 1, '0'),
(1042, 'Deya Krishna', '4685', 'Female', '0', '9446391470', 'B-Tech', 'S3', '10', 'AYURVEDA COLLEGE', 1, '0'),
(1043, 'Devika Kalathilan', '4601', 'Female', '0', '9400185309', 'B-Tech', 'S3', '18', 'CHAKAI', 1, '0'),
(1044, 'Devika S', '4644', 'Female', '0', '9048035203', 'B-Tech', 'S3', '12', 'KARAMANA', 1, '0'),
(1045, 'Divya S P', '4631', 'Female', '0', '9744649455', 'B-Tech', 'S3', '2', 'NEDUMANGAUD BUSSTAND', 1, '0'),
(1046, 'Darsan M B', '4582', 'Male', '0', '9388580490', 'B-Tech', 'S3', '6', 'ULLOOR', 1, '0'),
(1047, 'Gokul M S', '4662', 'Male', '0', '9846025240', 'B-Tech', 'S3', '7', 'EDAPAZHINJI', 1, '0'),
(1048, 'Gokul M', '4628', 'Male', '0', '9495303501', 'B-Tech', 'S3', '3', 'PEROORKADA', 1, '0'),
(1049, 'Gurudev Rajeev', '4623', 'Male', '0', '9048399216', 'B-Tech', 'S3', '10', 'KURAVANKONAM', 1, '0'),
(1050, 'Govind Krishna', '4597', 'Male', '0', '8943601108', 'B-Tech', 'S3', '3', 'POTTAKUZHY', 1, '0'),
(1051, 'Gokul P B', '4667', 'Male', '0', '9995565906', 'B-Tech', 'S3', '9', 'PAPPANAMKODE', 1, '0'),
(1052, 'Ganesh N K', '4708', 'Male', '0', '9387732320', 'B-Tech', 'S3', '5', 'KILLIPALAM', 1, '0'),
(1053, 'Hari Prabha D P', '4696', 'Female', '0', '9496101665', 'B-Tech', 'S3', '10', 'EAST FORT', 1, '0'),
(1054, 'Hemanth A M', '4698', 'Male', '0', '9605625426', 'B-Tech', 'S3', '17', 'MARUTHOOR', 1, '0'),
(1055, 'Haseena S', '4670', 'Female', '0', '9995647408', 'B-Tech', 'S3', '13', 'KILIMANOOR KSRTC STAND', 1, '0'),
(1056, 'Jithu Suresh', '4679', 'Male', '0', '9847255585', 'B-Tech', 'S3', '17', 'KANNAMMOOLA', 1, '0'),
(1057, 'Janardhanan S R', '4615', 'Male', '0', '9496887065', 'B-Tech', 'S3', '10', 'ATTAKULANGARA', 1, '0'),
(1058, 'Jyothi Lekshmi', '4588', 'Female', '0', '9947830340', 'B-Tech', 'S3', '19', 'CHEKKALAMUKKU', 1, '0'),
(1059, 'Keerthi C J', '4718', 'Female', '0', '9544453067', 'B-Tech', 'S3', '19', 'POTHENCODE', 1, '0'),
(1060, 'Kathik D', '4699', 'Male', '0', '9447797996', 'B-Tech', 'S3', '18', 'MUTTATHARA', 1, '0'),
(1061, 'Rahul Ramesh', '4602', 'Male', '0', '9947071729', 'B-Tech', 'S3', '17', 'KANNAMMOOLA', 1, '0'),
(1063, 'Roshin Thaju', '4649', 'Female', '0', '9633633998', 'B-Tech', 'S3', '17', 'KUMARAPURAM', 1, '0'),
(1064, 'Swapna S S', '4721', 'Female', '0', '9947919071', 'B-Tech', 'S3', '2', 'PIRAYINMOODU', 1, '0'),
(1065, 'Suraj S', '4693', 'Male', '0', '9446321759', 'B-Tech', 'S3', '12', 'NETTAYAM', 1, '0'),
(1066, 'Sandra Murali', '4688', 'Female', '0', '9446550852', 'B-Tech', 'S3', '19', 'MANVILA', 1, '0'),
(1067, 'Saleekh Ahamed P S', '4682', 'Male', '0', '9539390900', 'B-Tech', 'S3', '3', 'VELLAYAMBALAM (Museum Via)', 1, '0'),
(1068, 'Sarishma S M', '4621', 'Female', '0', '9447378816', 'B-Tech', 'S3', '19', 'CHENGOTTUKONAM', 1, '0'),
(1069, 'Sarin M Shanavas', '4586', 'Male', '0', '9446454327', 'B-Tech', 'S3', '3', 'PEROORKADA', 1, '0'),
(1070, 'Subin S', '4638', 'Male', '0', '9995099456', 'B-Tech', 'S3', '1', 'Alamcode', 1, '0'),
(1071, 'Surya Narayanan', '4640', 'Female', '0', '9447160860', 'B-Tech', 'S3', '5', 'THYCAUD', 1, '0'),
(1072, 'Sudharsan S', '4651', 'Male', '0', '9846088832', 'B-Tech', 'S3', '5', 'KILLIPALAM', 1, '0'),
(1073, 'Sarang Satheesh', '4612', 'Male', '0', '9847178400', 'B-Tech', 'S3', '3', 'OOLAMPARA', 1, '0'),
(1074, 'Sampath S P', '4587', 'Male', '0', '9496210777', 'B-Tech', 'S3', '5', 'KAMALESWARAM', 1, '0'),
(1075, 'Vishak S', '4594', 'Male', '0', '9847063391', 'B-Tech', 'S3', '10', 'STATUE', 1, '0'),
(1076, 'A R Vaishnav', '4616', 'Male', '0', '9400467527', 'B-Tech', 'S3', '14', 'VATTIYOORKAVU', 1, '0'),
(1077, 'Vishnu Venu', '4645', 'Male', '0', '918056189320', 'B-Tech', 'S3', '12', 'KARAMANA', 1, '0'),
(1078, 'Vishal D', '4655', 'Male', '0', '9447213899', 'B-Tech', 'S3', '10', 'STATUE', 1, '0'),
(1079, 'Vishnu P J', '4595', 'Male', '0', '8281177343', 'B-Tech', 'S3', '11', 'THIRUMALA', 1, '0'),
(1080, 'Yamini Krishna R S', '4710', 'Female', '0', '9446753188', 'B-Tech', 'S3', '2', 'NEYYATTINKARA', 1, '0'),
(1081, 'Karthik S Rao', '4657', 'Male', '0', '9447751406', 'B-Tech', 'S3', '13', 'KILIMANOOR JN', 1, '0'),
(1082, 'Karthik Hari Krshnan', '4620', 'Male', '0', '9447043116', 'B-Tech', 'S3', '3', 'SASTHAMANGALAM', 1, '0'),
(1083, 'Karthik Nair', '4633', 'Male', '0', '9495407679', 'B-Tech', 'S3', '14', 'VATTIYOORKAVU', 1, '0'),
(1084, 'Krishna Kumar Arjun', '4732', 'Male', '0', '9656857172', 'B-Tech', 'S3', '18', 'ENCHAKKAL', 1, '0'),
(1085, 'V Megha', '4671', 'Female', '0', '9387630709', 'B-Tech', 'S3', '13', 'PAZHAKUTTI', 1, '0'),
(1086, 'Manisha A M', '4707', 'Female', '0', '9447654583', 'B-Tech', 'S3', '18', 'PETTAH', 1, '0'),
(1087, 'Malik Mohammad O', '4690', 'Male', '0', '8089515562', 'B-Tech', 'S3', '12', 'KARAMANA', 1, '0'),
(1088, 'Neethu P N', '4656', 'Female', '0', '9447154541', 'B-Tech', 'S3', '3', 'SASTHAMANGALAM', 1, '0'),
(1089, 'Nikhil Joseph', '4722', 'Male', '0', '9633227068', 'B-Tech', 'S3', '6', 'MUTTADA', 1, '0'),
(1090, 'Nitha  H J', '4664', 'Female', '0', '9847601828', 'B-Tech', 'S3', '19', 'KATTAYIKKONAM', 1, '0'),
(1091, 'Nikhil A L', '4646', 'Male', '0', '8281205680', 'B-Tech', 'S3', '12', 'KARAMANA', 1, '0'),
(1092, 'Nithin S Kumar', '4606', 'Male', '0', '8089715802', 'B-Tech', 'S3', '7', 'kANJIRAMPARA FLAT', 1, '0'),
(1093, 'Navaneeth R B', '4607', 'Male', '0', '9995969325', 'B-Tech', 'S3', '12', 'KARAMANA', 1, '0'),
(1094, 'Nithin Babu B', '4632', 'Male', '0', '9746739269', 'B-Tech', 'S3', '15', 'NANTHENCODE', 1, '0'),
(1095, 'Praveen S J', '4639', 'Male', '0', '9946206232', 'B-Tech', 'S3', '18', 'ENCHAKKAL', 1, '0'),
(1096, 'Vaisakh B', '4711', 'Male', '0', '9496584184', 'B-Tech', 'S3', '1', 'KUTTIMMODU', 1, '0'),
(1097, 'Adarsh S L', '4659', 'Male', '0', '9744875143', 'B-Tech', 'S3', '14', 'VATTIYOORKAVU', 1, '0'),
(1098, 'Akhil Jafar', '4701', 'Male', '0', '9656096196', 'B-Tech', 'S3', '18', 'MUTTATHARA', 1, '0'),
(1099, 'Annly G R', '4686', 'Female', '0', '9495303374', 'B-Tech', 'S3', '10', 'VAZHAYILA PALAM', 1, '0'),
(1100, 'Anuja G', '4714', 'Female', '0', '9447053227', 'B-Tech', 'S3', '17', 'KOVILNADA', 1, '0'),
(1101, 'Fathima N K', '4731', 'Female', '0', '9847054171', 'B-Tech', 'S3', '1', 'Pullampara Palam Jn', 1, '0'),
(1102, 'Rohitha Sharma', '4695', 'Female', '0', '9446900955', 'B-Tech', 'S3', '18', 'PETTAH', 1, '0'),
(1103, 'Reshma M Dileep', '4692', 'Female', '0', '9895623767', 'B-Tech', 'S3', '17', 'KANNAMMOOLA', 1, '0'),
(1104, 'Rishikesh Shaji', '4724', 'Male', '0', '9446177812', 'B-Tech', 'S3', '7', 'EDAPAZHINJI', 1, '0'),
(1105, 'Rahul Ajaykumar', '4691', 'Male', '0', '9656798821', 'B-Tech', 'S3', '4', 'MAMAM', 1, '0'),
(1107, 'Nithin B', '4627', 'Male', '0', '9447210190', 'B-Tech', 'S3', '19', 'POTHENCODE', 1, '0'),
(1108, 'Lakshmi S V', '4683', 'Female', '0', '9349615376', 'B-Tech', 'S3', '10', 'ATTAKULANGARA', 1, '0'),
(1109, 'Al Arfaj M', '4738', 'Male', '0', '9847736484', 'B-Tech', 'S3', '10', 'KOWDIAR', 1, '0'),
(1111, 'Dinoop D P', '4734', 'Male', '0', '9447228611', 'B-Tech', 'S3', '4', 'KUDAPANAKUNNU', 1, '0'),
(1113, 'Aswathy M', '4744', 'Female', '0', '9446355296', 'B-Tech', 'S3', '6', 'CHERUVAKKAL', 1, '0'),
(1114, 'Navaneeth A Thampi', '4705', 'Male', '0', '9446705382', 'B-Tech', 'S3', '3', 'GOUREESAPATTOM', 1, '0'),
(1115, 'Sibin Iqbal', '4752', 'Male', '0', '9446077026', 'B-Tech', 'S3', '6', 'KESAVADASAPURAM', 1, '0'),
(1117, 'Greeshma Vijayan v', '4747', 'Female', '0', '9446407070', 'B-Tech', 'S3', '3', 'VELLAYAMBALAM (Museum Via)', 1, '0'),
(1119, 'Aparna S', '4658', 'Female', '0', '8943152780', 'B-Tech', 'S3', '13', 'PAZHAKUTTI', 1, '0'),
(1120, 'Anantha Mohan', '4751', 'Male', '0', '9895524588', 'B-Tech', 'S3', '19', 'CHAVADIMUKKU', 1, '0'),
(1121, 'A S Vysakh', '4750', 'Male', '0', '8129368680', 'B-Tech', 'S3', '1', 'MOONNUMUKKU (Attingal)', 1, '0'),
(1122, 'Aswathy J S', '4754', 'Female', '0', '9446050610', 'B-Tech', 'S3', '7', 'EDAPAZHINJI', 1, '0'),
(1123, 'Vishal S Krishnan', '4755', 'Male', '0', '9496773656', 'B-Tech', 'S3', '6', 'PULAYANAR COTTA', 1, '0'),
(1124, 'Aiswarya S', '4757', 'Female', '0', '9995601081', 'B-Tech', 'S3', '2', 'NEDUMANGAUD BUSSTAND', 1, '0'),
(1125, 'Midhun Mohan J', '4759', 'Male', '0', '9400631242', 'B-Tech', 'S3', '4', 'KUDAPANAKUNNU', 1, '0'),
(1126, 'Akash P', '4760', 'Male', '0', '8714219044', 'B-Tech', 'S5', '7', 'MANNAMOOLA', 1, '0'),
(1129, 'Abhirami S P', '4677', 'Female', '0', '9497571605', 'B-Tech', 'S3', '17', 'AMBLAM JN', 1, '0'),
(1130, 'Aswathy A', '4630', 'Female', '0', '9447587951', 'B-Tech', 'S3', '17', 'VALIYATHURA', 1, '0'),
(1131, 'Sugandh S', '4647', 'Male', '0', '9947175200', 'B-Tech', 'S3', '17', 'VALIYATHURA', 1, '0'),
(1132, 'Aravind A S', '4733', 'Male', '0', '9496368087', 'B-Tech', 'S3', '18', 'MARAPPALAM (POOVAR)', 1, '0'),
(1135, 'Akhila S Vijay', '4763', 'Female', '0', '9495123922', 'B-Tech', 'S3', '17', 'PALLIVILA', 1, '0'),
(1137, 'Neethu s', '4765', 'Female', '0', '8943081677', 'B-Tech', 'S3', '3', 'PATTOM', 1, '0'),
(1139, 'Siva Prasad V S', '4766', 'Male', '0', '9947071830', 'B-Tech', 'S3', '11', 'VALIYAVILA', 1, '0'),
(1140, 'Sree Lekshmi L', '4767', 'Female', '0', '9447587452', 'B-Tech', 'S3', '2', 'NEDUMANGAUD BUSSTAND', 1, '0'),
(1141, 'Dev Prasad', '4768', 'Male', '0', '9744761251', 'B-Tech', 'S3', '10', 'PLAMOODU', 1, '0'),
(1142, 'Parvathi Babu', '4770', 'Female', '0', '9497990310', 'B-Tech', 'S3', '18', 'MUTTATHARA', 1, '0'),
(1144, 'Greeshma M S (me)', '4776', 'Female', '0', '9447006521', 'B-Tech', 'S3', '9', 'PRAVACHAMBALAM', 1, '0'),
(1145, 'Akshay R S', '4784', 'Male', '0', '9645447893', 'B-Tech', 'S3', '7', 'MANNAMOOLA', 1, '0'),
(1146, 'Arun S Nath', '4787', 'Male', '0', '9746372664', 'B-Tech', 'S3', '2', 'PERUMPAZHUTHOOR', 1, '0'),
(1147, 'Sreejyothi V R', '4788', 'Female', '0', '9400509694', 'B-Tech', 'S3', '19', 'MANVILA', 1, '0'),
(1148, 'Arjun Ravikumar', '4786', 'Male', '0', '9946065000', 'B-Tech', 'S3', '15', 'PATTOOR', 1, '0'),
(1149, 'Aiswarya S J', '4791', 'Female', '0', '9048054081', 'B-Tech', 'S3', '17', 'NALANCHIRA', 1, '0'),
(1150, 'Anantha Narayanan R S', '4794', 'Male', '0', '9745305451', 'B-Tech', 'S3', '12', 'POOJAPPURA', 1, '0'),
(1151, 'Renjitha B', '4793', 'Female', '0', '9447461070', 'B-Tech', 'S3', '13', 'VENJARAMOODU', 1, '0'),
(1152, 'Joshen Bennett', '4795', 'Male', '0', '9633380825', 'B-Tech', 'S3', '10', 'KURAVANKONAM', 1, '0'),
(1153, 'Harikrishnan B', '4783', 'Male', '0', '9048362630', 'B-Tech', 'S3', '1', 'Alamcode', 1, '0'),
(1154, 'Sailesh S L', '4799', 'Male', '0', '9496096849', 'B-Tech', 'S3', '17', 'KUMARAPURAM', 1, '0'),
(1155, 'Vipin vijay', '4810', 'Male', '0', '7736580493', 'B-Tech', 'S3', '3', 'SASTHAMANGALAM', 1, '0'),
(1156, 'Al Ameen N', '4818', 'Male', '0', '9020977195', 'B-Tech', 'S3', '4', 'KAZHAKUTTOM', 1, '0'),
(1157, 'Bhavya Vijayan', '4816', 'Female', '0', '9746140702', 'B-Tech', 'S3', '11', 'ARAPPURA', 1, '0'),
(1158, 'Aiswarya R 2014', '4817', 'Female', '0', '9995099940', 'B-Tech', 'S3', '6', 'VAYALIKADA', 1, '0'),
(1159, 'Sujith S A', '4814', 'Male', '0', '9747580540', 'B-Tech', 'S3', '2', 'NEYYATTINKARA', 1, '0'),
(1160, 'Thariq Mohammed', '4822', 'Male', '0', '9497642083', 'B-Tech', 'S3', '4', 'KANIYAPURAM', 1, '0'),
(1161, 'Roopika', '4829', 'Female', '0', '9447501683', 'B-Tech', 'S3', '3', 'VAZHAYILA PALLI', 1, '0'),
(1162, 'Renjith Krishnan  R S', '4828', 'Male', '0', '9446845587', 'B-Tech', 'S3', '17', 'KANNAMMOOLA', 1, '0'),
(1163, 'S B Sanjay Darshan', '4827', 'Male', '0', '9400708866', 'B-Tech', 'S3', '8', 'OOROOTTAMBALAM', 1, '0'),
(1165, 'Sinan Sayed Muhammad H', '4832', 'Male', '0', '9746328752', 'B-Tech', 'S3', '12', 'NETTAYAM', 1, '0'),
(1166, 'Amal Krishnan A', '4834', 'Male', '0', '9495746421', 'B-Tech', 'S3', '9', 'PALLICHAL', 1, '0'),
(1168, 'Pragasy Prasad S', '4838', 'Female', '0', '8592087714', 'B-Tech', 'S3', '1', 'Alamcode', 1, '0'),
(1169, 'Anju A K', '4842', 'Female', '0', '9446258822', 'B-Tech', 'S3', '3', 'PEROORKADA', 1, '0'),
(1170, 'Arun P J', '4837', 'Male', '0', '9746202067', 'B-Tech', 'S3', '8', 'OOROOTTAMBALAM', 1, '0'),
(1171, 'Gokul Raj S', '4830', 'Male', '0', '9497003564', 'B-Tech', 'S3', '17', 'KOVILNADA', 1, '0'),
(1172, 'Aromal Sajith', '4833', 'Male', '0', '9447218548', 'B-Tech', 'S3', '11', 'KACHANI', 1, '0'),
(1173, 'Amal Joy V', '4839', 'Male', '0', '9895487067', 'B-Tech', 'S3', '5', 'KAMALESWARAM', 1, '0'),
(1174, 'Aparna S Nair', '4845', 'Female', '0', '9446366128', 'B-Tech', 'S3', '7', 'EDAPAZHINJI', 1, '0'),
(1175, 'Anagha V', '4847', 'Female', '0', '9447861787', 'B-Tech', 'S3', '5', 'KAMALESWARAM', 1, '0'),
(1176, 'Parvathy M (IT)', '4844', 'Female', '0', '9446387995', 'B-Tech', 'S3', '6', 'KESAVADASAPURAM', 1, '0'),
(1177, 'Arjun Nagendran', '4846', 'Male', '0', '9744087151', 'B-Tech', 'S3', '11', 'KACHANI', 1, '0'),
(1178, 'Drisya Sajeev', '4852', 'Female', '0', '9495824831', 'B-Tech', 'S3', '2', 'NEDUMANGAUD BUSSTAND', 1, '0'),
(1179, 'Jini Jayan S', '4853', 'Female', '0', '8907003043', 'B-Tech', 'S3', '17', 'KOVILNADA', 1, '0'),
(1180, 'Shilpa L K', '4854', 'Female', '0', '9567303596', 'B-Tech', 'S3', '9', 'KUNJALUMOODU', 1, '0'),
(1182, 'Dhanush S S', '4855', 'Male', '0', '8574557692', 'B-Tech', 'S3', '5', 'KALLATTUKUMMU', 1, '0'),
(1183, 'Manoj P K', '4859', 'Male', '0', '830839651', 'B-Tech', 'S3', '5', 'KILLIPALAM', 1, '0'),
(1184, 'Gopika S R', '4849', 'Female', '0', '9497771613', 'B-Tech', 'S3', '3', 'SASTHAMANGALAM', 1, '0'),
(1185, 'Abhijith M V', '4848', 'Male', '0', '9495092450', 'B-Tech', 'S3', '5', 'KILLIPALAM', 1, '0'),
(1186, 'Vaishnavy M S', '4861', 'Female', '0', '9605916772', 'B-Tech', 'S3', '19', 'VSSC JUNCTION', 1, '0'),
(1187, 'Vishakh K', '4856', 'Male', '0', '9895410895', 'B-Tech', 'S3', '5', 'KILLIPALAM', 1, '0'),
(1188, 'Jayanarayanan', '4862', 'Male', '0', '9387008586', 'B-Tech', 'S3', '18', 'PETTAH', 1, '0'),
(1189, 'Arya J S', '4860', 'Female', '0', '9447551990', 'B-Tech', 'S3', '6', 'LATEX JN', 1, '0'),
(1190, 'Adarsh sunil', '4872', 'Male', '0', '9366550494', 'B-Tech', 'S3', '1', 'Attingal Bus stand', 1, '0'),
(1191, 'Karthika R V', '4875', 'Female', '0', '94496389383', 'B-Tech', 'S3', '15', 'S P FORT HOSPITAL', 1, '0'),
(1192, 'Sreelekshmy S S', '4877', 'Female', '0', '8606554047', 'B-Tech', 'S3', '19', 'MANVILA', 1, '0'),
(1193, 'Amal Krishna M L', '4865', 'Male', '0', '9446214469', 'B-Tech', 'S3', '12', 'KARAMANA', 1, '0'),
(1194, 'Navaneeth Chandran C S', '4869', 'Male', '0', '9544071518', 'B-Tech', 'S3', '9', 'VENGANOOR', 1, '0'),
(1195, 'Aravind H', '4879', 'Male', '0', '9447824499', 'B-Tech', 'S3', '11', 'VALIYAVILA', 1, '0'),
(1196, 'Shihan M S', '4880', 'Male', '0', '9995879542', 'B-Tech', 'S3', '1', 'MOONNUMUKKU (Attingal)', 1, '0'),
(1197, 'Abhijith S Hari', '4874', 'Male', '0', '9947311110', 'B-Tech', 'S3', '9', 'PUNNAMOODU', 1, '0'),
(1198, 'Athira J S', '4864', 'Female', '0', '8547497675', 'B-Tech', 'S3', '8', 'THACHOTTUKAVU', 1, '0'),
(1199, 'Anand s Kumar', '4892', 'Male', '0', '9020513584', 'B-Tech', 'S3', '2', 'BALARAMAPURAM', 1, '0'),
(1200, 'Hashim M S', '4882', 'Male', '0', '9995976917', 'B-Tech', 'S3', '8', 'KILLI', 1, '0'),
(1201, 'Krishnendu G', '4888', 'Female', '0', '9496155190', 'B-Tech', 'S3', '18', 'THENNORKONAM', 1, '0'),
(1204, 'Sambhu Padmakumar', '4895', 'Male', '0', '9446439394', 'B-Tech', 'S3', '11', 'THIRUMALA', 1, '0'),
(1205, 'Beema M S', '4897', 'Female', '0', '9567741491', 'B-Tech', 'S3', '17', 'SHANGUMUGHAM', 1, '0'),
(1206, 'Rubiyana Shaik', '4893', 'Female', '0', '9400073859', 'B-Tech', 'S3', '5', 'KAMALESWARAM', 1, '0'),
(1207, 'Fareeda S M', '4887', 'Female', '0', '9961392149', 'B-Tech', 'S3', '6', 'PULAYANAR COTTA', 1, '0'),
(1209, 'Abhijith A Kumar', '4903', 'Male', '0', '9037483927', 'B-Tech', 'S3', '17', 'KANNAMMOOLA', 1, '0'),
(1210, 'Neethu J U', '4905', 'Female', '0', '8089720665', 'B-Tech', 'S3', '19', 'CHENGOTTUKONAM', 1, '0'),
(1211, 'Sivaganga S', '4907', 'Female', '0', '9961861797', 'B-Tech', 'S3', '11', 'VALIYAVILA', 1, '0'),
(1212, 'Sandra Victor', '4906', 'Female', '0', '9446530515', 'B-Tech', 'S3', '12', 'POOJAPPURA', 1, '0'),
(1213, 'Anamika A L', '4900', 'Female', '0', '9447492689', 'B-Tech', 'S3', '9', 'PRAVACHAMBALAM', 1, '0'),
(1214, 'Sai Sankar C H', '4908', 'Male', '0', '8089314051', 'B-Tech', 'S3', '3', 'GOUREESAPATTOM', 1, '0'),
(1215, 'Abhishek A M', '4901', 'Male', '0', '8111984807', 'B-Tech', 'S3', '5', 'MANACAUD', 1, '0'),
(1216, 'Pinky R T', '4911', 'Female', '0', '9745529705', 'B-Tech', 'S3', '1', 'MOONNUMUKKU (Attingal)', 1, '0'),
(1217, 'Keerthi Prem', '4910', 'Female', '0', '9447975740', 'B-Tech', 'S3', '10', 'PLAMOODU', 1, '0'),
(1218, 'Nikhil Babu A S', '4915', 'Female', '0', '9400186144', 'B-Tech', 'S3', '18', 'PETTAH', 1, '0'),
(1219, 'Ranju Prakash', '4909', 'Male', '0', '9995544743', 'B-Tech', 'S3', '4', 'KORAANI', 1, '0'),
(1220, 'Aparna S S', '4916', 'Female', '0', '9495582389', 'B-Tech', 'S3', '13', 'KOPPAM', 1, '0'),
(1221, 'Haritha H R', '4917', 'Female', '0', '9846092808', 'B-Tech', 'S3', '3', 'PIPINMOODU', 1, '0'),
(1222, 'Aswathy Vijayan M V', '4919', 'Female', '0', '9744346716', 'B-Tech', 'S3', '14', 'VATTIYOORKAVU', 1, '0'),
(1223, 'Revathy L P', '4920', 'Female', '0', '9446616379', 'B-Tech', 'S3', '9', 'PAPPANAMKODE', 1, '0'),
(1224, 'Fathimath Suhra  S S', '4921', 'Female', '0', '9995911231', 'B-Tech', 'S3', '1', 'Alamcode', 1, '0'),
(1225, 'Revathy Krishna M', '4926', 'Female', '0', '9544446761', 'B-Tech', 'S3', '19', 'MANVILA', 1, '0'),
(1226, 'Arun V', '4922', 'Male', '0', '9995090900', 'B-Tech', 'S3', '11', 'ROTARY', 1, '0'),
(1227, 'Mubarak B', '4924', 'Male', '0', '9496587379', 'B-Tech', 'S3', '10', 'ATTAKULANGARA', 1, '0'),
(1228, 'Anju Ajendran M', '4931', 'Female', '0', '9447501021', 'B-Tech', 'S3', '7', 'MELATTUMELA', 1, '0'),
(1229, 'Abhirame Pillai', '4933', 'Female', '0', '9746146246', 'B-Tech', 'S3', '9', 'PAPPANAMKODE', 1, '0'),
(1230, 'Gautham Krishna S', '4935', 'Male', '0', '8606360999', 'B-Tech', 'S3', '9', 'KUNJALUMOODU', 1, '0'),
(1231, 'Arun Dev S', '4932', 'Male', '0', '9496258835', 'B-Tech', 'S3', '2', 'NEYYATTINKARA', 1, '0'),
(1232, 'Deepak S P', '4971', 'Male', '0', '9400792580', 'B-Tech', 'S3', '19', 'CHEKKALAMUKKU', 1, '0'),
(1234, 'Abhilash  A', '4968', 'Male', '0', '9847537767', 'B-Tech', 'S3', '12', 'KARAMANA', 1, '0'),
(1235, 'Roshni K', '4941', 'Female', '0', '9847144261', 'B-Tech', 'S3', '12', 'KARAMANA', 1, '0'),
(1236, 'Arya C Babu', '4936', 'Female', '0', '9895265638', 'B-Tech', 'S3', '4', 'KAZHAKUTTOM', 1, '0'),
(1239, 'Akhil Narayanan', '4955', 'Male', '0', '9349168819', 'B-Tech', 'S3', '3', 'OOLAMPARA', 1, '0'),
(1240, 'Sreeparvathy N', '4952', 'Female', '0', '9447784777', 'B-Tech', 'S3', '7', 'MANNAMOOLA', 1, '0'),
(1241, 'Arathy L', '4956', 'Female', '0', '9447451130', 'B-Tech', 'S3', '5', 'KILLIPALAM', 1, '0'),
(1242, 'Brindha M', '4959', 'Female', '0', '9447903473', 'B-Tech', 'S3', '5', 'KILLIPALAM', 1, '0'),
(1243, 'Amina Shani A S', '4962', 'Female', '0', '9447105453', 'B-Tech', 'S5', '19', 'POTHENCODE', 1, '0'),
(1244, 'Advaith P Nair', '4961', 'Male', '0', '9400871698', 'B-Tech', 'S3', '13', 'KILIMANOOR KSRTC STAND', 1, '0'),
(1247, 'Maha Lekshmi L', '4967', 'Female', '0', '9995526323', 'B-Tech', 'S3', '2', 'NEYYATTINKARA', 1, '0'),
(1248, 'Akshay M G', '4966', 'Male', '0', '9946214618', 'B-Tech', 'S3', '13', 'KILIMANOOR JN', 1, '0'),
(1250, 'Jino William', '4940', 'Male', '0', '9496813407', 'B-Tech', 'S3', '18', 'PETTAH', 1, '0'),
(1251, 'Alkesh P S', '4789', 'Male', '0', '9605749470', 'B-Tech', 'S3', '18', 'KOVALAM', 1, '0'),
(1252, 'Nithin P S', '4851', 'Male', '0', '9605158633', 'B-Tech', 'S3', '2', 'KATTAKADA', 1, '0'),
(1253, 'Bismi K R', '4886', 'Female', '0', '9605132488', 'B-Tech', 'S3', '13', 'VAMANAPURAM', 1, '0'),
(1254, 'Shabina Salim', '4898', 'Female', '0', '9947334393', 'B-Tech', 'S3', '13', 'VENJARAMOODU', 1, '0'),
(1256, 'Gokul M K', '4773', 'Male', '0', '9037907193', 'B-Tech', 'S3', '5', 'THYCAUD', 1, '0'),
(1257, 'Greeshma S V', '4972', 'Female', '0', '9539918473', 'B-Tech', 'S3', '12', 'POOJAPPURA', 1, '0'),
(1258, 'Aravind G S', '4781', 'Male', '0', '9746194463', 'B-Tech', 'S3', '11', 'KACHANI', 1, '0'),
(1259, 'Vaisakh V', '4976', 'Male', '0', '7736626434', 'B-Tech', 'S3', '19', 'VSSC JUNCTION', 1, '0'),
(1260, 'Athulya M S', '4977', 'Female', '0', '9946544280', 'B-Tech', 'S3', '1', 'Alamcode', 1, '0'),
(1262, 'Parvathy A T', '4978', 'Female', '0', '9633170537', 'B-Tech', 'S3', '4', 'KAZHAKUTTOM', 1, '0'),
(1263, 'Vandana U B', '4841', 'Female', '0', '9539688675', 'B-Tech', 'S3', '19', 'POTHENCODE', 1, '0'),
(1264, 'Roshan A S', '4979', 'Male', '0', '9495264963', 'B-Tech', 'S3', '5', 'KAMALESWARAM', 1, '0'),
(1265, 'Jithin K Murali', '4927', 'Male', '0', '9656869907', 'B-Tech', 'S3', '2', 'NEDUMANGAUD BUSSTAND', 1, '0'),
(1268, 'Reshma S R', '4984', 'Female', '0', '9447553658', 'M-Tech', 'S3', '6', 'CHERUVAKKAL', 1, '0'),
(1270, 'Reena T K', '4986', 'Female', '0', '9495301834', 'M-Tech', 'S3', '9', 'NEERAMANKARA', 1, '0'),
(1271, 'Ararna Ratheesh', '4996', 'Female', '0', '9447657264', 'M-Tech', 'S3', '14', 'VATTIYOORKAVU', 1, '0'),
(1274, 'Mary J Alex', '5003', 'Female', '0', '944783006', 'M-Tech', 'S3', '3', 'VAZHAYILA PALLI', 1, '0'),
(1275, 'Parvathy P', '4990', 'Female', '0', '9447260760', 'M-Tech', 'S3', '4', 'EAST MUKKOLA', 1, '0'),
(1276, 'Pooja Soman', '4997', 'Female', '0', '9539846161', 'M-Tech', 'S3', '17', 'NALANCHIRA', 1, '0'),
(1277, 'Revathy Nair', '4995', 'Female', '0', '9496624267', 'M-Tech', 'S3', '12', 'NETTAYAM', 1, '0'),
(1278, 'Reshma S R (M.tech)', '5001', 'Female', '0', '8907564326', 'M-Tech', 'S3', '2', 'NEYYATTINKARA', 1, '0'),
(1280, 'Sreeja Das V S', '5002', 'Female', '0', '9745336321', 'M-Tech', 'S3', '1', 'MOONNUMUKKU (Attingal)', 1, '0'),
(1281, 'Tany F Thomas', '4989', 'Female', '0', '9497268197', 'M-Tech', 'S3', '3', 'PEROORKADA', 1, '0'),
(1282, 'Vishnu Mohan', '5007', 'Male', '0', '9447849900', 'M-Tech', 'S3', '9', 'NEMOM', 1, '0'),
(1283, 'Ijaz Ahamed M', '5015', 'Male', '0', '9037344883', 'B-Tech', 'S3', '7', 'MANNAMOOLA', 1, '0'),
(1284, 'Ajay S Subhash', '4884', 'Male', '0', '8593003781', 'B-Tech', 'S3', '1', 'MOONNUMUKKU (Attingal)', 1, '0'),
(1286, 'Bhaghya Ashok', '4580', 'Female', '0', '9645533504', 'B-Tech', 'S3', '6', 'ULLOOR', 1, '0'),
(1287, 'Gopika S D', '5016', 'Female', '0', '9495033412', 'B-Tech', 'S3', '6', 'VAYALIKADA', 1, '0'),
(1288, 'Santhi Priya G', '5005', 'Female', '0', '9497264672', 'M-Tech', 'S3', '10', 'VAZHAYILA PALAM', 1, '0'),
(1289, 'Ayswarya Chandramohan', '5019', 'Female', '0', '8281890660', 'M-Tech', 'S3', '4', 'MANNANTHALA', 1, '0'),
(1290, 'Abdul Haseeb A', '4554', 'Male', '0', '8547911186', 'B-Tech', 'S5', '2', 'Poovachal', 1, '0'),
(1291, 'Sabari Janardhanan J', '5017', 'Male', '0', '8893270080', 'B-Tech', 'S3', '10', 'KURAVANKONAM', 1, '0'),
(1292, 'Hema nair', '4297', 'Female', '0', '9446452240', 'B-Tech', 'S3', '7', 'EDAPAZHINJI', 1, '0'),
(1293, 'Shipla Ganapathy K', '4938', 'Female', '0', '9446484912', 'B-Tech', 'S3', '12', 'KARAMANA', 1, '0'),
(1294, 'Ranu Mohan U', '4796', 'Male', '0', '9539511221', 'B-Tech', 'S3', '2', 'BALARAMAPURAM', 1, '0'),
(1295, 'Susmitha Sen', '4756', 'Female', '0', '9349127211', 'B-Tech', 'S3', '6', 'PARUTHIPARA', 1, '0'),
(1296, 'Vipin S L', '4894', 'Male', '0', '9526146417', 'B-Tech', 'S3', '18', 'MUKKOLA (POOVAR)', 1, '0'),
(1297, 'Aiswarya R M.tech', '5012', 'Female', '0', '8547956007', 'M-Tech', 'S3', '19', 'VENJAVODU', 1, '0'),
(1298, 'Aswathy G S', '4881', 'Female', '0', '9895597959', 'B-Tech', 'S3', '1', 'Alamcode', 1, '0'),
(1299, 'Dhanya F E', '5021', 'Female', '0', '9048033359', 'M-Tech', 'S3', '2', 'PERUMPAZHUTHOOR', 1, '0'),
(1300, 'Aharsh S Lal', '4803', 'Male', '0', '9495709323', 'B-Tech', 'S3', '13', 'KILIMANOOR KSRTC STAND', 1, '0'),
(1303, 'Aiswarya A M', '4946', 'Female', '0', '9847396686', 'B-Tech', 'S3', '19', 'VSSC JUNCTION', 1, '0'),
(1305, 'Priyanka M J', '4949', 'Female', '0', '8086590896', 'B-Tech', 'S3', '2', 'NEYYATTINKARA', 1, '0'),
(1306, 'Aravind  R R', '4325', 'Male', '0', '9366284396', 'B-Tech', 'S5', '18', 'CHAPPATH', 1, '0'),
(1308, 'Gayathri S S', '4742', 'Female', '0', '9447076312', 'B-Tech', 'S3', '2', 'PERUMPAZHUTHOOR', 1, '0'),
(1310, 'Ajnu S A', '5024', 'Female', '0', '9895413339', 'MCA', 'S3', '18', 'PACHALOOR', 1, '0'),
(1312, 'Preethi Patrick', '5026', 'Female', '0', '9746542664', 'MCA', 'S3', '7', 'COTTON HILL', 1, '0'),
(1313, 'Renjith Lal R', '5027', 'Male', '0', '9633344815', 'MCA', 'S3', '10', 'VAZHAYILA PALAM', 1, '0'),
(1314, 'Girish V', '5028', 'Male', '0', '7736870698', 'MCA', 'S3', '11', 'CHITRA NAGAR', 1, '0'),
(1315, 'Sachin Ajithkumar', '5029', 'Male', '0', '9495834897', 'MCA', 'S3', '4', 'NCC ROAD JUNCTION', 1, '0'),
(1316, 'Munnu Chandran', '5031', 'Female', '0', '9746182699', 'MCA', 'S3', '13', 'KILIMANOOR KSRTC STAND', 1, '0'),
(1317, 'Nandhu M S', '5033', 'Male', '0', '9048345964', 'MCA', 'S3', '2', 'THANNIMOODU', 1, '0'),
(1318, 'Jyothish S P', '5034', 'Male', '0', '9847010263', 'MCA', 'S3', '9', 'PAPPANAMKODE', 1, '0'),
(1319, 'Sreehari S', '4785', 'Male', '0', '9446797357', 'B-Tech', 'S3', '1', 'MOONNUMUKKU (Attingal)', 1, '0'),
(1320, 'Shamna Vahab', '5036', 'Female', '0', '9746234027', 'MCA', 'S3', '4', 'PALLIPURAM', 1, '0'),
(1321, 'Reshma Banerji', '5011', 'Female', '0', '7736656790', 'M-Tech', 'S3', '5', 'MANACAUD', 1, '0'),
(1323, 'Shilpa M S', '5037', 'Female', '0', '9745773395', 'M-Tech', 'S3', '15', 'VANCHIYOOR COURT', 1, '0');
INSERT INTO `student` (`StudentId`, `Name`, `AdmissionNo`, `Gender`, `StopNumber`, `TeleNo`, `Batch`, `Semester`, `BusNumber`, `StopName`, `Status`, `Update_status`) VALUES
(1324, 'Midhun C T', '5032', 'Male', '0', '7293504055', 'MCA', 'S3', '1', 'MOONNUMUKKU (Attingal)', 1, '0'),
(1325, 'Rebeen Shaji', '4726', 'Male', '0', '9744148325', 'B-Tech', 'S3', '18', 'THIRUVALLAM PALAM', 1, '0'),
(1328, 'Suraj Sankar S', '4636', 'Male', '0', '9495074959', 'B-Tech', 'S3', '2', 'NEDUMANGAUD BUSSTAND', 1, '0'),
(1329, 'Rohit P Jyothi', '4625', 'Male', '0', '9387803428', 'B-Tech', 'S3', '15', 'KAITHAMUKKU', 1, '0'),
(1330, 'Amritha A', '4432', 'Female', '0', '9387319195', 'B-Tech', 'S5', '9', 'ARAMKALLU', 1, '0'),
(1333, 'Ramsy Nass S', '5040', 'Female', '0', '9846466937', 'MCA', 'S3', '1', 'Attingal Bus stand', 1, '0'),
(1334, 'Ragi G R', '5041', 'Female', '0', '9656523923', 'MCA', 'S3', '4', 'THONNAKKAL', 1, '0'),
(1335, 'Reshma M Banu', '5044', 'Female', '0', '8281334303', 'MCA', 'S3', '14', 'VATTIYOORKAVU', 1, '0'),
(1336, 'Deepak S', '5045', 'Male', '0', '9961900661', 'MCA', 'S3', '13', 'Porunthamon', 1, '0'),
(1337, 'Reshma P S', '5049', 'Female', '0', '8281518745', 'MCA', 'S3', '2', 'NEYYATTINKARA', 1, '0'),
(1338, 'Aswathy V', '5048', 'Female', '0', '9895114962', 'MCA', 'S3', '5', 'MANACAUD', 1, '0'),
(1339, 'Vidya V P', '5046', 'Female', '0', '9495037678', 'MCA', 'S3', '18', 'MUKKOLA (POOVAR)', 1, '0'),
(1340, 'Remya Rajan V R', '5051', 'Female', '0', '7034649960', 'MCA', 'S3', '10', 'ENIKKARA', 1, '0'),
(1341, 'Anjitha V', '5050', 'Female', '0', '9995894624', 'MCA', 'S3', '9', 'PALLICHAL', 1, '0'),
(1343, 'Soorya S S', '4571', 'Female', '0', '8113972861', 'B-Tech', 'S5', '4', 'KORAANI', 1, '0'),
(1344, 'Swathy Suresh', '4890', 'Female', '0', '9400421242', 'B-Tech', 'S3', '13', 'PAZHAKUTTI', 1, '0'),
(1345, 'Sreelekshmi S', '4694', 'Female', '0', '9496805420', 'B-Tech', 'S3', '3', 'PATTOM', 1, '0'),
(1347, 'Rugma Chand R J', '4843', 'Female', '0', '9447501037', 'B-Tech', 'S3', '5', 'KAMALESWARAM', 1, '0'),
(1348, 'Anju S', '4994', 'Female', '0', '8547989837', 'M-Tech', 'S3', '6', 'CHERUVAKKAL', 1, '0'),
(1349, 'Arya Santhosh', '4988', 'Female', '0', '9497266229', 'B-Tech', 'S3', '1', 'AVANAVANCHERI', 1, '0'),
(1350, 'Nayakrishna S', '4362', 'Female', '0', '8891124275', 'B-Tech', 'S3', '17', 'KUMARAPURAM', 1, '0'),
(1351, 'Shitha M B', '4709', 'Female', '0', '9744002731', 'B-Tech', 'S3', '1', 'Alamcode', 1, '0'),
(1356, 'Anandhu R S', '4199', 'Male', '0', '9745660488', 'B-Tech', 'S5', '1', 'Alamcode', 1, '0'),
(1358, 'Mohammed Alif', '4590', 'Male', '0', '9745431673', 'B-Tech', 'S3', '1', 'Alamcode', 1, '0'),
(1359, 'Sanoon A S', '4422', 'Male', '0', '9995334534', 'B-Tech', 'S5', '19', 'POTHENCODE', 1, '0'),
(1360, 'Vinay Prem', '4603', 'Male', '0', '9656571730', 'B-Tech', 'S3', '14', 'VATTIYOORKAVU', 1, '0'),
(1361, 'Swathi Priya S', '4737', 'Female', '0', '9567630046', 'B-Tech', 'S3', '5', 'KILLIPALAM', 1, '0'),
(1362, 'Swaroop S', '4723', 'Male', '0', '9495312105', 'B-Tech', 'S3', '2', 'NEYYATTINKARA', 1, '0'),
(1363, 'Harikrishna B S', '4599', 'Male', '0', '8086371708', 'B-Tech', 'S3', '18', 'CHAPPATH', 1, '0'),
(1364, 'Akshay T', '4819', 'Male', '0', '9400877185', 'B-Tech', 'S3', '13', 'KILIMANOOR KSRTC STAND', 1, '0'),
(1365, 'Rahul P Pillai', '4824', 'Male', '0', '9446851229', 'B-Tech', 'S3', '13', 'KILIMANOOR KSRTC STAND', 1, '0'),
(1367, 'S. Anisha', '4821', 'Female', '0', '7736109702', 'B-Tech', 'S3', '1', 'Alamcode', 1, '0'),
(1368, 'Rahul Menon K', '4973', 'Male', '0', '9846637373', 'B-Tech', 'S3', '12', 'VETTAMUKKU', 1, '0'),
(1370, 'Anand G R', '4418', 'Male', '0', '8547381372', 'B-Tech', 'S5', '13', 'KILIMANOOR KSRTC STAND', 1, '0'),
(1371, 'Anand Raj R S', '5057', 'Male', '0', '9746037310', 'B-Tech', 'S3', '18', 'PETTAH', 1, '0'),
(1372, 'Lithin S P', '5058', 'Male', '0', '9495593056', 'B-Tech', 'S3', '1', 'MOONNUMUKKU (Attingal)', 1, '0'),
(1374, 'Sreekutty S S', '4769', 'Female', '0', '8086523123', 'B-Tech', 'S3', '13', 'KALLARA', 1, '0'),
(1376, 'Anusree M A', '5215', 'Female', '0', '9447128951', 'B-Tech', 'S1S2', '17', 'SEEMAMULA JN', 1, '0'),
(1377, 'Anavadya Shibu', '5216', 'Female', '0', '9447014641', 'B-Tech', 'S1S2', '15', 'AMBALAMUKKU', 1, '0'),
(1378, 'Vishnu Vijay', '5211', 'Male', '0', '8281725043', 'B-Tech', 'S1S2', '2', 'NEYYATTINKARA', 1, '0'),
(1379, 'Sandeep Sarvan', '5243', 'Male', '0', '9846223212', 'B-Tech', 'S1S2', '7', 'COTTON HILL', 1, '0'),
(1380, 'Midhun Krishnan M', '5242', 'Male', '0', '9961645001', 'B-Tech', 'S1S2', '17', 'THAZHECHITTAZHA', 1, '0'),
(1381, 'U.Abhinand', '5230', 'Male', '0', '9645316308', 'B-Tech', 'S1S2', '14', 'VATTIYOORKAVU', 1, '0'),
(1382, 'Sravan H B', '5228', 'Male', '0', '9495060738', 'B-Tech', 'S1S2', '17', 'PARIYARAM', 1, '0'),
(1383, 'Bharath Geothe velayudhan', '5238', 'Male', '0', '9446282279', 'B-Tech', 'S1S2', '10', 'MARAPPALAM', 1, '0'),
(1384, 'Gokul J S', '5236', 'Male', '0', '9605348206', 'B-Tech', 'S1S2', '6', 'VAYALIKADA', 1, '0'),
(1385, 'Hanoch Augustin', '5231', 'Male', '0', '9895445726', 'B-Tech', 'S1S2', '3', 'PIPINMOODU', 1, '0'),
(1386, 'Simimol S M', '5227', 'Female', '0', '9846352601', 'B-Tech', 'S1S2', '7', 'MELATTUMELA', 1, '0'),
(1387, 'Adithya Sankar V', '5223', 'Male', '0', '9495038810', 'B-Tech', 'S1S2', '3', 'PATTOM', 1, '0'),
(1388, 'G. Hari Sriram', '5225', 'Male', '0', '9847492324', 'B-Tech', 'S1S2', '10', 'EAST FORT', 1, '0'),
(1389, 'Arathy Nair V S', '5221', 'Female', '0', '9495826017', 'B-Tech', 'S1S2', '9', 'KARAKKAMANDAPAM', 1, '0'),
(1390, 'Febin Zachariah', '5220', 'Male', '0', '9447033843', 'B-Tech', 'S1S2', '7', 'BAKERY JN', 1, '0'),
(1391, 'Parvathy S', '5217', 'Female', '0', '9947942595', 'B-Tech', 'S1S2', '17', 'MEDICAL COLLEGE', 1, '0'),
(1392, 'Abhijit suresh', '5214', 'Male', '0', '9497283163', 'B-Tech', 'S1S2', '6', 'KESAVADASAPURAM', 1, '0'),
(1393, 'Sreejith G S', '5171', 'Male', '0', '9495201834', 'B-Tech', 'S1S2', '5', 'KALLATTUKUMMU', 1, '0'),
(1394, 'Vishnu Arun', '5161', 'Male', '0', '9446574838', 'B-Tech', 'S1S2', '6', 'PRASANTH NAGAR', 1, '0'),
(1395, 'Abhishek Raju', '5169', 'Male', '0', '9847540766', 'B-Tech', 'S1S2', '3', 'PATTOM', 1, '0'),
(1396, 'Gokul Krishnan S', '5174', 'Male', '0', '9447553727', 'B-Tech', 'S1S2', '12', 'KARAMANA', 1, '0'),
(1397, 'Aravindh A', '5172', 'Male', '0', '9446700383', 'B-Tech', 'S1S2', '2', 'NEYYATTINKARA', 1, '0'),
(1398, 'Chandhu U', '5176', 'Male', '0', '7025028110', 'B-Tech', 'S1S2', '5', 'MANACAUD', 1, '0'),
(1399, 'Krishna P S', '5173', 'Female', '0', '9846188000', 'B-Tech', 'S1S2', '5', 'THYCAUD', 1, '0'),
(1400, 'Gokul Krishna S B', '5156', 'Male', '0', '9447249824', 'B-Tech', 'S1S2', '1', 'MOONNUMUKKU (Attingal)', 1, '0'),
(1401, 'Sanjay Sanal', '5167', 'Male', '0', '9656185360', 'B-Tech', 'S1S2', '18', 'CHAKAI', 1, '0'),
(1402, 'Aravind M S', '5164', 'Male', '0', '9446175188', 'B-Tech', 'S1S2', '2', 'HOSPITAL JN (NTA)', 1, '0'),
(1403, 'Sachin Vijay', '5163', 'Male', '0', '9447055235', 'B-Tech', 'S1S2', '7', 'MELATTUMELA', 1, '0'),
(1404, 'Ganga Ramesh Kumar', '5165', 'Female', '0', '9497203964', 'B-Tech', 'S1S2', '15', 'VANCHIYOOR COURT', 1, '0'),
(1405, 'Revikesh K S', '5162', 'Male', '0', '8289825181', 'B-Tech', 'S1S2', '7', 'MELATTUMELA', 1, '0'),
(1406, 'Neethu R Krishnan', '5255', 'Female', '0', '9446592020', 'B-Tech', 'S1S2', '1', 'AVANAVANCHERI', 1, '0'),
(1407, 'Aswathi D', '5254', 'Female', '0', '9400561846', 'B-Tech', 'S1S2', '17', 'SEEMAMULA JN', 1, '0'),
(1408, 'Droupathy V P', '5252', 'Female', '0', 'undefined', 'B-Tech', 'S1S2', '13', 'VEMBAYAM', 1, '0'),
(1409, 'Bittoo Anand  V', '5168', 'Male', '0', '9847573973', 'B-Tech', 'S1S2', '3', 'SASTHAMANGALAM', 1, '0'),
(1410, 'Lohit A P', '5259', 'Male', '0', '9447520620', 'B-Tech', 'S1S2', '5', 'KAMALESWARAM', 1, '0'),
(1411, 'Sanju Anand', '5250', 'Male', '0', '8089400443', 'B-Tech', 'S1S2', '3', 'PEROORKADA', 1, '0'),
(1412, 'Archana Ashok', '5247', 'Female', '0', '9895712726', 'B-Tech', 'S1S2', '9', 'KARAKKAMANDAPAM', 1, '0'),
(1414, 'Sundari U', '5249', 'Female', '0', '9496260425', 'B-Tech', 'S1S2', '15', 'KAITHAMUKKU', 1, '0'),
(1415, 'Greeshma Madhu', '5361', 'Female', '0', '9746321010', 'B-Tech', 'S1S2', '18', 'PALLIMUKKU', 1, '0'),
(1416, 'Ashik J Prasobh', '5244', 'Male', '0', '9446373755', 'B-Tech', 'S1S2', '9', 'KARAKKAMANDAPAM', 1, '0'),
(1417, 'Shilpa Sabu', '5088', 'Female', '0', '9605151070', 'B-Tech', 'S1S2', '18', 'PETTAH', 1, '0'),
(1419, 'Akhil S V', '5090', 'Male', '0', '9446015151', 'B-Tech', 'S1S2', '12', 'NETTAYAM', 1, '0'),
(1420, 'Kirandas R', '5091', 'Male', '0', '8547438366', 'B-Tech', 'S1S2', '6', 'LAYOLA', 1, '0'),
(1421, 'Vishnu V J', '5092', 'Male', '0', '9447005811', 'B-Tech', 'S1S2', '6', 'ULLOOR', 1, '0'),
(1422, 'Deepak P', '5094', 'Male', '0', '9447345069', 'B-Tech', 'S1S2', '19', 'CHAVADIMUKKU', 1, '0'),
(1423, 'Shankar H', '5095', 'Male', '0', '9048864939', 'B-Tech', 'S1S2', '15', 'KAITHAMUKKU', 1, '0'),
(1424, 'Shilpa S', '5101', 'Female', '0', '9446747978', 'B-Tech', 'S1S2', '14', 'VATTIYOORKAVU', 1, '0'),
(1425, 'Shanu Aziz S', '5100', 'Male', '0', '9446206529', 'B-Tech', 'S1S2', '2', 'Poovachal', 1, '0'),
(1426, 'Danush Renjith', '5103', 'Male', '0', '9349367437', 'B-Tech', 'S1S2', '7', 'MANNAMOOLA', 1, '0'),
(1427, 'R Gautham', '5104', 'Male', '0', '9037992891', 'B-Tech', 'S1S2', '9', 'NEERAMANKARA', 1, '0'),
(1428, 'Soundariaa Devi', '5205', 'Female', '0', '9746825430', 'B-Tech', 'S1S2', '15', 'S P FORT HOSPITAL', 1, '0'),
(1429, 'Anish S A', '5206', 'Male', '0', '9349323274', 'B-Tech', 'S1S2', '12', 'KARAMANA', 1, '0'),
(1430, 'Christy Aby Varghese', '5204', 'Male', '0', '9447428044', 'B-Tech', 'S1S2', '14', 'VATTIYOORKAVU', 1, '0'),
(1431, 'Jithu G S', '5200', 'Male', '0', '8714190189', 'B-Tech', 'S1S2', '18', 'PETTAH', 1, '0'),
(1433, 'U Gopalakrishna Sharma', '5201', 'Male', '0', '9447888225', 'B-Tech', 'S1S2', '10', 'ATTAKULANGARA', 1, '0'),
(1434, 'Gowri S S', '5198', 'Female', '0', '9895380870', 'B-Tech', 'S1S2', '5', 'MANACAUD', 1, '0'),
(1435, 'L S Akhil', '5196', 'Male', '0', '9495270657', 'B-Tech', 'S1S2', '9', 'VENGANOOR', 1, '0'),
(1436, 'Akhil S Pillai', '5194', 'Male', '0', '7558064101', 'B-Tech', 'S1S2', '7', 'MARUTHAMKUZHY', 1, '0'),
(1437, 'G Kruthika Lakshmi', '5192', 'Female', '0', '9961200208', 'B-Tech', 'S1S2', '8', 'KELTRON JUNCTION', 1, '0'),
(1438, 'Mohammed Aneesh', '5191', 'Male', '0', '9645229563', 'B-Tech', 'S1S2', '2', 'BALARAMAPURAM', 1, '0'),
(1439, 'Vishak S 2015', '5190', 'Male', '0', '8089527867', 'B-Tech', 'S1S2', '15', 'VANCHIYOOR COURT', 1, '0'),
(1440, 'Arya B S', '5188', 'Female', '0', '9495123813', 'B-Tech', 'S1S2', '6', 'CHERUVAKKAL', 1, '0'),
(1441, 'Vignesh M S', '5180', 'Male', '0', '9446309475', 'B-Tech', 'S1S2', '11', 'ELIPPODE', 1, '0'),
(1442, 'Amal M', '5178', 'Male', '0', '9497490144', 'B-Tech', 'S1S2', '8', 'MALAYINKEEZHU', 1, '0'),
(1443, 'Kumar Abhishek', '5187', 'Male', '0', '9847010726', 'B-Tech', 'S1S2', '1', 'MOONNUMUKKU (Attingal)', 1, '0'),
(1444, 'Jayakrishnan S T', '5186', 'Male', '0', '9447303720', 'B-Tech', 'S1S2', '6', 'MUTTADA', 1, '0'),
(1445, 'Manesh Koshy George', '5185', 'Male', '0', '9947493403', 'B-Tech', 'S1S2', '4', 'EAST MUKKOLA', 1, '0'),
(1446, 'Annie Mariya Joseph', '5183', 'Female', '0', '9446136976', 'B-Tech', 'S1S2', '15', 'S P FORT HOSPITAL', 1, '0'),
(1447, 'Harikrishna P J', '5182', 'Male', '0', '9446748201', 'B-Tech', 'S1S2', '8', 'MALAYINKEEZHU', 1, '0'),
(1448, 'Amal Vinod', '5181', 'Male', '0', '9495988854', 'B-Tech', 'S1S2', '17', 'KUMARAPURAM', 1, '0'),
(1449, 'Simi Ajith', '5078', 'Female', '0', '9961464121', 'B-Tech', 'S1S2', '19', 'VSSC JUNCTION', 1, '0'),
(1450, 'Syam O S', '5077', 'Male', '0', '8907788900', 'B-Tech', 'S1S2', '4', 'EAST MUKKOLA', 1, '0'),
(1451, 'Abhishek', '5075', 'Male', '0', '9656741364', 'B-Tech', 'S1S2', '14', 'VATTIYOORKAVU', 1, '0'),
(1452, 'Ahkil A', '5074', 'Male', '0', '9447134404', 'B-Tech', 'S1S2', '12', 'KARAMANA', 1, '0'),
(1453, 'Nikhil A V', '5073', 'Male', '0', '9847742277', 'B-Tech', 'S1S2', '9', 'JAGATHY', 1, '0'),
(1454, 'Jithin Mohan', '5072', 'Male', '0', '8086038750', 'B-Tech', 'S1S2', '8', 'KUNDAMANKADAVU', 1, '0'),
(1455, 'Subin S S', '5071', 'Male', '0', '9400573707', 'B-Tech', 'S1S2', '13', 'KILIMANOOR JN', 1, '0'),
(1456, 'Reshma R Nair', '5068', 'Female', '0', '8281423491', 'B-Tech', 'S1S2', '14', 'VATTIYOORKAVU', 1, '0'),
(1457, 'Gokul G Nair', '5083', 'Male', '0', '9567934879', 'B-Tech', 'S1S2', '11', 'THIRUMALA', 1, '0'),
(1458, 'Rithvik R Thampy', '5084', 'Male', '0', '9995360999', 'B-Tech', 'S1S2', '15', 'S P FORT HOSPITAL', 1, '0'),
(1459, 'Devi D K', '5085', 'Female', '0', 'undefined', 'B-Tech', 'S1S2', '4', 'NCC ROAD JUNCTION', 1, '0'),
(1460, 'Amal S S', '5119', 'Male', '0', '9633551092', 'B-Tech', 'S1S2', '9', 'VELLAYANI', 1, '0'),
(1461, 'Anandhan U G', '5123', 'Male', '0', '9633583929', 'B-Tech', 'S1S2', '2', 'NEYYATTINKARA', 1, '0'),
(1462, 'Athira B R', '5127', 'Female', '0', '9946793505', 'B-Tech', 'S1S2', '6', 'PRASANTH NAGAR', 1, '0'),
(1463, 'Anuja K Sugunan', '5115', 'Female', '0', '9847310667', 'B-Tech', 'S1S2', '10', 'KURAVANKONAM', 1, '0'),
(1464, 'Arjun Krishnan', '5114', 'Male', '0', '9496535577', 'B-Tech', 'S1S2', '6', 'MUTTADA', 1, '0'),
(1465, 'Manjith M', '5112', 'Male', '0', '9747148640', 'B-Tech', 'S1S2', '12', 'VETTAMUKKU', 1, '0'),
(1466, 'Nandana S Nair', '5111', 'Female', '0', '9544158540', 'B-Tech', 'S1S2', '8', 'KUNDAMANKADAVU', 1, '0'),
(1467, 'Muhammed Niyas Salm', '5109', 'Male', '0', '7736175479', 'B-Tech', 'S1S2', '4', 'THONNAKKAL', 1, '0'),
(1468, 'Gautham sathish', '5107', 'Male', '0', '9496007560', 'B-Tech', 'S1S2', '6', 'ULLOOR', 1, '0'),
(1469, 'Saurav R Nair', '5081', 'Male', '0', '949762201', 'B-Tech', 'S1S2', '4', 'KANIYAPURAM', 1, '0'),
(1470, 'Harisundar K', '5080', 'Male', '0', '9447244278', 'B-Tech', 'S1S2', '12', 'KARAMANA', 1, '0'),
(1471, 'Gokul G S', '5079', 'Male', '0', '94471625883', 'B-Tech', 'S1S2', '14', 'VATTIYOORKAVU', 1, '0'),
(1472, 'Nikhil Biju', '5141', 'Male', '0', '9447205911', 'B-Tech', 'S1S2', '18', 'CHAKAI', 1, '0'),
(1473, 'Mithunraj K', '5142', 'Male', '0', '9946058677', 'B-Tech', 'S1S2', '12', 'NETTAYAM', 1, '0'),
(1474, 'Sachin S 2015', '5143', 'Male', '0', '9020048890', 'B-Tech', 'S1S2', '11', 'THIRUMALA', 1, '0'),
(1475, 'Loraine Babu', '5144', 'Male', '0', '9544483014', 'B-Tech', 'S1S2', '17', 'VALIYATHURA', 1, '0'),
(1476, 'Athul S', '5130', 'Male', '0', '9895755861', 'B-Tech', 'S1S2', '12', 'NETTAYAM', 1, '0'),
(1477, 'Anoop Krishna R', '5131', 'Male', '0', '9495303565', 'B-Tech', 'S1S2', '18', 'CHAKAI', 1, '0'),
(1478, 'Aiswarya Vijayan', '5132', 'Female', '0', '9995324266', 'B-Tech', 'S1S2', '5', 'MANACAUD', 1, '0'),
(1479, 'Akash S', '5133', 'Male', '0', '9447241917', 'B-Tech', 'S1S2', '15', 'S P FORT HOSPITAL', 1, '0'),
(1480, 'Gayathri S R', '5136', 'Female', '0', '9400683533', 'B-Tech', 'S1S2', '3', 'VAZHAYILA PALLI', 1, '0'),
(1481, 'Indrajith C R', '5137', 'Male', '0', '9446967020', 'B-Tech', 'S1S2', '17', 'KANNAMMOOLA', 1, '0'),
(1482, 'Raveena S', '5145', 'Female', '0', '9947518980', 'B-Tech', 'S1S2', '12', 'NETTAYAM', 1, '0'),
(1483, 'K G Gopu Krishna', '5147', 'Male', '0', '9895318069', 'B-Tech', 'S1S2', '1', 'AVANAVANCHERI', 1, '0'),
(1484, 'S.Vigneswar', '5146', 'Male', '0', '9447051085', 'B-Tech', 'S1S2', '4', 'KUDAPANAKUNNU', 1, '0'),
(1485, 'Sabin Aktar', '5151', 'Male', '0', '9539929537', 'B-Tech', 'S1S2', '4', 'KORAANI', 1, '0'),
(1486, 'Ananthu Maheendra', '5155', 'Male', '0', '9497002779', 'B-Tech', 'S1S2', '13', 'GOKULAM MCH', 1, '0'),
(1487, 'A. Muhammed Iqbal', '5148', 'Male', '0', '9745056885', 'B-Tech', 'S1S2', '2', 'ARYANAD', 1, '0'),
(1488, 'Aathira N', '5152', 'Female', '0', '9387820117', 'B-Tech', 'S1S2', '14', 'VATTIYOORKAVU', 1, '0'),
(1489, 'Hari Krishnan V', '5150', 'Male', '0', '9995321515', 'B-Tech', 'S1S2', '6', 'PRASANTH NAGAR', 1, '0'),
(1490, 'Anagha M', '5157', 'Female', '0', '944343506', 'B-Tech', 'S1S2', '12', 'POOJAPPURA', 1, '0'),
(1491, 'Abhirami S R', '5160', 'Female', '0', '9995780052', 'B-Tech', 'S1S2', '6', 'PRASANTH NAGAR', 1, '0'),
(1492, 'Rahul S', '5154', 'Male', '0', '9447036414', 'B-Tech', 'S1S2', '7', 'MARUTHAMKUZHY', 1, '0'),
(1493, 'P Arjun', '5149', 'Male', '0', '9447777720', 'B-Tech', 'S1S2', '12', 'KARAMANA', 1, '0'),
(1494, 'Aparna A S', '5158', 'Female', '0', '8547145299', 'B-Tech', 'S1S2', '6', 'PRASANTH NAGAR', 1, '0'),
(1495, 'Asha M', '5159', 'Female', '0', '95442919', 'B-Tech', 'S1S2', '6', 'CHERUVAKKAL', 1, '0'),
(1496, 'Midhun M C', '5281', 'Male', '0', '8547302616', 'B-Tech', 'S1S2', '2', 'BALARAMAPURAM', 1, '0'),
(1497, 'Gopika B', '5265', 'Female', '0', '9446064105', 'B-Tech', 'S1S2', '3', 'VAZHAYILA PALLI', 1, '0'),
(1498, 'Arya Mohan', '5261', 'Female', '0', '9847440272', 'B-Tech', 'S1S2', '19', 'POTHENCODE', 1, '0'),
(1499, 'Aishwarya B', '5262', 'Female', '0', '9446901126', 'B-Tech', 'S1S2', '7', 'THOZHUVANCODE', 1, '0'),
(1500, 'Meenu M M', '5264', 'Female', '0', '9366815435', 'B-Tech', 'S1S2', '5', 'MANACAUD', 1, '0'),
(1501, 'Avani Asokan', '5266', 'Female', '0', '9562418742', 'B-Tech', 'S1S2', '8', 'MALAYINKEEZHU', 1, '0'),
(1502, 'Krishna Gopika P S', '5294', 'Female', '0', '9747083814', 'B-Tech', 'S1S2', '18', 'PETTAH', 1, '0'),
(1503, 'Neethu Mohan', '5299', 'Female', '0', '9446553381', 'B-Tech', 'S1S2', '9', 'PAPPANAMKODE', 1, '0'),
(1504, 'Bharath Manoj', '5276', 'Male', '0', '9895527000', 'B-Tech', 'S1S2', '3', 'SASTHAMANGALAM', 1, '0'),
(1505, 'Aiswarya B S', '5278', 'Female', '0', '8943574238', 'B-Tech', 'S1S2', '7', 'MELATTUMELA', 1, '0'),
(1506, 'Sujth', '5293', 'Male', '0', '9746688545', 'B-Tech', 'S1S2', '5', 'KAMALESWARAM', 1, '0'),
(1507, 'Karthik R .V', '5301', 'Male', '0', '9446479042', 'B-Tech', 'S1S2', '17', 'KUMARAPURAM', 1, '0'),
(1509, 'Reshma Sathyan', '5304', 'Female', '0', '9544453954', 'B-Tech', 'S1S2', '10', 'KOWDIAR', 1, '0'),
(1511, 'Malu S R', '5309', 'Female', '0', '8086492503', 'B-Tech', 'S1S2', '13', 'KARETE', 1, '0'),
(1512, 'Syam Manohar M S', '5311', 'Male', '0', '9495626847', 'B-Tech', 'S1S2', '9', 'PAPPANAMKODE', 1, '0'),
(1513, 'Rahul R S', '5315', 'Male', '0', '9605672424', 'B-Tech', 'S1S2', '4', 'KORAANI', 1, '0'),
(1514, 'Vishnu G L', '5379', 'Male', '0', '9495747050', 'B-Tech', 'S1S2', '3', 'VAZHAYILA PALLI', 1, '0'),
(1515, 'Divek S L', '5382', 'Male', '0', '9447449027', 'B-Tech', 'S1S2', '9', 'PAPPANAMKODE', 1, '0'),
(1516, 'Aravind Asok', '5385', 'Male', '0', '8281669406', 'B-Tech', 'S1S2', '14', 'VATTIYOORKAVU', 1, '0'),
(1517, 'Arun S - me', '5386', 'Male', '0', '9495540414', 'B-Tech', 'S1S2', '18', 'THIRUVALLAM PALAM', 1, '0'),
(1518, 'Sangeetha suresh', '5389', 'Female', '0', '9400713245', 'B-Tech', 'S1S2', '19', 'CHENGOTTUKONAM', 1, '0'),
(1519, 'Gokul S', '5394', 'Male', '0', '8281523438', 'B-Tech', 'S1S2', '8', 'THACHOTTUKAVU', 1, '0'),
(1521, 'Gopika Ajith', '5438', 'Female', '0', '9562636894', 'B-Tech', 'S1S2', '12', 'POOJAPPURA', 1, '0'),
(1522, 'Anukuttan S U', '5398', 'Male', '0', '9995953776', 'B-Tech', 'S1S2', '2', 'THANNIMOODU', 1, '0'),
(1524, 'Vivek S P', '5434', 'Male', '0', '8547768954', 'B-Tech', 'S1S2', '7', 'MANNAMOOLA', 1, '0'),
(1525, 'Ashwin H', '5433', 'Male', '0', '9496006646', 'B-Tech', 'S1S2', '4', 'KUDAPANAKUNNU', 1, '0'),
(1526, 'Abhishek S', '5430', 'Male', '0', '9947092764', 'B-Tech', 'S1S2', '14', 'VATTIYOORKAVU', 1, '0'),
(1527, 'Arya Nair S I', '5426', 'Female', '0', '9400402549', 'B-Tech', 'S1S2', '7', 'MARUTHAMKUZHY', 1, '0'),
(1529, 'Sivaparvathy S', '5351', 'Female', '0', '9995200181', 'B-Tech', 'S1S2', '5', 'MANACAUD', 1, '0'),
(1530, 'Reshma S S', '5348', 'Female', '0', '9495011782', 'B-Tech', 'S1S2', '10', 'ENIKKARA', 1, '0'),
(1531, 'Dhanusha A D', '5344', 'Female', '0', '8089389645', 'B-Tech', 'S1S2', '19', 'VSSC JUNCTION', 1, '0'),
(1533, 'Nabin Naseer', '5363', 'Male', '0', '9020209111', 'B-Tech', 'S1S2', '13', 'KILIMANOOR JN', 1, '0'),
(1534, 'Nafina Sulfikkar', '5352', 'Female', '0', '9567435455', 'B-Tech', 'S1S2', '15', 'PATTOOR', 1, '0'),
(1536, 'Kavya Prasannan', '5067', 'Female', '0', '8547079798', 'B-Tech', 'S1S2', '12', 'NETTAYAM', 1, '0'),
(1537, 'Vishnu V', '5446', 'Male', '0', '0471228486', 'B-Tech', 'S1S2', '8', 'MALAYINKEEZHU', 1, '0'),
(1538, 'Ragi G R', '5105', 'Female', '0', '9895068364', 'B-Tech', 'S3', '9', 'VENGANOOR', 1, '0'),
(1539, 'Swetha Suresh', '5442', 'Female', '0', '8590988808', 'B-Tech', 'S1S2', '15', 'S P FORT HOSPITAL', 1, '0'),
(1540, 'Sangeeth Dev S R', '5134', 'Male', '0', '9539832906', 'B-Tech', 'S1S2', '13', 'VAMANAPURAM', 1, '0'),
(1541, 'Akash M S Pillai', '5208', 'Male', '0', '9446531173', 'B-Tech', 'S1S2', '10', 'ENIKKARA', 1, '0'),
(1542, 'Nehal V', '5369', 'Male', '0', '9847186935', 'B-Tech', 'S1S2', '17', 'SEEMAMULA JN', 1, '0'),
(1543, 'Shibin Kailas S', '5440', 'Male', '0', '9645173154', 'B-Tech', 'S1S2', '9', 'Poonkulam', 1, '0'),
(1544, 'Bincy Alex', '5437', 'Female', '0', '9387946078', 'B-Tech', 'S1S2', '17', 'PANANVILA', 1, '0'),
(1545, 'Sankeerth S', '5415', 'Male', '0', '9447249316', 'B-Tech', 'S1S2', '1', 'Attingal Bus stand', 1, '0'),
(1546, 'Vishnu M G', '5410', 'Male', '0', '9746150353', 'B-Tech', 'S1S2', '8', 'THOONGAMPARA', 1, '0'),
(1547, 'Mithin Chandran', '5408', 'Male', '0', '9895533720', 'B-Tech', 'S1S2', '18', 'MUTTATHARA', 1, '0'),
(1548, 'Anoop A', '5406', 'Male', '0', '9544572655', 'B-Tech', 'S1S2', '8', 'PEYAD', 1, '0'),
(1549, 'Ajith A', '5403', 'Male', '0', '8893792890', 'B-Tech', 'S1S2', '13', 'VAMANAPURAM', 1, '0'),
(1550, 'Devan J S', '5401', 'Male', '0', '9249783750', 'B-Tech', 'S1S2', '14', 'VATTIYOORKAVU', 1, '0'),
(1551, 'Gokul M 2015', '5397', 'Male', '0', '9400365188', 'B-Tech', 'S1S2', '18', 'KOVALAM', 1, '0'),
(1552, 'Mohammed Shan A', '5392', 'Male', '0', '9388192756', 'B-Tech', 'S1S2', '1', 'Alamcode', 1, '0'),
(1553, 'Karthik S V', '5380', 'Male', '0', '8129108861', 'B-Tech', 'S1S2', '10', 'KURAVANKONAM', 1, '0'),
(1554, 'Krithik R V', '5378', 'Male', '0', '9446479042', 'B-Tech', 'S1S2', '17', 'KUMARAPURAM', 1, '0'),
(1555, 'Archa J P', '5372', 'Female', '0', '9048490690', 'B-Tech', 'S1S2', '11', 'THIRUMALA', 1, '0'),
(1556, 'Sruthi A', '5371', 'Female', '0', '9446321931', 'B-Tech', 'S1S2', '10', 'AYURVEDA COLLEGE', 1, '0'),
(1557, 'Aarathy B Mohan', '5360', 'Female', '0', '8281854010', 'B-Tech', 'S1S2', '17', 'NALANCHIRA', 1, '0'),
(1558, 'Akshay Mohan', '5358', 'Male', '0', '9656997116', 'B-Tech', 'S1S2', '1', 'Attingal Bus stand', 1, '0'),
(1559, 'Sreelekshmi B S', '5356', 'Female', '0', '9447696713', 'B-Tech', 'S1S2', '4', 'NCC ROAD JUNCTION', 1, '0'),
(1560, 'Sujikrishna S J', '5353', 'Female', '0', '8281689681', 'B-Tech', 'S1S2', '5', 'MANACAUD', 1, '0'),
(1561, 'Sangeetha S Nair', '5342', 'Female', '0', '9495297878', 'B-Tech', 'S1S2', '11', 'KACHANI', 1, '0'),
(1562, 'Anjusenan', '5337', 'Female', '0', '9846382196', 'B-Tech', 'S1S2', '6', 'PRASANTH NAGAR', 1, '0'),
(1563, 'Parvathy R S', '5329', 'Female', '0', '9497691144', 'B-Tech', 'S1S2', '12', 'POOJAPPURA', 1, '0'),
(1564, 'Amrutha Das', '5328', 'Female', '0', '9447009856', 'B-Tech', 'S1S2', '13', 'VENJARAMOODU', 1, '0'),
(1565, 'Gayathri V S', '5326', 'Female', '0', '9495391207', 'B-Tech', 'S1S2', '10', 'MARAPPALAM', 1, '0'),
(1566, 'Nanda B S', '5323', 'Female', '0', '9446334432', 'B-Tech', 'S1S2', '3', 'VAZHAYILA PALLI', 1, '0'),
(1567, 'Shilparaj S', '5319', 'Female', '0', '9747105889', 'B-Tech', 'S1S2', '17', 'ALL SAINTS', 1, '0'),
(1568, 'Ananthu S L', '5317', 'Male', '0', '8893564602', 'B-Tech', 'S1S2', '14', 'MANNARAKONAM', 1, '0'),
(1569, 'Parvathi', '5314', 'Female', '0', '9746769308', 'B-Tech', 'S1S2', '3', 'PEROORKADA', 1, '0'),
(1570, 'Gokul S 2015', '5312', 'Male', '0', '9387066194', 'B-Tech', 'S1S2', '11', 'THIRUMALA', 1, '0'),
(1571, 'Ankita Babu', '5302', 'Female', '0', '9495939646', 'B-Tech', 'S1S2', '1', 'AVANAVANCHERI', 1, '0'),
(1572, 'Jeena J', '5297', 'Female', '0', '9526958635', 'B-Tech', 'S1S2', '2', 'PAZHAYAKADA', 1, '0'),
(1573, 'Anagha G R', '5292', 'Female', '0', '9495494712', 'B-Tech', 'S1S2', '9', 'PAPPANAMKODE', 1, '0'),
(1574, 'Sreejith J', '5291', 'Male', '0', '9495990536', 'B-Tech', 'S1S2', '2', 'KATTAKADA', 1, '0'),
(1575, 'Amal K Ashok', '5285', 'Male', '0', '9746110992', 'B-Tech', 'S1S2', '2', 'THANNIMOODU', 1, '0'),
(1576, 'Nafa', '5274', 'Female', '0', '8547049258', 'B-Tech', 'S1S2', '16', 'THENNOOR', 1, '0'),
(1577, 'Ajinraj R L', '5271', 'Male', '0', '9446639033', 'B-Tech', 'S1S2', '16', 'PALODE', 1, '0'),
(1578, 'Anu V S', '5253', 'Female', '0', '9446751351', 'B-Tech', 'S1S2', '12', 'POOJAPPURA', 1, '0'),
(1579, 'Asuhar S', '5251', 'Male', '0', '9495151936', 'B-Tech', 'S1S2', '5', 'KALLATTUKUMMU', 1, '0'),
(1580, 'Abel Alexander Furian', '5241', 'Male', '0', 'undefined', 'B-Tech', 'S1S2', '3', 'GOUREESAPATTOM', 1, '0'),
(1581, 'Aromal C A', '5239', 'Male', '0', '8547291570', 'B-Tech', 'S1S2', '8', 'THOONGAMPARA', 1, '0'),
(1582, 'Aiswarya M Nair', '5235', 'Female', '0', '9356327028', 'B-Tech', 'S1S2', '12', 'NETTAYAM', 1, '0'),
(1583, 'Sumith R Raj', '5229', 'Male', '0', '9495011089', 'B-Tech', 'S1S2', '13', 'VENJARAMOODU', 1, '0'),
(1584, 'Anjana R S', '5226', 'Female', '0', '9961163868', 'B-Tech', 'S1S2', '6', 'KALLAMPALLY', 1, '0'),
(1585, 'Sreelakshmi A P', '5218', 'Female', '0', '8547381568', 'B-Tech', 'S1S2', '12', 'NETTAYAM', 1, '0'),
(1586, 'Diya Dileep D M', '5212', 'Female', '0', '9447583390', 'B-Tech', 'S1S2', '7', 'PANAVILA JN', 1, '0'),
(1587, 'Soonam B S', '5210', 'Female', '0', '8086741447', 'B-Tech', 'S1S2', '16', 'NANNIYODE', 1, '0'),
(1588, 'Neeraj S', '5202', 'Male', '0', '9544616105', 'B-Tech', 'S1S2', '15', 'KAITHAMUKKU', 1, '0'),
(1590, 'Theja Mohan', '5166', 'Female', '0', '8547358474', 'B-Tech', 'S1S2', '12', 'POOJAPPURA', 1, '0'),
(1591, 'M.Vivek', '5199', 'Male', '0', '9746748505', 'B-Tech', 'S1S2', '10', 'ATTAKULANGARA', 1, '0'),
(1592, 'Surya Shankar S', '5113', 'Female', '0', '9446413402', 'B-Tech', 'S1S2', '12', 'KARAMANA', 1, '0'),
(1593, 'Abhijith Gopan', '5097', 'Male', '0', '8547049367', 'B-Tech', 'S1S2', '6', 'VAYALIKADA', 1, '0'),
(1594, 'Shaik Amjath S', '5450', 'Male', '0', '9895521826', 'B-Tech', 'S1S2', '10', 'KURAVANKONAM', 1, '0'),
(1595, 'Irfan Ahmad N', '5449', 'Male', '0', '9995298362', 'B-Tech', 'S1S2', '17', 'BEEMAPALLI', 1, '0'),
(1596, 'Arun Viju', '5455', 'Male', '0', '9496548144', 'B-Tech', 'S1S2', '11', 'ROTARY', 1, '0'),
(1597, 'Anzi S S', '5269', 'Female', '0', '9495719033', 'B-Tech', 'S1S2', '1', 'THEMBAMMOODU', 1, '0'),
(1598, 'Amal J Kumar', '5420', 'Male', '0', '9497930216', 'B-Tech', 'S1S2', '9', 'NEMOM', 1, '0'),
(1599, 'Ajil Joy S L', '5425', 'Male', '0', '9947256527', 'B-Tech', 'S1S2', '8', 'THACHOTTUKAVU', 1, '0'),
(1600, 'Ankitha Nair', '5452', 'Female', '0', '9809457140', 'B-Tech', 'S1S2', '17', 'SEEMAMULA JN', 1, '0'),
(1601, 'Vyshavi Siji Mohanan', '5453', 'Female', '0', '8129235737', 'B-Tech', 'S1S2', '4', 'VETTUROAD', 1, '0'),
(1602, 'Amal Nizar', '5405', 'Male', '0', '9400055644', 'B-Tech', 'S1S2', '6', 'ULLOOR', 1, '0'),
(1603, 'Abhishek U T', '5457', 'Male', '0', '9995284841', 'B-Tech', 'S1S2', '12', 'KARAMANA', 1, '0'),
(1604, 'Rahul G Raveendran', '5456', 'Male', '0', '9447493831', 'B-Tech', 'S1S2', '8', 'PEYAD', 1, '0'),
(1605, 'Krishnan S', '5458', 'Male', '0', '9633699792', 'B-Tech', 'S1S2', '15', 'S P FORT HOSPITAL', 1, '0'),
(1606, 'Abhineeth Ajay', '5459', 'Male', '0', '9847534696', 'B-Tech', 'S1S2', '4', 'AJ COLLEGE', 1, '0'),
(1607, 'Madhav R', '5418', 'Male', '0', '9447413115', 'B-Tech', 'S1S2', '5', 'KALLATTUKUMMU', 1, '0'),
(1608, 'Rohan S Roy', '5467', 'Male', '0', '9446500195', 'B-Tech', 'S1S2', '15', 'AMBALAMUKKU', 1, '0'),
(1609, 'Adersh B', '5463', 'Male', '0', '9645414970', 'B-Tech', 'S1S2', '18', 'CHAKAI', 1, '0'),
(1610, 'Gokul B', '5462', 'Male', '0', '9447245159', 'B-Tech', 'S1S2', '1', 'Alamcode', 1, '0'),
(1611, 'Sukesh S Das', '5461', 'Male', '0', '9746748135', 'B-Tech', 'S1S2', '15', 'S P FORT HOSPITAL', 1, '0'),
(1613, 'Gokul P 2015', '5468', 'Male', '0', '9497930079', 'B-Tech', 'S1S2', '7', 'MARUTHAMKUZHY', 1, '0'),
(1614, 'Gokul B A', '5465', 'Male', '0', '9567438093', 'B-Tech', 'S1S2', '8', 'PEYAD', 1, '0'),
(1615, 'Revathy Krishna M L', '5246', 'Female', '0', '9557451370', 'B-Tech', 'S3', '16', 'POWDIKONAM', 1, '0'),
(1616, 'Krishna Mohan', '5365', 'Male', '0', '9746006747', 'B-Tech', 'S1S2', '9', 'KUNJALUMOODU', 1, '0'),
(1617, 'Vishnu V Gopal', '5466', 'Male', '0', '9497004082', 'B-Tech', 'S1S2', '7', 'kANJIRAMPARA FLAT', 1, '0'),
(1618, 'Adithyan P', '5414', 'Male', '0', '9495357289', 'B-Tech', 'S1S2', '14', 'VATTIYOORKAVU', 1, '0'),
(1619, 'Amal Chandran J S', '5099', 'Male', '0', '9447401136', 'B-Tech', 'S1S2', '11', 'CHITRA NAGAR', 1, '0'),
(1620, 'Gautham S K', '5436', 'Male', '0', '9895013810', 'B-Tech', 'S1S2', '8', 'PEYAD', 1, '0'),
(1621, 'Arun C', '5428', 'Male', '0', '9496389646', 'B-Tech', 'S1S2', '14', 'VATTIYOORKAVU', 1, '0'),
(1622, 'Syama S J', '5308', 'Female', '0', '9447205180', 'B-Tech', 'S1S2', '9', 'PAPPANAMKODE', 1, '0'),
(1623, 'Sandeep R', '5454', 'Male', '0', '9495077749', 'B-Tech', 'S1S2', '8', 'KELTRON JUNCTION', 1, '0'),
(1624, 'Lehnash Latheef', '5476', 'Male', '0', '9645802480', 'M-Tech', 'S1', '19', 'POTHENCODE', 1, '0'),
(1625, 'Mina K Baby', '5474', 'Female', '0', '9995647381', 'M-Tech', 'S1', '13', 'KALLARA', 1, '0'),
(1626, 'Fathima Raihan', '5287', 'Female', '0', '9446931163', 'B-Tech', 'S1S2', '13', 'VEMBAYAM', 1, '0'),
(1627, 'Ajesh M S', '5219', 'Male', '0', '9847578342', 'B-Tech', 'S1S2', '14', 'VATTIYOORKAVU', 1, '0'),
(1628, 'Aneesh J K', '5334', 'Male', '0', '9446407265', 'B-Tech', 'S1S2', '9', 'JAGATHY', 1, '0'),
(1629, 'Akhila A R', '5451', 'Female', '0', '9495688659', 'B-Tech', 'S1S2', '16', 'KARAKULAM PALAM', 1, '0'),
(1630, 'Anju G R', '5470', 'Female', '0', '9567385862', 'M-Tech', 'S1', '18', 'PETTAH', 1, '0'),
(1631, 'Vivek M', '5125', 'Male', '0', '97476748505', 'B-Tech', 'S1S2', '5', 'MANACAUD', 1, '0'),
(1632, 'Abhilash J', '5098', 'Male', '0', '9947856083', 'B-Tech', 'S1S2', '2', 'PERUMPAZHUTHOOR', 1, '0'),
(1633, 'Michael Ronald K', '5444', 'Male', '0', '9037392070', 'B-Tech', 'S1S2', '14', 'MANNARAKONAM', 1, '0'),
(1634, 'Vishak Asok Kumar', '5478', 'Male', '0', '9495303189', 'B-Tech', 'S1S2', '5', 'AMBALATHARA', 1, '0'),
(1635, 'Shefin Sainudeen', '5435', 'Male', '0', '8606551512', 'B-Tech', 'S1S2', '19', 'MANVILA', 1, '0'),
(1636, 'Greeshma M R', '5481', 'Female', '0', '9446104645', 'M-Tech', 'S1', '13', 'KALLARA', 1, '0'),
(1637, 'Ashakh S S', '5479', 'Male', '0', '9645033551', 'B-Tech', 'S1S2', '1', 'AVANAVANCHERI', 1, '0'),
(1638, 'Preeja Priji', '5486', 'Female', '0', '995656644', 'M-Tech', 'S1', '13', 'PAZHAKUTTI', 1, '0'),
(1639, 'Athira Vijayan', '5487', 'Female', '0', '9947558535', 'M-Tech', 'S1', '19', 'POTHENCODE', 1, '0'),
(1640, 'Kavitha S K', '5488', 'Female', '0', '9605805451', 'M-Tech', 'S1', '9', 'PUNNAMOODU', 1, '0'),
(1641, 'Divya Rag D', '5484', 'Female', '0', '9446303399', 'M-Tech', 'S1', '2', 'NEDUMANGAUD BUSSTAND', 1, '0'),
(1642, 'Akhila A', '5341', 'Female', '0', '9961057350', 'B-Tech', 'S1S2', '17', 'NALANCHIRA', 1, '0'),
(1643, 'Harikrishjan J S 2015', '5490', 'Male', '0', '8301082903', 'B-Tech', 'S1S2', '11', 'ELIPPODE', 1, '0'),
(1644, 'Revathy V S', '5213', 'Female', '0', '9446614378', 'B-Tech', 'S1S2', '20', 'NDD MARKET', 1, '0'),
(1645, 'Lakshmi C Raveendran', '5471', 'Female', '0', '9447396158', 'M-Tech', 'S1', '7', 'BAKERY JN', 1, '0'),
(1646, 'Apsana S', '5472', 'Female', '0', '9633921472', 'M-Tech', 'S1', '19', 'POTHENCODE', 1, '0'),
(1647, 'Muhammed Riyas A', '5063', 'Male', '0', '9447401837', 'B-Tech', 'S1S2', '15', 'AZHICODE', 1, '0'),
(1648, 'Abhijith S R', '5325', 'Male', '0', '9744637938', 'B-Tech', 'S1S2', '13', 'KILIMANOOR KSRTC STAND', 1, '0'),
(1649, 'Athira K H', '5477', 'Female', '0', '9446703341', 'M-Tech', 'S1', '1', 'Moozhy', 1, '0'),
(1650, 'Ziza F', '5272', 'Female', '0', '9447923880', 'B-Tech', 'S1S2', '4', 'VETTUROAD', 1, '0'),
(1651, 'Nithin Raju', '5495', 'Male', '0', 'undefined', 'B-Tech', 'S1S2', '15', 'GENERAL HOSPITAL', 1, '0'),
(1652, 'Anand S', '5391', 'Male', '0', '9446755837', 'B-Tech', 'S1S2', '18', 'VAZHAMUTTOM', 1, '0'),
(1653, 'Surag G Suresh', '5366', 'Male', '0', '9447471037', 'B-Tech', 'S1S2', '2', 'BALARAMAPURAM', 1, '0'),
(1654, 'Vijayalekshmi V R', '5412', 'Female', '0', '9646178203', 'B-Tech', 'S1S2', '4', 'KANIYAPURAM', 1, '0'),
(1655, 'Kishore R', '5135', 'Male', '0', '9539575136', 'B-Tech', 'S1S2', '3', 'SASTHAMANGALAM', 1, '0'),
(1656, 'Sandra P', '5322', 'Female', '0', '9446272887', 'B-Tech', 'S1S2', '12', 'NETTAYAM', 1, '0'),
(1657, 'Pooja Rajan R', '5279', 'Female', '0', '9495408742', 'B-Tech', 'S1S2', '14', 'VATTIYOORKAVU', 1, '0'),
(1658, 'Aseena L', '5270', 'Female', '0', '9895523694', 'B-Tech', 'S1S2', '1', 'Attingal Bus stand', 1, '0'),
(1659, 'Fathima S', '5290', 'Female', '0', '9809246045', 'B-Tech', 'S1S2', '13', 'PAZHAKUTTI', 1, '0'),
(1660, 'Rohan R', '5177', 'Male', '0', '8069709782', 'B-Tech', 'S1S2', '6', 'KESAVADASAPURAM', 1, '0'),
(1661, 'Arjun P Nair', '5138', 'Male', '0', '9886840369', 'B-Tech', 'S1S2', '14', 'VATTIYOORKAVU', 1, '0'),
(1662, 'Abhijith Krshna S', '5207', 'Male', '0', '98473131259', 'B-Tech', 'S1S2', '10', 'ATTAKULANGARA', 1, '0'),
(1663, 'Arya Harikumar', '5343', 'Female', '0', '9495231959', 'B-Tech', 'S1S2', '15', 'KAITHAMUKKU', 1, '0'),
(1664, 'Gautham Gireendran', '5497', 'Male', '0', '9400719802', 'B-Tech', 'S1S2', '9', 'NEMOM', 1, '0'),
(1665, 'Bipin Kumar', '4555', 'Male', '0', '9567666959', 'B-Tech', 'S5', '9', 'PAPPANAMKODE', 1, '0'),
(1666, 'Sidharth S', '5368', 'Male', '0', '9037483776', 'B-Tech', 'S1S2', '18', 'PETTAH', 1, '0'),
(1667, 'Shebin Salim', '5499', 'Male', '0', '9495408223', 'B-Tech', 'S1S2', '19', 'MANVILA', 1, '0'),
(1668, 'Abhijith R M', '5501', 'Male', '0', '9048405236', 'B-Tech', 'S1S2', '2', 'NEDUMANGAUD BUSSTAND', 1, '0'),
(1669, 'Shilpa M', '4037', 'Female', '0', '9446674218', 'B-Tech', 'S5', '10', 'PMG', 1, '0'),
(1671, 'Aswin Madhukumar', '4735', 'Male', '0', '9497001048', 'B-Tech', 'S3', '1', 'Alamcode', 1, '0'),
(1672, 'Sruthy S MCA', '5503', 'Female', '0', '7034070554', 'MCA', 'S1', '13', 'KALLARA', 1, '0'),
(1673, 'Lidiya Leon', '5505', 'Female', '0', '8547304803', 'MCA', 'S1', '17', 'BEEMAPALLI', 1, '0'),
(1674, 'Rashmi M R', '5506', 'Female', '0', '9995348592', 'MCA', 'S1', '1', 'AVANAVANCHERI', 1, '0'),
(1675, 'Prabudh V P', '5508', 'Male', '0', '9633160043', 'MCA', 'S1', '19', 'KANYAKULANGARA', 1, '0'),
(1676, 'Jimon M', '5370', 'Male', '0', '9847244106', 'B-Tech', 'S1S2', '5', 'AMBALATHARA', 1, '0'),
(1677, 'Anoop Krishnanan P G', '5441', 'Male', '0', '9447259271', 'B-Tech', 'S1S2', '15', 'KAITHAMUKKU', 1, '0'),
(1678, 'Parvathy M S', '5069', 'Female', '0', '9447246766', 'B-Tech', 'S1S2', '2', 'NEYYATTINKARA', 1, '0'),
(1679, 'Praveena V', '5175', 'Female', '0', '9846294629', 'B-Tech', 'S1S2', '2', 'NEYYATTINKARA', 1, '0'),
(1680, 'Neethu Gopi', '5010', 'Female', '0', '8109538015', 'M-Tech', 'S3', '13', 'KILIMANOOR JN', 1, '0'),
(1681, 'Amal Prasad S', '4689', 'Male', '0', '9946020731', 'B-Tech', 'S3', '4', 'KORAANI', 1, '0'),
(1683, 'Saibalu R', '5245', 'Male', '0', 'undefined', 'B-Tech', 'S1S2', '15', 'S P FORT HOSPITAL', 1, '0'),
(1685, 'Susan Franklin', '5513', 'Female', '0', '8129842057', 'MCA', 'S1', '16', 'PALLUVILA', 1, '0'),
(1686, 'Parvathy M (2015)', '5096', 'Female', '0', '9744746724', 'B-Tech', 'S1S2', '8', 'IRUMBA (KACHANI VIA)', 1, '0'),
(1687, 'Aparna B', '5517', 'Female', '0', '9495941151', 'MCA', 'S1', '9', 'KUNJALUMOODU', 1, '0'),
(1688, 'Sharmy Samban', '5520', 'Female', '0', '9895623411', 'MCA', 'S1', '14', 'VATTIYOORKAVU', 1, '0'),
(1689, 'Stephy J George', '5522', 'Female', '0', '7736645478', 'MCA', 'S1', '6', 'MUTTADA', 1, '0'),
(1690, 'Saranya Devi U R', '5523', 'Female', '0', '9020469684', 'MCA', 'S1', '5', 'MANACAUD', 1, '0'),
(1691, 'Revathy A', '5521', 'Female', '0', '7403985056', 'MCA', 'S1', '1', 'Attingal Bus stand', 1, '0'),
(1692, 'Raizana S', '5528', 'Female', '0', '9656503072', 'B-Tech', 'S3', '4', 'KANIYAPURAM', 1, '0'),
(1693, 'Anuja J S', '5524', 'Female', '0', '9446256442', 'B-Tech', 'S3', '13', 'PAZHAKUTTI', 1, '0'),
(1694, 'Parvathy S R Das', '5525', 'Female', '0', '9497813345', 'B-Tech', 'S3', '2', 'NEDUMANGAUD BUSSTAND', 1, '0'),
(1695, 'Nadeem Mohammed N', '5514', 'Male', '0', '8129623736', 'MCA', 'S1', '5', 'AMBALATHARA', 1, '0'),
(1697, 'Pranoy Jain', '5519', 'Male', '0', '8137032126', 'MCA', 'S1', '5', 'METTUKKADA', 1, '0'),
(1700, 'Megha  R Nath', '5286', 'Female', '0', '995078205', 'B-Tech', 'S1S2', '6', 'MUTTADA', 1, '0'),
(1701, 'Rahul Mohan', '4600', 'Male', '0', '9446661446', 'B-Tech', 'S3', '1', 'Alamcode', 1, '0'),
(1702, 'Adarsh B S', '5070', 'Male', '0', '9447128200', 'B-Tech', 'S1S2', '1', 'Attingal Bus stand', 1, '0'),
(1703, 'Aparna A P', '4572', 'Female', '0', '8086049879', 'B-Tech', 'S5', '1', 'Attingal Bus stand', 1, '0'),
(1704, 'Gouri Nandana', '4739', 'Female', '0', 'undefined', 'B-Tech', 'S3', '6', 'VAYALIKADA', 1, '0');

-- --------------------------------------------------------

--
-- Table structure for table `student_1`
--

CREATE TABLE IF NOT EXISTS `student_1` (
  `StudentId` int(10) unsigned NOT NULL AUTO_INCREMENT,
  `Name` varchar(45) NOT NULL DEFAULT '',
  `AdmissionNo` varchar(10) NOT NULL DEFAULT '',
  `Gender` varchar(6) NOT NULL DEFAULT '',
  `StopNumber` varchar(3) NOT NULL DEFAULT '0',
  `TeleNo` varchar(20) NOT NULL DEFAULT 'Not Available',
  `Batch` varchar(8) NOT NULL DEFAULT '',
  `Semester` varchar(5) NOT NULL DEFAULT '',
  `BusNumber` varchar(3) CHARACTER SET latin1 COLLATE latin1_bin NOT NULL DEFAULT '0',
  `StopName` varchar(100) NOT NULL DEFAULT '',
  `Status` tinyint(1) NOT NULL DEFAULT '1',
  `Update_status` varchar(10) NOT NULL DEFAULT '0',
  PRIMARY KEY (`StudentId`)
) ENGINE=InnoDB  DEFAULT CHARSET=latin1 AUTO_INCREMENT=3448 ;

--
-- Dumping data for table `student_1`
--

INSERT INTO `student_1` (`StudentId`, `Name`, `AdmissionNo`, `Gender`, `StopNumber`, `TeleNo`, `Batch`, `Semester`, `BusNumber`, `StopName`, `Status`, `Update_status`) VALUES
(3309, 'rakhi.R.Nair', '2299', 'Female', '0', '9895414730', 'B-Tech', 'S1S2', '7', 'thiruvallom', 1, '0'),
(3310, 'rinu', '2311', 'Male', '0', '9895222634', 'B-Tech', 'S1S2', '10', 'AYURVEDA COLLEGE', 1, '0'),
(3311, 'Swathy Sathyan', '2312', 'Female', '0', '0471-2447166', 'B-Tech', 'S1S2', '2', 'KUMARAPURAM', 1, '0'),
(3312, 'Sreeja .V', '2349', 'Female', '0', '0471-2573140', 'B-Tech', 'S1S2', '7', 'KILLIPALAM', 1, '0'),
(3313, 'Anooja .A', '2267', 'Female', '0', '0471-2617258', 'B-Tech', 'S1S2', '4', 'POTHENCODE', 1, '0'),
(3314, 'Liji Ramesan Santhi', '2352', 'Female', '0', '0471-2330965', 'B-Tech', 'S1S2', '1', 'BAKERY JN', 1, '0'),
(3315, 'Ahammed Rizwan P.R', '2304', 'Male', '0', '9387466744', 'B-Tech', 'S1S2', '5', 'POOJAPPURA', 1, '0'),
(3316, 'Santhini .S', '2310', 'Female', '0', '9446054724', 'B-Tech', 'S1S2', '1', 'VATTIYOORKAVU (PS)', 1, '0'),
(3317, 'Reshma Raj S.R', '2294', 'Female', '0', '9847414309', 'B-Tech', 'S1S2', '4', 'PRASANTH NAGAR', 1, '0'),
(3318, 'Nithin .S', '2347', 'Male', '0', '0471-2362399', 'B-Tech', 'S1S2', '1', 'MARUTHAMKUZHI', 1, '0'),
(3319, 'Vivek Prasad', '2348', 'Male', '0', '9447220596', 'B-Tech', 'S1S2', '5', 'KOWDIAR', 1, '0'),
(3320, 'Aiswarya .S', '2350', 'Male', '0', '9447037232', 'B-Tech', 'S1S2', '7', 'KILLIPALAM', 1, '0'),
(3321, 'Neethu Madhukumar', '2340', 'Female', '0', '9895636562', 'B-Tech', 'S1S2', '2', 'sfdcsdfsdf', 1, '0'),
(3322, 'Mahitha Madhu J.M', '2343', 'Female', '0', '0471-2713618', 'B-Tech', 'S1S2', '10', 'CHEMBAZHANTHY', 1, '0'),
(3323, 'Divya Pankaj', '2337', 'Female', '0', '0471-2722092', 'B-Tech', 'S1S2', '5', 'SASTHAMANGALAM', 1, '0'),
(3324, 'Ajay .R', '2332', 'Male', '0', '9447657893', 'B-Tech', 'S1S2', '2', 'MUKKOLA', 1, '0'),
(3325, 'Shifana .S', '2341', 'Female', '0', '0471-2929090', 'B-Tech', 'S1S2', '7', 'KALLATTUMUKU', 1, '0'),
(3326, 'Arya .S', '2339', 'Female', '0', '0471-2741540', 'B-Tech', 'S1S2', '6', 'PETTAH', 1, '0'),
(3327, 'Malavika .V', '2330', 'Female', '0', '0471-2365077', 'B-Tech', 'S1S2', '1', 'KANJIRAMPARA SCHOOL', 1, '0'),
(3328, 'Anjana A.R', '2338', 'Female', '0', '0471-2361540', 'B-Tech', 'S1S2', '1', 'VATTIYOORKAVU (PS)', 1, '0'),
(3329, 'Gowri R Kurup', '2336', 'Female', '0', '0470-2628585', 'B-Tech', 'S1S2', '4', 'VEMBAYAM', 1, '0'),
(3330, 'Asha .A', '2335', 'Female', '0', '0471-2723161', 'B-Tech', 'S1S2', '5', 'SASTHAMANGALAM', 1, '0'),
(3331, 'Vishnu .L', '2331', 'Male', '0', '0471-2358472', 'B-Tech', 'S1S2', '9', 'THIRUMALA', 1, '0'),
(3332, 'Vanidevi', '2329', 'Female', '0', '0471-2363038', 'B-Tech', 'S1S2', '9', 'VALIYAVILA', 1, '0'),
(3333, 'Akhilesh Kumar .R.I', '2328', 'Male', '0', '0471-2712365', 'B-Tech', 'S1S2', '3', 'KARYAVATTOM', 1, '0'),
(3334, 'Anjitha Pillai', '2327', 'Female', '0', '0471-2352792', 'B-Tech', 'S1S2', '5', 'POOJAPPURA', 1, '0'),
(3335, 'Reshma Boban', '2326', 'Female', '0', '0471-2313779', 'B-Tech', 'S1S2', '10', 'KURAVANKONAM', 1, '0'),
(3336, 'Sinchu Nizar', '2325', 'Female', '0', '9446404025', 'B-Tech', 'S1S2', '4', 'NEMOM', 1, '0'),
(3337, 'Jishnu N Bhattathiri', '2324', 'Male', '0', '9495243821', 'B-Tech', 'S1S2', '8', 'KARAMANA', 1, '0'),
(3338, 'Preethi .B', '2323', 'Female', '0', '0471-2456856', 'B-Tech', 'S1S2', '7', 'KILLIPALAM', 1, '0'),
(3339, 'Aneesh Mohan', '2322', 'Male', '0', '0471-2732065', 'B-Tech', 'S1S2', '2', 'KUDAPPANAKKUNNU', 1, '0'),
(3340, 'Preet Mohan', '2320', 'Male', '0', '0471-2491160', 'B-Tech', 'S1S2', '8', 'PAPPANAMKODU', 1, '0'),
(3341, 'Reshma A.R', '2321', 'Female', '0', '9495027897', 'B-Tech', 'S1S2', '2', 'KUDAPPANAKKUNNU', 1, '0'),
(3342, 'Athira I.H', '2318', 'Female', '0', '0471-2597474', 'B-Tech', 'S1S2', '3', 'CHAVADIMUKKU', 1, '0'),
(3343, 'Gopika Manohar', '2317', 'Female', '0', '0471-2591863', 'B-Tech', 'S1S2', '2', 'MANNANTHALA', 1, '0'),
(3344, 'Sujith Kumar A.S', '2315', 'Male', '0', '0471-2531275', 'B-Tech', 'S1S2', '6', 'MUTTADA', 1, '0'),
(3345, 'Kiran S Nair', '1007', 'Male', '0', '0471-2533363', 'B-Tech', 'S1S2', '2', 'NALANCHIRA', 1, '0'),
(3346, 'Aneesh Chandran .B', '2309', 'Male', '0', '0471-2557746', 'B-Tech', 'S1S2', '2', 'GOWREESAPATTOM', 1, '0'),
(3347, 'Deepak .R', '2308', 'Male', '0', '9746298870', 'B-Tech', 'S1S2', '7', 'KILLIPALAM', 1, '0'),
(3348, 'Azmi .A.Z', '2301', 'Female', '0', '9995547154', 'B-Tech', 'S1S2', '14', 'AMBALANAGAR', 1, '0'),
(3349, 'Arjun .Y', '2298', 'Male', '0', '0471-24663614', 'B-Tech', 'S1S2', '7', 'ATTAKULANGARA', 1, '0'),
(3350, 'Muhisina Beevi .M', '2297', 'Female', '0', '9895085434', 'B-Tech', 'S1S2', '7', 'MANACADU', 1, '0'),
(3351, 'ROHIT .R', '2288', 'Male', '0', '0471-2463427', 'B-Tech', 'S1S2', '7', 'KAMALESWARAM', 1, '0'),
(3352, 'aRAVIND B.G', '2286', 'Male', '0', '9495631969', 'B-Tech', 'S1S2', '9', 'VALIYAVILA', 1, '0'),
(3353, 'REJATH RAMESAN', '2285', 'Male', '0', '0471-2597701', 'B-Tech', 'S1S2', '4', 'CHERUVAKKAL', 1, '0'),
(3354, 'KIRAN VENKITESH A.C', '2284', 'Male', '0', '0471-2402414', 'B-Tech', 'S1S2', '8', 'PALLICHAL', 1, '0'),
(3355, 'ADIT SAM VARGHEESE', '2282', 'Male', '0', '0471-2440996', 'B-Tech', 'S1S2', '3', 'PONGUMMOODU', 1, '0'),
(3356, 'ANAND .K', '2278', 'Male', '0', '0471-2464570', 'B-Tech', 'S1S2', '11', 'KAITHAMUKKU', 1, '0'),
(3357, 'ANIRUDH KRISHNAN WARRIER', '2276', 'Male', '0', '9447495815', 'B-Tech', 'S1S2', '9', 'THIRUMALA', 1, '0'),
(3358, 'HAREESH J.R', '2275', 'Male', '0', '0471-2557369', 'B-Tech', 'S1S2', '2', 'MURINJAPALAM', 1, '0'),
(3359, 'VISNU S.R', '2271', 'Male', '0', '9447658475', 'B-Tech', 'S1S2', '4', 'BALARAMAPURAM', 1, '0'),
(3360, 'B.L DEVADATH', '2265', 'Male', '0', '0471-2559759', 'B-Tech', 'S1S2', '2', 'MURINJAPALAM', 1, '0'),
(3361, 'ROHITH P KRISHNAN', '2264', 'Male', '0', '0471-236017', 'B-Tech', 'S1S2', '9', 'VALIYAVILA', 1, '0'),
(3362, 'SANJANA NAIR', '2268', 'Female', '0', '9846164142', 'B-Tech', 'S1S2', '3', 'KARYAVATTOM', 1, '0'),
(3363, 'ATHIRA .S', '2262', 'Female', '0', '0471-2436451', 'B-Tech', 'S1S2', '6', 'VAYALIKADA', 1, '0'),
(3364, 'DARSANDEV D.R', '1094', 'Male', '0', '0471-2503944', 'B-Tech', 'S1S2', '8', 'MUTTATHARA', 1, '0'),
(3365, 'RAM NARAYAN GIRISH', '2258', 'Male', '0', '0471-2720777', 'B-Tech', 'S1S2', '5', 'KOWDIAR', 1, '0'),
(3366, 'SHARATH M.N', '1444', 'Male', '0', 'undefined', 'B-Tech', 'S1S2', '11', 'ENJAKKAL ISLAND', 1, '0'),
(3367, 'SIBI R PUNNEN', '827', 'Male', '0', '0471-2444380', 'B-Tech', 'S6', '8', 'KANNAMMOLA', 1, '0'),
(3368, 'DHANYA .R', '1498', 'Female', '0', '0471-2363809', 'MCA', 'S5', '9', 'VALIYAVILA', 1, '0'),
(3373, 'AJAY .M. NAIR', '2253', 'Male', '0', '9847633694', 'B-Tech', 'S1S2', '8', 'KANNAMMOLA', 1, '0'),
(3375, 'PARVATHY .R. NAIR', '1480', 'Female', '0', '0471-2342915', 'MCA', 'S5', '4', 'KARAMANA', 1, '0'),
(3376, 'NANDINI .S', '1397', 'Female', '0', '0471-2439201', 'MCA', 'S5', '2', 'KUDAPPANAKKUNNU', 1, '0'),
(3377, 'KRISHNA KUMARI .S', '1472', 'Female', '0', '0471-2484198', 'MCA', 'S5', '14', 'AMBALATHARA', 1, '0'),
(3378, 'RENU SUKUMARAN', '1443', 'Female', '0', '9495942557', 'MCA', 'S5', '4', 'KARAMANA', 1, '0'),
(3380, 'SALI S NAIR', '1410', 'Female', '0', '0471-2550527', 'MCA', 'S5', '2', 'KESAVADASAPURAM', 1, '0'),
(3381, 'DEEPA B.S', '1412', 'Female', '0', '0471-2439719', 'MCA', 'S5', '2', 'PEROORKADA', 1, '0'),
(3382, 'ANOOP .G', '1479', 'Male', '0', '0471-2458833', 'MCA', 'S5', '7', 'KAMALESWARAM', 1, '0'),
(3383, 'DIVYA .A', '1404', 'Female', '0', '0471-2374300', 'MCA', 'S2', '2', 'PEROORKADA', 1, '0'),
(3384, 'RESMI .V. NAIR', '1407', 'Female', '0', '0471-2452124', 'MCA', 'S5', '11', 'KAITHAMUKKU', 1, '0'),
(3385, 'ARYA DAS', '2081', 'Female', '0', '0471-2419540', 'B-Tech', 'S1S2', '10', 'POTHENCODE', 1, '0'),
(3386, 'VISHNU GOVIND', '1063', 'Male', '0', '0471-2347789', 'B-Tech', 'S6', '5', 'JAGATHY', 1, '0'),
(3387, 'ARAVIND A.R', '2208', 'Male', '0', '0471-2283183', 'B-Tech', 'S1S2', '9', 'VALIYAVILA', 1, '0'),
(3388, 'ARJUN BABU S.U', '2251', 'Male', '0', '0471-2348611', 'B-Tech', 'S1S2', '4', 'PAPPANAMKODU', 1, '0'),
(3389, 'CHINCHU SIVAN G.S', '2191', 'Female', '0', '0471-2346915', 'B-Tech', 'S1S2', '4', 'KARAMANA', 1, '0'),
(3390, 'KISHORE V.R', '988', 'Male', '0', '0471-2341362', 'B-Tech', 'S1S2', '4', 'KARAMANA', 1, '0'),
(3391, 'PRIYANKA P.S', '1345', 'Female', '0', '0471-2533422', 'B-Tech', 'S6', '9', 'KACHANI', 1, '0'),
(3392, 'DEEPTHI .A', '737', 'Female', '0', '0471-2374300', 'B-Tech', 'S1S2', '11', 'VAZHAYILLA PALLI', 1, '0'),
(3393, 'GAYATHRI .A. NAIR', '935', 'Female', '0', '0471-2444019', 'B-Tech', 'S8', '3', 'KALLAMPALLY', 1, '0'),
(3394, 'KARTH9IKA GOPAN', '1133', 'Female', '0', '0471-2460482', 'B-Tech', 'S6', '7', 'MANACADU', 1, '0'),
(3396, 'ANANTHA KRISHNAN K.R', '1341', 'Male', '0', '9746446388', 'B-Tech', 'S6', '1', 'MARUTHAMKUZHI', 1, '0'),
(3398, 'MATHEW THOMAS', '2219', 'Male', '0', '0471-2539119', 'B-Tech', 'S1S2', '6', 'KURAVANKONAM', 1, '0'),
(3399, 'ANAND M.T', '2221', 'Male', '0', '0471-2346101', 'B-Tech', 'S1S2', '5', 'POOJAPPURA', 1, '0'),
(3400, 'MARUVA .J', '2210', 'Female', '0', '0471-2750683', 'B-Tech', 'S1S2', '3', 'KAZHAKUTTOM', 1, '0'),
(3402, 'RAHUL KISHNAN J.B', '2124', 'Male', '0', '0471-3216969', 'B-Tech', 'S1S2', '7', 'MANACADU', 1, '0'),
(3404, 'ATHISH BOSE .S', '869', 'Male', '0', 'undefined', 'B-Tech', 'S8', '6', 'PALAYAM', 1, '0'),
(3405, 'SREEJITH .S', '828', 'Male', '0', '9746079734', 'B-Tech', 'S8', '2', 'PEROORKADA', 1, '0'),
(3406, 'SHIMIN .S', '796', 'Male', '0', '0471-2501654', 'B-Tech', 'S8', '8', 'CHAKAI', 1, '0'),
(3407, 'ANANTHA VISHNU .V', '1042', 'Male', '0', '9746703864', 'B-Tech', 'S8', '5', 'POOJAPPURA', 1, '0'),
(3408, 'VISHNU A.S', '761', 'Male', '0', '0471-2344194', 'B-Tech', 'S8', '7', 'MANACADU', 1, '0'),
(3409, 'VARGHEESE JACOB .V', '810', 'Male', '0', 'undefined', 'B-Tech', 'S8', '6', 'STATUE', 1, '0'),
(3410, 'SIBI JACOB KURIAN', '842', 'Male', '0', '0471-2476755', 'B-Tech', 'S8', '7', 'MANACADU', 1, '0'),
(3411, 'JIBI MATHEW JOHN', '791', 'Male', '0', '9995396719', 'B-Tech', 'S8', '11', 'VANCHIYOOR COURT', 1, '0'),
(3412, 'SABARIGIRISH V.L', '939', 'Male', '0', '0471-2353364', 'B-Tech', 'S8', '9', 'THIRUMALA', 1, '0'),
(3413, 'ANJANA C.L', '2243', 'Female', '0', '99947845260', 'B-Tech', 'S5', '11', 'ENJAKKAL ISLAND', 1, '0'),
(3414, 'AKHIL S NAIR', '1200', 'Male', '0', '9895857286', 'B-Tech', 'S6', '11', 'VAZHAYILLA BRIDGE', 1, '0'),
(3415, 'MIDHUN .G', '2229', 'Male', '0', '9447657172', 'B-Tech', 'S1S2', '6', 'PATTOM', 1, '0'),
(3416, 'NANDAGOPAL .M', '2226', 'Male', '0', '0471-2324584', 'B-Tech', 'S1S2', '5', 'JAGATHY', 1, '0'),
(3417, 'SWATHY .R', '2227', 'Female', '0', '0471-2445012', 'B-Tech', 'S1S2', '6', 'PATTOM', 1, '0'),
(3419, 'AMALA ELIZABETH MATHEW', '1329', 'Female', '0', '0471-2540946', 'B-Tech', 'S6', '8', 'VAYALIKADA', 1, '0'),
(3421, 'NITHUL DERSH .S', '1330', 'Male', '0', '0471-2370540', 'B-Tech', 'S6', '7', 'ENIKKARA', 1, '0'),
(3422, 'SREEJAN .R', '1324', 'Male', '0', '0471-2318252', 'B-Tech', 'S6', '5', 'EDAPAZHINJI', 1, '0'),
(3423, 'NAMITHA P.S', '1463', 'Female', '0', '0471-2431748', 'B-Tech', 'S6', '6', 'KURAVANKONAM', 1, '0'),
(3424, 'Jayaram .R', '1335', 'Male', '0', '0471-2590081', 'B-Tech', 'S6', '10', 'SREEKARIYAM', 1, '0'),
(3425, 'ROSHAN ,R', '1182', 'Male', '0', '9745096995', 'B-Tech', 'S6', '2', 'KESAVADASAPURAM', 1, '0'),
(3426, 'VIGNESH D.L', '1090', 'Male', '0', '0471-2541537', 'B-Tech', 'S6', '8', 'MUTTADA', 1, '0'),
(3427, 'ASHWIN SAJAN', '1074', 'Male', '0', '0471-2572666', 'B-Tech', 'S6', '8', 'PETTAH', 1, '0'),
(3428, 'SREEKANTH .K', '1310', 'Male', '0', '0471-2362861', 'B-Tech', 'S6', '1', 'VATTIYOORKAVU (PS)', 1, '0'),
(3429, 'VEENA V NAIR', '2222', 'Female', '0', '9774376024', 'B-Tech', 'S1S2', '1', 'MANNAMOOLA', 1, '0'),
(3430, 'LIBIN  K  BABU', '2214', 'Male', '0', '0471-2530844', 'B-Tech', 'S1S2', '6', 'PATTOM', 1, '0'),
(3431, 'NAJEEB KHAN .N', '2211', 'Male', '0', '0471-2368471', 'B-Tech', 'S1S2', '1', 'VATTIYOORKAVU (PS)', 1, '0'),
(3432, 'VISHNU .V', '2205', 'Male', '0', '0471-2430215', 'B-Tech', 'S1S2', '1', 'MANNAMOOLA', 1, '0'),
(3433, 'ANADU NANOO UDHAYANAN', '2203', 'Male', '0', '0471-2596100', 'B-Tech', 'S1S2', '3', 'CHAVADIMUKKU', 1, '0'),
(3435, 'VIVEK S NATH', '2202', 'Male', '0', '0471-25440247', 'B-Tech', 'S1S2', '6', 'MARAPPALAM', 1, '0'),
(3436, 'ASWINI ANIL KUMAR NAIR', '2199', 'Male', '0', '0471-2340937', 'B-Tech', 'S1S2', '3', 'PONGUMMOODU', 1, '0'),
(3437, 'VISAKH .V', '2197', 'Male', '0', '0471-2364574', 'B-Tech', 'S1S2', '9', 'VALIYAVILA', 1, '0'),
(3438, 'NITHEESH SASI', '2196', 'Male', '0', '0471-2356669', 'B-Tech', 'S1S2', '1', 'THAMPANOOR', 1, '0'),
(3439, 'KRISHNA PASAD .K', '2207', 'Male', '0', '9349760122', 'B-Tech', 'S1S2', '3', 'KALLAMPALLY', 1, '0'),
(3440, 'SHEKHA MARY JOHN', '2206', 'Female', '0', '0471-2540669', 'B-Tech', 'S1S2', '2', 'KESAVADASAPURAM', 1, '0'),
(3441, 'SHARAN MOHAN', '2204', 'Male', '0', '0471-2117013', 'B-Tech', 'S1S2', '8', 'KANNAMMOLA', 1, '0'),
(3442, 'APARNA .S', '2159', 'Female', '0', '0471-2339142', 'B-Tech', 'S1S2', '1', 'VAZHUTHACAUD', 1, '0'),
(3443, 'ANAND B.S', '2155', 'Male', '0', '0471-2437149', 'B-Tech', 'S1S2', '8', 'VAYALIKADA', 1, '0'),
(3444, 'SOUMYA .S', '2152', 'Female', '0', '0471-2530235', 'B-Tech', 'S1S2', '2', 'PANANVILA', 1, '0'),
(3445, 'GOVIND .M', '2147', 'Male', '0', '0471-2479640', 'B-Tech', 'S1S2', '6', 'STATUE', 1, '0'),
(3446, 'DEEPA V.C', '2143', 'Female', '0', '0471-2342465', 'B-Tech', 'S4', '5', 'KUNJALUMOODU', 1, '0'),
(3447, 'NEETHU SUNDAR', '2142', 'Female', '0', '9745249695', 'B-Tech', 'S1S2', '2', 'KUDAPPANAKKUNNU', 1, '0');

